-- --------------------------------------------------------
-- Server OS:                    Win64
-- HeidiSQL Version:             12.13.0.7147
-- --------------------------------------------------------


-- Dumping data for table thvs_mindmap.activity_log: ~0 rows (approximately)

-- Dumping data for table thvs_mindmap.calendar_events: ~0 rows (approximately)

-- Dumping data for table thvs_mindmap.code_files: ~0 rows (approximately)

-- Dumping data for table thvs_mindmap.file_explorer_items: ~0 rows (approximately)
INSERT INTO `file_explorer_items` (`id`, `user_id`, `name`, `item_type`, `parent_id`, `content`, `file_type`, `file_size`, `created_at`, `updated_at`, `storage_path`, `storage_fullpath`) VALUES
	('file-1765453118-c4e9503000e9', 1, 'paperwork.pdf', 'file', NULL, '', 'application/pdf', 88468, '2025-12-11 11:38:38', '2025-12-11 11:38:38', 'uploads/1/paperwork-1765453118-eae3329fd66a.pdf', 'C:\\xampp\\htdocs\\THVS-Mindmap\\public\\uploads\\1\\paperwork-1765453118-eae3329fd66a.pdf'),
	('file-1765453129-ee9f05e39cef', 1, 'paperwork.pdf', 'file', NULL, '', 'application/pdf', 88468, '2025-12-11 11:38:49', '2025-12-11 11:38:49', 'uploads/1/paperwork-1765453129-4aa755107906.pdf', 'C:\\xampp\\htdocs\\THVS-Mindmap\\public\\uploads\\1\\paperwork-1765453129-4aa755107906.pdf'),
	('file-1765780944-8133ef1ba630', 1, 'Garanti.docx', 'file', 'folder-1765779782-88555c832ce3', '', 'application/vnd.openxmlformats-officedocument.wordprocessingml.document', 13681, '2025-12-15 06:42:24', '2025-12-15 06:42:24', 'uploads/1/Central_Idea/Garanti-1765780944-7a70bdb44bd3.docx', 'C:\\xampp\\htdocs\\THVS-Mindmap\\public\\uploads\\1\\Central_Idea\\Garanti-1765780944-7a70bdb44bd3.docx'),
	('file-1765780952-18f9f91a7b76', 1, 'Garanti.docx', 'file', 'folder-1765779782-88555c832ce3', '', 'application/vnd.openxmlformats-officedocument.wordprocessingml.document', 13681, '2025-12-15 06:42:32', '2025-12-15 06:42:32', 'uploads/1/Central_Idea/Garanti-1765780952-b2747f05d3bb.docx', 'C:\\xampp\\htdocs\\THVS-Mindmap\\public\\uploads\\1\\Central_Idea\\Garanti-1765780952-b2747f05d3bb.docx'),
	('file-1765781335-bfcd3b301c35', 1, 'Garanti.docx', 'file', 'folder-1765779782-88555c832ce3', '', 'application/vnd.openxmlformats-officedocument.wordprocessingml.document', 13681, '2025-12-15 06:48:55', '2025-12-15 06:48:55', 'uploads/1/Central_Idea/Garanti-1765781335-9e47ffa8edff.docx', 'C:\\xampp\\htdocs\\THVS-Mindmap\\public\\uploads\\1\\Central_Idea\\Garanti-1765781335-9e47ffa8edff.docx'),
	('file-1765781996-99132aece639', 1, 'Garanti.docx', 'file', 'folder-1765779782-88555c832ce3', '', 'application/vnd.openxmlformats-officedocument.wordprocessingml.document', 13681, '2025-12-15 06:59:56', '2025-12-15 06:59:56', 'uploads/1/Central_Idea/Garanti-1765781996-bdd6e9eed8f9.docx', 'C:\\xampp\\htdocs\\THVS-Mindmap\\public\\uploads\\1\\Central_Idea\\Garanti-1765781996-bdd6e9eed8f9.docx'),
	('folder-1765453150-5b98147d4b70', 1, 'Ny Node', 'folder', NULL, NULL, NULL, 0, '2025-12-11 11:39:10', '2025-12-11 11:39:10', NULL, NULL),
	('folder-1765453157-5a54f9a182c7', 1, 'Ny Node', 'folder', NULL, NULL, NULL, 0, '2025-12-11 11:39:17', '2025-12-11 11:39:17', NULL, NULL),
	('folder-1765779782-88555c832ce3', 1, 'Central Idea', 'folder', NULL, NULL, NULL, 0, '2025-12-15 06:23:02', '2025-12-15 06:23:02', NULL, NULL),
	('folder-1765780373-6589731bf83e', 1, 'Central Idea', 'folder', NULL, NULL, NULL, 0, '2025-12-15 06:32:53', '2025-12-15 06:32:53', NULL, NULL),
	('folder-1765780427-b4ee1f70dcfc', 1, 'Central Idea', 'folder', NULL, NULL, NULL, 0, '2025-12-15 06:33:47', '2025-12-15 06:33:47', NULL, NULL),
	('folder-1765780502-142b535d7095', 1, 'Central Idea', 'folder', NULL, NULL, NULL, 0, '2025-12-15 06:35:02', '2025-12-15 06:35:02', NULL, NULL);

-- Dumping data for table thvs_mindmap.file_processing_queue: ~0 rows (approximately)
INSERT INTO `file_processing_queue` (`id`, `file_id`, `user_id`, `status`, `attempts`, `tool_used`, `error`, `created_at`, `updated_at`) VALUES
	(1, 'file-1765453118-c4e9503000e9', 1, 'pending', 0, NULL, NULL, '2025-12-11 11:38:38', '2025-12-11 11:38:38'),
	(2, 'file-1765453129-ee9f05e39cef', 1, 'pending', 0, NULL, NULL, '2025-12-11 11:38:49', '2025-12-11 11:38:49'),
	(3, 'file-1765780944-8133ef1ba630', 1, 'pending', 0, NULL, NULL, '2025-12-15 06:42:24', '2025-12-15 06:42:24'),
	(4, 'file-1765780952-18f9f91a7b76', 1, 'pending', 0, NULL, NULL, '2025-12-15 06:42:32', '2025-12-15 06:42:32'),
	(5, 'file-1765781335-bfcd3b301c35', 1, 'pending', 0, NULL, NULL, '2025-12-15 06:48:55', '2025-12-15 06:48:55'),
	(6, 'file-1765781996-99132aece639', 1, 'pending', 0, NULL, NULL, '2025-12-15 06:59:56', '2025-12-15 06:59:56');

-- Dumping data for table thvs_mindmap.files: ~0 rows (approximately)

-- Dumping data for table thvs_mindmap.game_players: ~51 rows (approximately)
INSERT INTO `game_players` (`id`, `session_id`, `player_name`, `user_id`, `score`, `streak`, `joined_at`, `is_active`, `last_heartbeat`) VALUES
	('player-1765302117-229ee2ee', 'session-1765302109-fc075861', 'LemonLift', NULL, 0, 0, '2025-12-09 17:41:57', 0, '2025-12-09 17:42:21'),
	('player-1765303011-b3c2287e', 'session-1765303003-348a0c55', 'BrainPilot', NULL, 0, 0, '2025-12-09 17:56:51', 0, '2025-12-09 18:08:37'),
	('player-1765303753-e99fe1fc', 'session-1765303744-230acd11', 'StarryStellar', NULL, 0, 0, '2025-12-09 18:09:13', 1, '2025-12-09 18:09:22'),
	('player-1765303789-8efca1a3', 'session-1765303778-767b0104', 'GoldGlimpse', NULL, 0, 0, '2025-12-09 18:09:49', 1, '2025-12-09 18:17:37'),
	('player-1765304268-c668f7bd', 'session-1765304251-5715b0d7', 'ColorChip', NULL, 0, 0, '2025-12-09 18:17:48', 1, '2025-12-09 18:18:12'),
	('player-1765304304-acd2e7f6', 'session-1765304297-29c5ae99', 'BerryBoplet', NULL, 0, 0, '2025-12-09 18:18:24', 1, '2025-12-09 18:19:57'),
	('player-1765355163-0aa57634', 'session-1765355157-3aebe041', 'SunSprite', NULL, 0, 0, '2025-12-10 08:26:03', 1, '2025-12-10 08:41:54'),
	('player-1765453299-18e969a7', 'session-1765453285-73febf39', 'TriviaShade', NULL, 0, 0, '2025-12-11 11:41:39', 1, '2025-12-11 15:05:08'),
	('player-1768220174-25997efb', 'session-1768220102-563c607a', 'immanuel', NULL, 17760, 4, '2026-01-12 12:16:14', 0, '2026-01-12 12:31:26'),
	('player-1768220233-668f3563', 'session-1768220102-563c607a', 'ole', NULL, 0, 0, '2026-01-12 12:17:13', 0, '2026-01-12 12:17:55'),
	('player-1768220299-88eb6bd6', 'session-1768220102-563c607a', 'Tor', NULL, 11308, 0, '2026-01-12 12:18:19', 1, '2026-01-12 12:32:43'),
	('player-1768220330-aec3cf13', 'session-1768220102-563c607a', 'Olo', NULL, 18718, 0, '2026-01-12 12:18:50', 1, '2026-01-12 15:16:13');

-- Dumping data for table thvs_mindmap.game_results: ~27 rows (approximately)
INSERT INTO `game_results` (`id`, `session_id`, `quiz_id`, `quiz_title`, `total_players`, `question_stats`, `player_rankings`, `completed_at`) VALUES
	(27, 'session-1765302109-fc075861', 'quiz-1765302081-6c1a5471', 'test', 1, '[{"questionId":"q-1765301278656","question":"test","correctCount":0,"incorrectCount":0,"averageTime":0,"optionDistribution":[0,0,0,0]}]', '[{"playerId":"player-1765302117-229ee2ee","name":"LemonLift","totalScore":0,"correctAnswers":0,"averageTime":0}]', '2025-12-09 17:42:19'),
	(28, 'session-1765303744-230acd11', 'quiz-1765302081-6c1a5471', 'test', 1, '[{"questionId":"q-1765301278656","question":"test","correctCount":0,"incorrectCount":0,"averageTime":0,"optionDistribution":[0,0,0,0]}]', '[{"playerId":"player-1765303753-e99fe1fc","name":"StarryStellar","totalScore":0,"correctAnswers":0,"averageTime":0}]', '2025-12-09 18:09:23'),
	(29, 'session-1765303744-230acd11', 'quiz-1765302081-6c1a5471', 'test', 1, '[{"questionId":"q-1765301278656","question":"test","correctCount":0,"incorrectCount":0,"averageTime":0,"optionDistribution":[0,0,0,0]}]', '[{"playerId":"player-1765303753-e99fe1fc","name":"StarryStellar","totalScore":0,"correctAnswers":0,"averageTime":0}]', '2025-12-09 18:09:26'),
	(30, 'session-1768220102-563c607a', 'quiz-1768210947-09f0f12e', 'IT Quiz', 3, '[{"questionId":"q-1768209773877","question":"Hva st\\u00e5r forkortelsen IKT for?","correctCount":2,"incorrectCount":0,"averageTime":17158,"optionDistribution":[2,0,0,0]},{"questionId":"q-1768209823190","question":"Hva brukes et operativsystem til?","correctCount":3,"incorrectCount":0,"averageTime":17204,"optionDistribution":[0,3,0,0]},{"questionId":"q-1768209852455","question":"Hvilken enhet brukes hovedsakelig til midlertidig lagring?","correctCount":1,"incorrectCount":2,"averageTime":12522.3333,"optionDistribution":[0,0,1,2]},{"questionId":"q-1768209881623","question":"Hva er en nettleser?","correctCount":0,"incorrectCount":1,"averageTime":7911,"optionDistribution":[0,0,1,0]},{"questionId":"q-1768210116539","question":"Hvilken av disse er et filformat for tekst?","correctCount":3,"incorrectCount":0,"averageTime":9324.3333,"optionDistribution":[0,0,3,0]},{"questionId":"q-1768210186664","question":"Hva er IP-adresser brukt til?","correctCount":0,"incorrectCount":3,"averageTime":12508.3333,"optionDistribution":[0,2,0,0]},{"questionId":"q-1768210217940","question":"Hva er forskjellen p\\u00e5 maskinvare og programvare?","correctCount":3,"incorrectCount":0,"averageTime":14666,"optionDistribution":[0,0,3,0]},{"questionId":"q-1768210256640","question":"Hva er en brannmur (firewall)?","correctCount":3,"incorrectCount":0,"averageTime":5931.3333,"optionDistribution":[0,3,0,0]},{"questionId":"q-1768210290195","question":"Hva gj\\u00f8r en database?","correctCount":2,"incorrectCount":0,"averageTime":6266.5,"optionDistribution":[0,2,0,0]},{"questionId":"q-1768210338315","question":"Hvilken av disse er et programmeringsspr\\u00e5k?","correctCount":3,"incorrectCount":0,"averageTime":12027,"optionDistribution":[3,0,0,0]},{"questionId":"q-1768210377871","question":"Hva er hovedforskjellen p\\u00e5 TCP og UDP?","correctCount":2,"incorrectCount":1,"averageTime":15462.6667,"optionDistribution":[0,1,2,0]},{"questionId":"q-1768210406078","question":"Hva brukes DNS til?","correctCount":0,"incorrectCount":3,"averageTime":7410.3333,"optionDistribution":[0,3,0,0]},{"questionId":"q-1768210436498","question":"Hva betyr begrepet \\u00abopen source\\u00bb?","correctCount":1,"incorrectCount":0,"averageTime":16441,"optionDistribution":[0,1,0,0]},{"questionId":"q-1768210471830","question":"Hva er form\\u00e5let med kryptering?","correctCount":0,"incorrectCount":3,"averageTime":7570.6667,"optionDistribution":[0,0,3,0]},{"questionId":"q-1768210505787","question":"Hva er en server?","correctCount":0,"incorrectCount":3,"averageTime":14027.6667,"optionDistribution":[0,3,0,0]},{"questionId":"q-1768210526843","question":"Hva betyr begrepet \\u00abphishing\\u00bb?","correctCount":2,"incorrectCount":1,"averageTime":11676.3333,"optionDistribution":[1,2,0,0]},{"questionId":"q-1768210576451","question":"Hva er et API?","correctCount":3,"incorrectCount":0,"averageTime":11604,"optionDistribution":[0,0,3,0]},{"questionId":"q-1768210598071","question":"Hva er et etisk problem innen IKT?","correctCount":2,"incorrectCount":1,"averageTime":9487,"optionDistribution":[0,2,1,0]},{"questionId":"q-1768210638789","question":"Hva er en fordel med skybaserte tjenester?","correctCount":3,"incorrectCount":0,"averageTime":11131.3333,"optionDistribution":[0,0,0,3]},{"questionId":"q-1768210675726","question":"TCP garanterer b\\u00e5de at datapakker kommer frem i riktig rekkef\\u00f8lge og at de kommer frem uten tap.","correctCount":3,"incorrectCount":0,"averageTime":12439,"optionDistribution":[3,0,0,0]},{"questionId":"q-1768210738077","question":"HTTPS betyr at hele nettsiden, inkludert IP-adresse og domenenavn, er fullstendig skjult for tredjeparter.","correctCount":3,"incorrectCount":0,"averageTime":11244.3333,"optionDistribution":[0,3,0,0]},{"questionId":"q-1768210744120","question":"En hash-funksjon kan brukes til \\u00e5 rekonstruere originaldataen dersom man kjenner algoritmen.","correctCount":1,"incorrectCount":2,"averageTime":9707.6667,"optionDistribution":[2,1,0,0]},{"questionId":"q-1768210764967","question":"Virtualisering gj\\u00f8r det mulig \\u00e5 kj\\u00f8re flere operativsystemer p\\u00e5 samme fysiske maskinvare samtidig.","correctCount":3,"incorrectCount":0,"averageTime":15494.3333,"optionDistribution":[3,0,0,0]},{"questionId":"q-1768210774356","question":"En SQL-injeksjon utnytter svakheter i nettverkets brannmur.","correctCount":0,"incorrectCount":3,"averageTime":15396.6667,"optionDistribution":[3,0,0,0]},{"questionId":"q-1768210788462","question":"RAM mister innholdet sitt n\\u00e5r datamaskinen sl\\u00e5s av, fordi det er flyktig (volatile) minne.","correctCount":3,"incorrectCount":0,"averageTime":6867,"optionDistribution":[3,0,0,0]},{"questionId":"q-1768210798601","question":"To-faktor-autentisering er alltid sikrere enn passord alene, uansett hvordan det er implementert.","correctCount":0,"incorrectCount":3,"averageTime":5907,"optionDistribution":[3,0,0,0]},{"questionId":"q-1768210812050","question":"Et DDoS-angrep har som hovedm\\u00e5l \\u00e5 stjele data fra en server.","correctCount":2,"incorrectCount":0,"averageTime":10741.5,"optionDistribution":[0,2,0,0]},{"questionId":"q-1768210830776","question":"IPv6 ble utviklet blant annet for \\u00e5 l\\u00f8se problemet med mangel p\\u00e5 IP-adresser.","correctCount":3,"incorrectCount":0,"averageTime":7248,"optionDistribution":[3,0,0,0]},{"questionId":"q-1768210838095","question":"Open source-programvare kan ikke brukes kommersielt.","correctCount":2,"incorrectCount":1,"averageTime":6387,"optionDistribution":[1,2,0,0]},{"questionId":"q-1768210925592","question":"Hvis to brukere har samme hash av passordet sitt, betyr det at de har samme passord.","correctCount":1,"incorrectCount":2,"averageTime":12123,"optionDistribution":[1,2,0,0]}]', '[{"playerId":"player-1768220330-aec3cf13","name":"Olo","totalScore":18718,"correctAnswers":19,"averageTime":8989.2143},{"playerId":"player-1768220174-25997efb","name":"immanuel","totalScore":17760,"correctAnswers":20,"averageTime":10620.5517},{"playerId":"player-1768220299-88eb6bd6","name":"Tor","totalScore":11308,"correctAnswers":15,"averageTime":13811.2308}]', '2026-01-12 12:30:34');

-- Dumping data for table thvs_mindmap.game_sessions: ~165 rows (approximately)
INSERT INTO `game_sessions` (`id`, `pin`, `quiz_id`, `host_id`, `status`, `current_question_index`, `question_start_time`, `created_at`, `updated_at`) VALUES
	('session-1765302109-dfd94e0a', '028439', 'quiz-1765302081-6c1a5471', NULL, 'lobby', -1, NULL, '2025-12-09 17:41:49', '2025-12-09 17:41:49'),
	('session-1765302109-fc075861', '920938', 'quiz-1765302081-6c1a5471', NULL, 'finished', 0, 1765302125136, '2025-12-09 17:41:49', '2025-12-09 17:42:19'),
	('session-1765303003-348a0c55', '592431', 'quiz-1765302081-6c1a5471', NULL, 'results', 0, 1765303013970, '2025-12-09 17:56:43', '2025-12-09 17:57:13'),
	('session-1765303003-3dd4ca1d', '914788', 'quiz-1765302081-6c1a5471', NULL, 'lobby', -1, NULL, '2025-12-09 17:56:43', '2025-12-09 17:56:43'),
	('session-1765303744-042b8999', '630436', 'quiz-1765302081-6c1a5471', NULL, 'lobby', -1, NULL, '2025-12-09 18:09:04', '2025-12-09 18:09:04'),
	('session-1765303744-230acd11', '489926', 'quiz-1765302081-6c1a5471', NULL, 'finished', 0, 1765303761224, '2025-12-09 18:09:04', '2025-12-09 18:09:23'),
	('session-1765303778-33232cd7', '664839', 'quiz-1765302081-6c1a5471', NULL, 'lobby', -1, NULL, '2025-12-09 18:09:38', '2025-12-09 18:09:38'),
	('session-1765303778-767b0104', '591804', 'quiz-1765302081-6c1a5471', NULL, 'results', 0, 1765303791872, '2025-12-09 18:09:38', '2025-12-09 18:09:59'),
	('session-1765304251-5715b0d7', '509404', 'quiz-1765302081-6c1a5471', NULL, 'results', 0, 1765304270288, '2025-12-09 18:17:31', '2025-12-09 18:18:01'),
	('session-1765304251-aeab0de8', '121717', 'quiz-1765302081-6c1a5471', NULL, 'lobby', -1, NULL, '2025-12-09 18:17:31', '2025-12-09 18:17:31'),
	('session-1765304297-29c5ae99', '580261', 'quiz-1765302081-6c1a5471', NULL, 'results', 0, 1765304305792, '2025-12-09 18:18:17', '2025-12-09 18:18:35'),
	('session-1765304297-8a4650ac', '008406', 'quiz-1765302081-6c1a5471', NULL, 'lobby', -1, NULL, '2025-12-09 18:18:17', '2025-12-09 18:18:17'),
	('session-1765355157-3aebe041', '693683', 'quiz-1765302081-6c1a5471', NULL, 'results', 0, 1765355165379, '2025-12-10 08:25:57', '2025-12-10 08:26:16'),
	('session-1765355157-dc6e796e', '449277', 'quiz-1765302081-6c1a5471', NULL, 'lobby', -1, NULL, '2025-12-10 08:25:57', '2025-12-10 08:25:57'),
	('session-1765453285-137026e4', '311589', 'quiz-1765302081-6c1a5471', NULL, 'lobby', -1, NULL, '2025-12-11 11:41:25', '2025-12-11 11:41:25'),
	('session-1765453285-73febf39', '972700', 'quiz-1765302081-6c1a5471', NULL, 'results', 0, 1765453301137, '2025-12-11 11:41:25', '2025-12-11 11:41:52'),
	('session-1768220102-27c8f3d3', '556981', 'quiz-1768210947-09f0f12e', NULL, 'lobby', -1, NULL, '2026-01-12 12:15:02', '2026-01-12 12:15:02'),
	('session-1768220102-563c607a', '541021', 'quiz-1768210947-09f0f12e', NULL, 'finished', 29, 1768221010644, '2026-01-12 12:15:02', '2026-01-12 12:30:34');

-- Dumping data for table thvs_mindmap.group_members: ~0 rows (approximately)

-- Dumping data for table thvs_mindmap.groups: ~0 rows (approximately)

-- Dumping data for table thvs_mindmap.mindmap_edges: ~0 rows (approximately)

-- Dumping data for table thvs_mindmap.mindmap_nodes: ~0 rows (approximately)

-- Dumping data for table thvs_mindmap.notifications: ~4 rows (approximately)
INSERT INTO `notifications` (`id`, `user_id`, `actor_id`, `item_type`, `item_id`, `type`, `message`, `is_read`, `created_at`) VALUES
	(1, 2, 1, 'mindmap', 'mindmap-1765118310233', 'share', ' shared a mindmap with you', 1, '2025-12-07 13:50:26'),
	(2, 2, 1, 'mindmap', 'mindmap-1765118310233', 'share', ' shared a mindmap with you', 1, '2025-12-07 13:51:01'),
	(3, 2, 1, 'mindmap', 'mindmap-1765118310233', 'share', ' shared a mindmap with you', 1, '2025-12-07 13:53:36'),
	(4, 2, 1, 'mindmap', 'mindmap-1765118310233', 'share', ' shared a mindmap with you', 0, '2025-12-07 14:03:24');

-- Dumping data for table thvs_mindmap.permissions: ~0 rows (approximately)

-- Dumping data for table thvs_mindmap.player_answers: ~60 rows (approximately)
INSERT INTO `player_answers` (`id`, `player_id`, `session_id`, `question_id`, `selected_options`, `time_spent`, `is_correct`, `points_earned`, `answered_at`) VALUES
	(120, 'player-1765303789-8efca1a3', 'session-1765303778-767b0104', 'q-1765301278656', '[]', 5939, 0, 0, '2025-12-09 18:09:58'),
	(121, 'player-1765304268-c668f7bd', 'session-1765304251-5715b0d7', 'q-1765301278656', '{"clickX":74.9,"clickY":56.5}', 11116, 0, 0, '2025-12-09 18:18:01'),
	(122, 'player-1765304304-acd2e7f6', 'session-1765304297-29c5ae99', 'q-1765301278656', '{"clickX":75,"clickY":56.5}', 8298, 0, 0, '2025-12-09 18:18:34'),
	(126, 'player-1765355163-0aa57634', 'session-1765355157-3aebe041', 'q-1765301278656', '{"clickX":75.3,"clickY":57.2}', 10051, 0, 0, '2025-12-10 08:26:15'),
	(128, 'player-1765453299-18e969a7', 'session-1765453285-73febf39', 'q-1765301278656', '{"clickX":74.9,"clickY":56.8}', 11030, 0, 0, '2025-12-11 11:41:52');

-- Dumping data for table thvs_mindmap.projects: ~0 rows (approximately)

-- Dumping data for table thvs_mindmap.quick_notes: ~8 rows (approximately)
INSERT INTO `quick_notes` (`id`, `user_id`, `content`, `color`, `position_x`, `position_y`, `width`, `height`, `created_at`, `updated_at`) VALUES
	('note_1765033316129', 1, 'test', '#ffedd5', 0, 0, 200, 200, '2025-12-06 15:01:54', '2025-12-10 08:28:00'),
	('note_1765033724303', 1, 'test', '#ffedd5', 0, 0, 200, 200, '2025-12-06 15:08:43', '2025-12-10 08:28:12'),
	('note_1765033865543', 1, 'test', '#ffedd5', 0, 0, 200, 200, '2025-12-06 15:11:04', '2025-12-08 07:10:19'),
	('note_1765033893727', 1, 'test', '#ffedd5', 0, 0, 200, 200, '2025-12-06 15:11:32', '2025-12-08 07:10:19'),
	('note_1765034149807', 1, 'test', '#ffedd5', 0, 0, 200, 200, '2025-12-06 15:15:48', '2025-12-08 07:10:19'),
	('note_1765052502941', 1, '', '#ffedd5', 0, 0, 200, 200, '2025-12-06 20:21:42', '2025-12-08 07:10:19'),
	('note_1765177806837', 1, 'test2', '#fed7aa', 0, 0, 200, 200, '2025-12-08 07:10:06', '2025-12-09 09:05:55'),
	('note_1765218289055', 1, '', '#fed7aa', 0, 0, 200, 200, '2025-12-08 18:24:48', '2025-12-08 18:24:51');

-- Dumping data for table thvs_mindmap.quiz_questions: ~21 rows (approximately)
INSERT INTO `quiz_questions` (`id`, `quiz_id`, `question_text`, `image_url`, `image_reveal_mode`, `puzzle_grid_size`, `options`, `correct_answers`, `time_limit`, `points`, `question_order`, `created_at`, `question_type`, `pins`) VALUES
	('q-1765301278656', 'quiz-1765302081-6c1a5471', 'test', 'http://217.170.204.84:5173/THVS-Mindmap/public/quiz_images/user-1/img_69385e31b43967.84013377.jpg', 'none', 4, '["","","",""]', '[]', 20, 1000, 0, '2025-12-09 17:56:25', 'pin_answer', '[{"id":"pin-1765302903968","x":76.1,"y":56.5,"isCorrect":false}]'),
	('q-1765791617894', 'quiz-1765793909-ee166fce', 'Hvilken spill er populært i HeyTek?', NULL, 'none', 4, '["FC 26","Fortnite","Rocket League","Fall Guys"]', '[0,1]', 45, 1000, 0, '2025-12-15 10:18:29', 'multiple', '[]'),
	('q-1765792088103', 'quiz-1765793909-ee166fce', 'Kan man spise på HeyTek?', NULL, 'none', 4, '["True","False","",""]', '[1]', 45, 1000, 1, '2025-12-15 10:18:29', 'true_false', '[]'),
	('q-1765793102180', 'quiz-1765793909-ee166fce', 'Hvor mange timer har HeyTek spilt mest av på PS5?', NULL, 'none', 4, '["FC 26","Fifa 23","The Crew 2","WRC"]', '[1]', 45, 1500, 2, '2025-12-15 10:18:29', 'multiple', '[]'),
	('q-1768209773877', 'quiz-1768210947-09f0f12e', 'Hva står forkortelsen IKT for?', NULL, 'none', 4, '["Informasjon, kommunikasjon og teknologi","Internett, kunnskap og teknikk","Informasjonskontrollteknologi","Industriell kommunikasjons\\u00adteknologi"]', '[0]', 20, 1000, 0, '2026-01-12 12:36:40', 'multiple', '[]'),
	('q-1768209823190', 'quiz-1768210947-09f0f12e', 'Hva brukes et operativsystem til?', NULL, 'none', 4, '["Lage nettsider","Styre maskinvare og programvare","Lagring av filer p\\u00e5 internett","Kryptering av data"]', '[1]', 20, 1000, 1, '2026-01-12 12:36:40', 'multiple', '[]'),
	('q-1768209852455', 'quiz-1768210947-09f0f12e', 'Hvilken enhet brukes hovedsakelig til midlertidig lagring?', NULL, 'none', 4, '["Harddisk","SSD","RAM","USB-minne"]', '[2]', 20, 1000, 2, '2026-01-12 12:36:40', 'multiple', '[]'),
	('q-1768209881623', 'quiz-1768210947-09f0f12e', 'Hva er en nettleser?', NULL, 'none', 4, '["Et operativsystem","Et sikkerhetsprogram","Et program for \\u00e5 surfe p\\u00e5 internett","En database"]', '[1]', 20, 1000, 3, '2026-01-12 12:36:40', 'multiple', '[]'),
	('q-1768210116539', 'quiz-1768210947-09f0f12e', 'Hvilken av disse er et filformat for tekst?', NULL, 'none', 4, '["mp3","jpg","txt","exe"]', '[2]', 20, 1000, 4, '2026-01-12 12:36:40', 'multiple', '[]'),
	('q-1768210186664', 'quiz-1768210947-09f0f12e', 'Hva er IP-adresser brukt til?', NULL, 'none', 4, '["\\u00c5 lagre passord","\\u00c5 identifisere enheter i et nettverk","\\u00c5 kryptere filer","\\u00c5 m\\u00e5le internetthastighet"]', '[1]', 20, 1000, 5, '2026-01-12 12:36:40', 'multiple', '[]'),
	('q-1768210217940', 'quiz-1768210947-09f0f12e', 'Hva er forskjellen på maskinvare og programvare?', NULL, 'none', 4, '["Maskinvare er gratis","Programvare er fysisk","Maskinvare er fysisk, programvare er ikke","Ingen forskjell"]', '[2]', 20, 1000, 7, '2026-01-12 12:36:40', 'multiple', '[]'),
	('q-1768210256640', 'quiz-1768210947-09f0f12e', 'Hva er en brannmur (firewall)?', NULL, 'none', 4, '["Et antivirusprogram","Et nettverkssikkerhetssystem","En type server","En lagringsenhet"]', '[1]', 20, 1000, 6, '2026-01-12 12:36:40', 'multiple', '[]'),
	('q-1768210290195', 'quiz-1768210947-09f0f12e', 'Hva gjør en database?', NULL, 'none', 4, '["Kj\\u00f8rer programmer","Lagrer og organiserer data","Beskytter nettverk","Lager nettsider"]', '[1]', 20, 1000, 8, '2026-01-12 12:36:40', 'multiple', '[]'),
	('q-1768210338315', 'quiz-1768210947-09f0f12e', 'Hvilken av disse er et programmeringsspråk?', NULL, 'none', 4, '["HTML","HTTP","CPU","RAM"]', '[0]', 20, 1000, 9, '2026-01-12 12:36:40', 'multiple', '[]'),
	('q-1768210377871', 'quiz-1768210947-09f0f12e', 'Hva er hovedforskjellen på TCP og UDP?', NULL, 'none', 4, '["TCP er raskere enn UDP","UDP er sikrere enn TCP","TCP er p\\u00e5litelig, UDP er ikke-p\\u00e5litelig","Ingen forskjell"]', '[2]', 20, 1000, 10, '2026-01-12 12:36:40', 'multiple', '[]'),
	('q-1768210406078', 'quiz-1768210947-09f0f12e', 'Hva brukes DNS til?', NULL, 'none', 4, '["Kryptere nettsider","Oversette domenenavn til IP-adresser","Laste ned filer","Sikre passord"]', '[1]', 20, 1000, 11, '2026-01-12 12:36:40', 'multiple', '[]'),
	('q-1768210436498', 'quiz-1768210947-09f0f12e', 'Hva betyr begrepet «open source»?', NULL, 'none', 4, '["Programmet er gratis","Koden er tilgjengelig for alle","Programmet er ulovlig","Kun store selskaper kan bruke det"]', '[1]', 20, 1000, 12, '2026-01-12 12:36:40', 'multiple', '[]'),
	('q-1768210471830', 'quiz-1768210947-09f0f12e', 'Hva er formålet med kryptering?', NULL, 'none', 4, '["\\u00d8ke hastighet","Komprimere filer","Beskytte data mot uautorisert tilgang","Lage sikkerhetskopier"]', '[0]', 20, 1000, 13, '2026-01-12 12:36:40', 'multiple', '[]'),
	('q-1768210505787', 'quiz-1768210947-09f0f12e', 'Hva er en server?', NULL, 'none', 4, '["En privat PC","En maskin som tilbyr tjenester til klienter","Et operativsystem","Et programmeringsspr\\u00e5k"]', '[0]', 20, 1000, 14, '2026-01-12 12:36:40', 'multiple', '[]'),
	('q-1768210526843', 'quiz-1768210947-09f0f12e', 'Hva betyr begrepet «phishing»?', NULL, 'none', 4, '["Virus i e-post","Fors\\u00f8k p\\u00e5 \\u00e5 lure til seg sensitiv informasjon","Overbelastningsangrep","Kryptering av filer"]', '[1]', 20, 1000, 15, '2026-01-12 12:36:40', 'multiple', '[]'),
	('q-1768210576451', 'quiz-1768210947-09f0f12e', 'Hva er et API?', NULL, 'none', 4, '["Et virus","Et brukergrensesnitt for mennesker","Et grensesnitt for kommunikasjon mellom programmer","En database"]', '[2]', 20, 1000, 16, '2026-01-12 12:36:40', 'multiple', '[]'),
	('q-1768210598071', 'quiz-1768210947-09f0f12e', 'Hva er et etisk problem innen IKT?', NULL, 'none', 4, '["Langsom internettforbindelse","Datainnbrudd og personvern","Utdatert maskinvare","Lav skjermoppl\\u00f8sning"]', '[1]', 20, 1000, 17, '2026-01-12 12:36:40', 'multiple', '[]'),
	('q-1768210638789', 'quiz-1768210947-09f0f12e', 'Hva er en fordel med skybaserte tjenester?', NULL, 'none', 4, '["Ingen behov for internett","Ingen sikkerhetsrisiko","Lokal lagring","Tilgang fra flere enheter"]', '[3]', 20, 1000, 18, '2026-01-12 12:36:40', 'multiple', '[]'),
	('q-1768210675726', 'quiz-1768210947-09f0f12e', 'TCP garanterer både at datapakker kommer frem i riktig rekkefølge og at de kommer frem uten tap.', NULL, 'none', 4, '["True","False","",""]', '[0]', 20, 1000, 19, '2026-01-12 12:36:40', 'true_false', '[]'),
	('q-1768210738077', 'quiz-1768210947-09f0f12e', 'HTTPS betyr at hele nettsiden, inkludert IP-adresse og domenenavn, er fullstendig skjult for tredjeparter.', NULL, 'none', 4, '["True","False","",""]', '[1]', 20, 1000, 20, '2026-01-12 12:36:40', 'true_false', '[]'),
	('q-1768210744120', 'quiz-1768210947-09f0f12e', 'En hash-funksjon kan brukes til å rekonstruere originaldataen dersom man kjenner algoritmen.', NULL, 'none', 4, '["True","False","",""]', '[1]', 20, 1000, 21, '2026-01-12 12:36:40', 'true_false', '[]'),
	('q-1768210764967', 'quiz-1768210947-09f0f12e', 'Virtualisering gjør det mulig å kjøre flere operativsystemer på samme fysiske maskinvare samtidig.', NULL, 'none', 4, '["True","False","",""]', '[0]', 20, 1000, 22, '2026-01-12 12:36:40', 'true_false', '[]'),
	('q-1768210774356', 'quiz-1768210947-09f0f12e', 'En SQL-injeksjon utnytter svakheter i nettverkets brannmur.', NULL, 'none', 4, '["True","False","",""]', '[1]', 20, 1000, 23, '2026-01-12 12:36:40', 'true_false', '[]'),
	('q-1768210788462', 'quiz-1768210947-09f0f12e', 'RAM mister innholdet sitt når datamaskinen slås av, fordi det er flyktig (volatile) minne.', NULL, 'none', 4, '["True","False","",""]', '[0]', 20, 1000, 24, '2026-01-12 12:36:40', 'true_false', '[]'),
	('q-1768210798601', 'quiz-1768210947-09f0f12e', 'To-faktor-autentisering er alltid sikrere enn passord alene, uansett hvordan det er implementert.', NULL, 'none', 4, '["True","False","",""]', '[1]', 20, 1000, 25, '2026-01-12 12:36:40', 'true_false', '[]'),
	('q-1768210812050', 'quiz-1768210947-09f0f12e', 'Et DDoS-angrep har som hovedmål å stjele data fra en server.', NULL, 'none', 4, '["True","False","",""]', '[1]', 20, 1000, 26, '2026-01-12 12:36:40', 'true_false', '[]'),
	('q-1768210830776', 'quiz-1768210947-09f0f12e', 'IPv6 ble utviklet blant annet for å løse problemet med mangel på IP-adresser.', NULL, 'none', 4, '["True","False","",""]', '[0]', 20, 1000, 27, '2026-01-12 12:36:40', 'true_false', '[]'),
	('q-1768210838095', 'quiz-1768210947-09f0f12e', 'Open source-programvare kan ikke brukes kommersielt.', NULL, 'none', 4, '["True","False","",""]', '[1]', 20, 1000, 28, '2026-01-12 12:36:40', 'true_false', '[]'),
	('q-1768210925592', 'quiz-1768210947-09f0f12e', 'Hvis to brukere har samme hash av passordet sitt, betyr det at de har samme passord.', NULL, 'none', 4, '["True","False","",""]', '[0]', 20, 1000, 29, '2026-01-12 12:36:40', 'true_false', '[]'),
	('q-1768217417279', 'quiz-1768218520-4b899d28', 'Hva er det største dyret som noen gang har levd på jorda?', NULL, 'none', 4, '["Afrikansk elefant","Bl\\u00e5hval","Dinosaur (T-rex)","Hvalhai"]', '[1]', 20, 1000, 0, '2026-01-12 11:51:46', 'multiple', '[]'),
	('q-1768217461004', 'quiz-1768218520-4b899d28', 'Hva kalles prosessen der planter lager næring ved hjelp av sollys?', NULL, 'none', 4, '["Fordamping","Respirasjon","Fotosyntese","Nedbrytning"]', '[2]', 20, 1000, 1, '2026-01-12 11:51:46', 'multiple', '[]'),
	('q-1768217494806', 'quiz-1768218520-4b899d28', 'Hvilket dyr kan sove stående?', NULL, 'none', 4, '["Hest","Katt","Ku","Hund"]', '[0]', 20, 1000, 2, '2026-01-12 11:51:46', 'multiple', '[]'),
	('q-1768217527154', 'quiz-1768218520-4b899d28', 'Hva kjennetegner et pattedyr?', NULL, 'none', 4, '["Legger egg","Har skjell","Gir melk til ungene sine","Lever bare i vann"]', '[2]', 20, 1000, 3, '2026-01-12 11:51:46', 'multiple', '[]'),
	('q-1768217562726', 'quiz-1768218520-4b899d28', 'Hvilket dyr er raskest på land?', NULL, 'none', 4, '["L\\u00f8ve","Antilope","Gepard","Ulv"]', '[2]', 20, 1000, 4, '2026-01-12 11:51:46', 'multiple', '[]'),
	('q-1768217650460', 'quiz-1768218520-4b899d28', 'Hva er et rovdyr?', NULL, 'none', 4, '["Et dyr som spiser planter","Et dyr som lever i flokk","Et dyr som lever i vann","Et dyr som jakter og spiser andre dyr"]', '[3]', 20, 1000, 5, '2026-01-12 11:51:46', 'multiple', '[]'),
	('q-1768217697566', 'quiz-1768218520-4b899d28', 'Hvor mange bein har en edderkopp?', NULL, 'none', 4, '["6","8","10","12"]', '[1]', 20, 1000, 6, '2026-01-12 11:51:46', 'multiple', '[]'),
	('q-1768217716912', 'quiz-1768218520-4b899d28', 'Hva er et økosystem?', NULL, 'none', 4, '["Et klimaomr\\u00e5de","Et omr\\u00e5de der levende og ikke-levende faktorer virker sammen","En dyregruppe","Et plantesamfunn"]', '[0,1]', 20, 1000, 7, '2026-01-12 11:51:46', 'multiple', '[]'),
	('q-1768217756100', 'quiz-1768218520-4b899d28', 'Hvilket dyr er kjent for å endre farge for kamuflasje?', NULL, 'none', 4, '["Slange","Frosk","Kameleon","\\u00d8gle"]', '[2]', 20, 1000, 8, '2026-01-12 11:51:46', 'multiple', '[]'),
	('q-1768217784473', 'quiz-1768218520-4b899d28', 'Hvor lever isbjørner naturlig?', NULL, 'none', 4, '["Antarktis","Gr\\u00f8nland og Arktis","Sibir","Nord-Amerika"]', '[1]', 20, 1000, 9, '2026-01-12 11:51:46', 'multiple', '[]'),
	('q-1768217822040', 'quiz-1768218520-4b899d28', 'Hva heter hovedfiguren i Super Mario-spillene?', NULL, 'none', 4, '["Luigi","Yoshi","Mario","Bowser"]', '[2]', 20, 1000, 10, '2026-01-12 11:51:46', 'multiple', '[]'),
	('q-1768217849860', 'quiz-1768218520-4b899d28', 'Hvilken type spill er Minecraft?', NULL, 'none', 4, '["Sportsspill","Skytespill","Bygge- og overlevelsesspill","Rollespill"]', '[2]', 20, 1000, 11, '2026-01-12 11:51:46', 'multiple', '[]'),
	('q-1768217874990', 'quiz-1768218520-4b899d28', 'Hvilket selskap lager PlayStation?', NULL, 'none', 4, '["Nintendo","Microsoft","Sony","Sega"]', '[2]', 20, 1000, 12, '2026-01-12 11:51:46', 'multiple', '[]'),
	('q-1768217923838', 'quiz-1768218520-4b899d28', 'Hva betyr det at et spill er «online»?', NULL, 'none', 4, '["Man spiller via internett","Man spiller uten internett","Man spiller alene","Man spiller p\\u00e5 konsoll"]', '[0]', 20, 1000, 13, '2026-01-12 11:51:46', 'multiple', '[]'),
	('q-1768217994880', 'quiz-1768218520-4b899d28', 'Hva er en NPC i et spill?', NULL, 'none', 4, '["En ekte spiller","En sjef (boss)","En datastyrt figur","Et v\\u00e5pen"]', '[0,2]', 20, 1000, 14, '2026-01-12 11:51:46', 'multiple', '[]'),
	('q-1768218018211', 'quiz-1768218520-4b899d28', 'Hva er e-sport?', NULL, 'none', 4, '["Dataspill for trening","Konkurranser i dataspill","Sport p\\u00e5 nett","L\\u00e6ringsspill"]', '[1]', 20, 1000, 15, '2026-01-12 11:51:46', 'multiple', '[]'),
	('q-1768218044177', 'quiz-1768218520-4b899d28', 'Hva betyr «quest» i spill?', NULL, 'none', 4, '["Et kart","En oppgave","Et v\\u00e5pen","En karakter"]', '[1]', 20, 1000, 17, '2026-01-12 11:51:46', 'multiple', '[]'),
	('q-1768218057428', 'quiz-1768218520-4b899d28', 'Hvilket spill handler om å fange og trene digitale skapninger?', NULL, 'none', 4, '["Fortnite","FIFA","Digimon","Pok\\u00e9mon"]', '[3,2]', 20, 1000, 16, '2026-01-12 11:51:46', 'multiple', '[]'),
	('q-1768218137222', 'quiz-1768218520-4b899d28', 'Hva var vikingene mest kjent for?', NULL, 'none', 4, '["Jordbruk","Handel, oppdagelser og krigf\\u00f8ring","Filosofi og pyramider","krigf\\u00f8ring"]', '[1]', 20, 1000, 18, '2026-01-12 11:51:46', 'multiple', '[]'),
	('q-1768218191792', 'quiz-1768218520-4b899d28', 'Når startet andre verdenskrig?', NULL, 'none', 4, '["1914","1939","1941","1945"]', '[1]', 20, 1000, 19, '2026-01-12 11:51:46', 'multiple', '[]'),
	('q-1768218212372', 'quiz-1768218520-4b899d28', 'Hvem var konge i Norge under andre verdenskrig?', NULL, 'none', 4, '["Kong Harald V","Kong Olav V","Kong Haakon VII","Kong Karl Johan"]', '[2]', 20, 1000, 20, '2026-01-12 11:51:46', 'multiple', '[]'),
	('q-1768218258662', 'quiz-1768218520-4b899d28', 'Hva var middelalderen?', NULL, 'none', 4, '["Tiden etter 1900","Tiden mellom antikken og nyere tid","Steinalderen","Renessansen"]', '[1]', 20, 1000, 21, '2026-01-12 11:51:46', 'multiple', '[]'),
	('q-1768218287073', 'quiz-1768218520-4b899d28', 'Hva betyr demokrati?', NULL, 'none', 4, '["Styre av kongen","Styre av \\u00e9n leder","Styre av milit\\u00e6ret","Folkestyre"]', '[3]', 20, 1000, 22, '2026-01-12 11:51:46', 'multiple', '[]'),
	('q-1768218332235', 'quiz-1768218520-4b899d28', 'Hva er byttehandel?', NULL, 'none', 4, '["Handel med penger","Handel via bank","Utveksling av varer og tjenester","Utenrikshandel"]', '[2]', 20, 1000, 23, '2026-01-12 11:51:46', 'multiple', '[]'),
	('q-1768218365521', 'quiz-1768218520-4b899d28', 'Hva var den industrielle revolusjon?', NULL, 'none', 4, '["En krig","Overgangen til maskiner og fabrikker","En oppdagelsesreise","En politisk reform"]', '[1]', 20, 1000, 24, '2026-01-12 11:51:46', 'multiple', '[]'),
	('q-1768218395050', 'quiz-1768218520-4b899d28', 'Hvor oppstod de olympiske leker?', NULL, 'none', 4, '["Roma","Egypt","Hellas","Kina"]', '[2]', 20, 1000, 25, '2026-01-12 11:51:46', 'multiple', '[]'),
	('q-1768218427412', 'quiz-1768218520-4b899d28', 'Gullfisk har bare tre sekunders hukommelse?', NULL, 'none', 4, '["True","False","",""]', '[1]', 20, 1000, 26, '2026-01-12 11:51:46', 'true_false', '[]'),
	('q-1768218440695', 'quiz-1768218520-4b899d28', 'Mennesker deler over 98 % av DNA-et sitt med sjimpanser?', NULL, 'none', 4, '["True","False","",""]', '[0]', 20, 1000, 27, '2026-01-12 11:51:46', 'true_false', '[]'),
	('q-1768218461396', 'quiz-1768218520-4b899d28', 'Vikinghjelmer hadde horn?', NULL, 'none', 4, '["True","False","",""]', '[1]', 20, 1000, 28, '2026-01-12 11:51:46', 'true_false', '[]'),
	('q-1768218472217', 'quiz-1768218520-4b899d28', 'Det finnes flere trær på jorda enn stjerner i Melkeveien?', NULL, 'none', 4, '["True","False","",""]', '[0]', 20, 1000, 29, '2026-01-12 11:51:46', 'true_false', '[]'),
	('q-1768218497066', 'quiz-1768218520-4b899d28', 'Strutsen kan ikke stikke hodet i sanden', NULL, 'none', 4, '["True","False","",""]', '[0]', 20, 1000, 30, '2026-01-12 11:51:46', 'true_false', '[]'),
	('q-1768218505623', 'quiz-1768218520-4b899d28', 'Moderat gaming kan forbedre reaksjonsevne?', NULL, 'none', 4, '["True","False","",""]', '[0]', 20, 1000, 31, '2026-01-12 11:51:46', 'true_false', '[]');

-- Dumping data for table thvs_mindmap.quizzes: ~2 rows (approximately)
INSERT INTO `quizzes` (`id`, `title`, `subject`, `description`, `created_by`, `created_at`, `updated_at`, `times_played`, `average_score`, `is_public`, `allow_custom_names`) VALUES
	('quiz-1765302081-6c1a5471', 'test', 'Matematikk', 'test', NULL, '2025-12-09 17:41:21', '2025-12-09 18:09:26', 3, 0.00, 0, 0),
	('quiz-1765793909-ee166fce', 'HeyTek', 'Norwegian', '', NULL, '2025-12-15 10:18:29', '2025-12-15 10:18:29', 0, 0.00, 0, 1),
	('quiz-1768210947-09f0f12e', 'IT Quiz', '', '', NULL, '2026-01-12 09:42:27', '2026-01-12 12:30:34', 1, 7964.33, 0, 1),
	('quiz-1768218520-4b899d28', 'den store quiz-en', '', '', NULL, '2026-01-12 11:48:40', '2026-01-12 11:48:40', 0, 0.00, 0, 1);

-- Dumping data for table thvs_mindmap.resources: ~0 rows (approximately)

-- Dumping data for table thvs_mindmap.shared_items: ~0 rows (approximately)

-- Dumping data for table thvs_mindmap.sharing_links: ~0 rows (approximately)

-- Dumping data for table thvs_mindmap.user_data: ~14 rows (approximately)
INSERT INTO `user_data` (`id`, `user_id`, `data_type`, `data_key`, `data_value`, `created_at`, `updated_at`) VALUES
	(1567, 1, 'fileexplorer', 'default', '{"files":[{"id":"system-mindmaps","name":"\\ud83e\\udde0 Mindmaps","type":"folder","parentId":null,"createdAt":"2025-12-08T16:47:47.845Z","updatedAt":"2025-12-08T16:47:47.845Z","isSystemFolder":true,"moduleType":"mindmap","isLocked":true},{"id":"system-notes","name":"\\ud83d\\udcdd Notes","type":"folder","parentId":null,"createdAt":"2025-12-08T16:47:47.845Z","updatedAt":"2025-12-08T16:47:47.845Z","isSystemFolder":true,"moduleType":"note","isLocked":true},{"id":"system-documents","name":"\\ud83d\\udcc4 Documents","type":"folder","parentId":null,"createdAt":"2025-12-08T16:47:47.845Z","updatedAt":"2025-12-08T16:47:47.845Z","isSystemFolder":true,"moduleType":"document","isLocked":true},{"id":"system-writing","name":"\\u270d\\ufe0f Writing","type":"folder","parentId":null,"createdAt":"2025-12-08T16:47:47.845Z","updatedAt":"2025-12-08T16:47:47.845Z","isSystemFolder":true,"moduleType":"writing","isLocked":true},{"id":"system-calendar","name":"\\ud83d\\udcc5 Calendar","type":"folder","parentId":null,"createdAt":"2025-12-08T16:47:47.845Z","updatedAt":"2025-12-08T16:47:47.845Z","isSystemFolder":true,"moduleType":"calendar","isLocked":true},{"id":"system-flashcards","name":"\\ud83c\\udfb4 Flashcards","type":"folder","parentId":null,"createdAt":"2025-12-08T16:47:47.845Z","updatedAt":"2025-12-08T16:47:47.845Z","isSystemFolder":true,"moduleType":"flashcard","isLocked":true},{"id":"system-quizzes","name":"\\u2753 Quiz","type":"folder","parentId":null,"createdAt":"2025-12-08T16:47:47.845Z","updatedAt":"2025-12-08T16:47:47.845Z","isSystemFolder":true,"moduleType":"quiz","isLocked":true},{"id":"system-code","name":"\\ud83d\\udcbb Code","type":"folder","parentId":null,"createdAt":"2025-12-08T16:47:47.845Z","updatedAt":"2025-12-08T16:47:47.845Z","isSystemFolder":true,"moduleType":"code","isLocked":true},{"id":"system-whiteboard","name":"\\ud83c\\udfa8 Whiteboard","type":"folder","parentId":null,"createdAt":"2025-12-08T16:47:47.845Z","updatedAt":"2025-12-08T16:47:47.845Z","isSystemFolder":true,"moduleType":"whiteboard","isLocked":true},{"id":"file-1765213132279-yqp8hkgtd","name":"main.js","type":"file","parentId":"system-code","createdAt":"2025-12-08T16:58:52.279Z","updatedAt":"2026-01-19T10:37:04.145Z","moduleType":"code","moduleItemId":"1","description":"JavaScript fil","mimeType":"application\\/x-thvs-code"},{"id":"file-1765213354221-posc7sb5m","name":"jegerdeg","type":"file","parentId":"system-mindmaps","createdAt":"2025-12-08T17:02:34.221Z","updatedAt":"2026-01-19T10:53:18.890Z","moduleType":"mindmap","moduleItemId":"mindmap-1765132011453","metadata":{"nodeCount":5,"shared":false},"mimeType":"application\\/x-thvs-mindmap"},{"id":"file-1765215206122-9vaavzis3","name":"Untitled board","type":"file","parentId":"system-whiteboard","createdAt":"2025-12-08T17:33:26.122Z","updatedAt":"2025-12-08T17:35:03.277Z","moduleType":"whiteboard","moduleItemId":"whiteboard-1765214565697","description":"0 items","metadata":{"elementCount":0},"mimeType":"application\\/x-thvs-whiteboard"},{"id":"file-1765215303919-1nw1shefw","name":"Min Kalender","type":"file","parentId":"system-calendar","createdAt":"2025-12-08T17:35:03.919Z","updatedAt":"2025-12-11T11:40:10.450Z","moduleType":"calendar","moduleItemId":"calendar-main","description":"0 hendelser totalt, 0 denne m\\u00e5neden","mimeType":"application\\/x-thvs-calendar"},{"id":"file-1765216810743-9l2pzzpgg","name":"Untitled board","type":"file","parentId":"system-whiteboard","createdAt":"2025-12-08T18:00:10.742Z","updatedAt":"2025-12-08T18:00:10.807Z","moduleType":"whiteboard","moduleItemId":"whiteboard-1765216243226","description":"0 items","metadata":{"elementCount":0},"mimeType":"application\\/x-thvs-whiteboard"},{"id":"file-1765225683302-50ozsspz9","name":"Uten navn","type":"file","parentId":"system-mindmaps","createdAt":"2025-12-08T20:28:03.301Z","updatedAt":"2026-01-19T10:53:18.890Z","moduleType":"mindmap","moduleItemId":"mindmap-1765225679419","metadata":{"nodeCount":0,"shared":false},"mimeType":"application\\/x-thvs-mindmap"},{"id":"file-1765226746071-x889moijy","name":"Untitled Note","type":"file","parentId":"system-notes","createdAt":"2025-12-08T20:45:46.071Z","updatedAt":"2025-12-15T06:54:10.132Z","moduleType":"note","moduleItemId":"note_1765218289055","description":"","metadata":{"wordCount":0},"mimeType":"application\\/x-thvs-note"},{"id":"file-1765268024606-ed3mhyaut","name":"Uten navn","type":"file","parentId":"system-mindmaps","createdAt":"2025-12-09T08:13:44.605Z","updatedAt":"2026-01-19T10:53:18.891Z","moduleType":"mindmap","moduleItemId":"mindmap-1765268023878","metadata":{"nodeCount":0,"shared":false},"mimeType":"application\\/x-thvs-mindmap"},{"id":"file-1765268026512-y174p9w43","name":"Uten tittel","type":"file","parentId":"system-whiteboard","createdAt":"2025-12-09T08:13:46.512Z","updatedAt":"2025-12-09T08:13:46.552Z","moduleType":"whiteboard","moduleItemId":"whiteboard-1765268023879","description":"0 elementer","metadata":{"elementCount":0},"mimeType":"application\\/x-thvs-whiteboard"},{"id":"file-1765271274694-wtoqoowv4","name":"Untitled board","type":"file","parentId":"system-whiteboard","createdAt":"2025-12-09T09:07:54.694Z","updatedAt":"2025-12-09T09:07:54.746Z","moduleType":"whiteboard","moduleItemId":"whiteboard-1765270940715","description":"0 items","metadata":{"elementCount":0},"mimeType":"application\\/x-thvs-whiteboard"},{"id":"file-1765302081596-del6us5p9","name":"test","type":"file","parentId":"system-quizzes","createdAt":"2025-12-09T17:41:21.596Z","updatedAt":"2026-01-12T12:36:40.087Z","moduleType":"quiz","moduleItemId":"quiz-1765302081-6c1a5471","description":"test","mimeType":"application\\/x-thvs-quiz","metadata":{"quizCount":1,"quizMinutes":0,"quizSubject":"Matematikk"}},{"id":"file-1765355275472-plk7cpvwb","name":"Notat 9.12.2025","type":"file","parentId":"system-notes","createdAt":"2025-12-10T08:27:55.472Z","updatedAt":"2025-12-15T06:54:10.131Z","moduleType":"note","moduleItemId":"note_1765177806837","description":"test2","metadata":{"wordCount":1},"mimeType":"application\\/x-thvs-note"},{"id":"file-1765355291147-v3phvbrx7","name":"Notat 10.12.2025","type":"file","parentId":"system-notes","createdAt":"2025-12-10T08:28:11.147Z","updatedAt":"2025-12-15T06:54:10.131Z","moduleType":"note","moduleItemId":"note_1765033316129","description":"test","metadata":{"wordCount":1},"mimeType":"application\\/x-thvs-note"},{"id":"file-1765355326182-1cv0bhydp","name":"Uten tittel","type":"file","parentId":"system-whiteboard","createdAt":"2025-12-10T08:28:46.182Z","updatedAt":"2025-12-10T08:28:46.218Z","moduleType":"whiteboard","moduleItemId":"whiteboard-1765354904003","description":"0 elementer","metadata":{"elementCount":0},"mimeType":"application\\/x-thvs-whiteboard"},{"id":"file-1765355344288-24cq3ivou","name":"Uten tittel","type":"file","parentId":"system-whiteboard","createdAt":"2025-12-10T08:29:04.288Z","updatedAt":"2025-12-10T08:29:04.359Z","moduleType":"whiteboard","moduleItemId":"whiteboard-1765355343507","description":"0 elementer","metadata":{"elementCount":0},"mimeType":"application\\/x-thvs-whiteboard"},{"id":"file-1765369964485-kqbou3kgi","name":"Untitled board","type":"file","parentId":"system-whiteboard","createdAt":"2025-12-10T12:32:44.484Z","updatedAt":"2025-12-10T12:32:44.549Z","moduleType":"whiteboard","moduleItemId":"whiteboard-1765368593537","description":"0 items","metadata":{"elementCount":0},"mimeType":"application\\/x-thvs-whiteboard"},{"id":"file-1765453192937-7sy6fitc9","name":"Uten tittel","type":"file","parentId":"system-whiteboard","createdAt":"2025-12-11T11:39:52.937Z","updatedAt":"2025-12-11T11:39:52.993Z","moduleType":"whiteboard","moduleItemId":"whiteboard-1765453039169","description":"0 elementer","metadata":{"elementCount":0},"mimeType":"application\\/x-thvs-whiteboard"},{"id":"file-1765453227042-cla7364jo","name":"Notat 10.12.2025","type":"file","parentId":"system-notes","createdAt":"2025-12-11T11:40:27.042Z","updatedAt":"2025-12-15T06:54:10.132Z","moduleType":"note","moduleItemId":"note_1765033724303","description":"test","metadata":{"wordCount":1},"mimeType":"application\\/x-thvs-note"},{"id":"file-1765781592915-zr4k8ofmv","name":"Untitled board","type":"file","parentId":"system-whiteboard","createdAt":"2025-12-15T06:53:12.915Z","updatedAt":"2025-12-15T06:53:12.965Z","moduleType":"whiteboard","moduleItemId":"whiteboard-1765781487152","description":"0 items","metadata":{"elementCount":0},"mimeType":"application\\/x-thvs-whiteboard"},{"id":"file-1767062595598-9sb555109","name":"HeyTek","type":"file","parentId":"system-quizzes","createdAt":"2025-12-30T02:43:15.598Z","updatedAt":"2026-01-12T12:36:40.088Z","moduleType":"quiz","moduleItemId":"quiz-1765793909-ee166fce","metadata":{"quizCount":3,"quizMinutes":2,"quizSubject":"Norwegian"},"mimeType":"application\\/x-thvs-quiz"},{"id":"file-1768210946458-slmpkgou7","name":"IT Quiz","type":"file","parentId":"system-quizzes","createdAt":"2026-01-12T09:42:26.458Z","updatedAt":"2026-01-12T12:36:40.088Z","moduleType":"quiz","moduleItemId":"quiz-1768210947-09f0f12e","metadata":{"quizCount":30,"quizMinutes":10},"mimeType":"application\\/x-thvs-quiz"},{"id":"file-1768218520241-dbw08zmqw","name":"den store quiz-en","type":"file","parentId":"system-quizzes","createdAt":"2026-01-12T11:48:40.241Z","updatedAt":"2026-01-12T12:36:40.088Z","moduleType":"quiz","moduleItemId":"quiz-1768218520-4b899d28","metadata":{"quizCount":32,"quizMinutes":11},"mimeType":"application\\/x-thvs-quiz"}],"sortBy":"name","sortOrder":"asc","viewMode":"grid","deletedModuleIds":["mindmap-1765212479489"]}', '2025-12-06 15:29:08', '2026-01-19 10:53:20'),
	(1570, 1, 'notes', 'default', '{"notes":[{"id":"note_1765033316129","title":"Notat 10.12.2025","content":"test","createdAt":"2025-12-10T08:27:56.922Z","updatedAt":"2025-12-10T08:28:00.694Z","color":"#ffedd5","position":{"x":100,"y":100},"width":250,"height":200,"groupId":null},{"id":"note_1765177806837","title":"Notat 9.12.2025","content":"test2","createdAt":"2025-12-09T09:05:55.370Z","updatedAt":"2025-12-09T09:05:55.370Z","color":"#fed7aa","position":{"x":100,"y":100},"width":250,"height":200,"groupId":null},{"id":"note_1765218289055","title":"Untitled Note","content":"","createdAt":"2025-12-08T18:24:49.056Z","updatedAt":"2025-12-08T18:24:51.935Z","color":"#fed7aa","position":{"x":100,"y":100},"width":250,"height":200,"groupId":null},{"id":"note_1765033724303","title":"Notat 10.12.2025","content":"test","createdAt":"2025-12-10T08:28:12.409Z","updatedAt":"2025-12-10T08:28:12.409Z","color":"#ffedd5","position":{"x":100,"y":100},"width":250,"height":200,"groupId":null}],"groups":[],"viewport":{"x":0,"y":0,"zoom":1}}', '2025-12-06 16:37:19', '2025-12-10 08:28:12'),
	(1824, 1, 'whiteboard', 'whiteboard-1765055286450', '{"nodes":[{"id":"shape-1765055755429","type":"shapeNode","position":{"x":200.5,"y":117.40625},"data":{"type":"rectangle","color":"#000000","strokeWidth":2,"width":261,"height":182},"draggable":true,"selectable":true,"measured":{"width":261,"height":198},"selected":true,"dragging":false}],"edges":[],"selectedColor":"#000000","strokeWidth":2,"name":"","description":""}', '2025-12-06 21:15:58', '2025-12-06 21:15:58'),
	(1831, 1, 'editor', 'default', '{"content":{"type":"doc","content":[{"type":"paragraph","attrs":{"textAlign":null},"content":[{"type":"text","text":"eeffee"}]}]},"nodeReferences":[],"pageOrientation":"portrait","pageColor":""}', '2025-12-06 22:59:01', '2025-12-11 11:39:51'),
	(1898, 1, 'editor', 'editor-1765117290583', '{"content":{"type":"doc","content":[{"type":"paragraph","attrs":{"textAlign":null},"content":[{"type":"text","marks":[{"type":"textStyle","attrs":{"color":"#000000","fontFamily":null}}],"text":"Test"}]}]},"nodeReferences":[],"pageOrientation":"portrait","pageColor":""}', '2025-12-07 13:21:28', '2025-12-07 13:26:24'),
	(1947, 2, 'fileexplorer', 'default', '{"files":[{"id":"system-mindmaps","name":"\\ud83e\\udde0 Mindmaps","type":"folder","parentId":null,"createdAt":"2025-12-07T14:51:28.980Z","updatedAt":"2025-12-07T14:51:28.980Z","isSystemFolder":true,"moduleType":"mindmap","isLocked":true},{"id":"system-notes","name":"\\ud83d\\udcdd Notes","type":"folder","parentId":null,"createdAt":"2025-12-07T14:51:28.980Z","updatedAt":"2025-12-07T14:51:28.980Z","isSystemFolder":true,"moduleType":"note","isLocked":true},{"id":"system-documents","name":"\\ud83d\\udcc4 Documents","type":"folder","parentId":null,"createdAt":"2025-12-07T14:51:28.980Z","updatedAt":"2025-12-07T14:51:28.980Z","isSystemFolder":true,"moduleType":"document","isLocked":true},{"id":"system-writing","name":"\\u270d\\ufe0f Writing","type":"folder","parentId":null,"createdAt":"2025-12-07T14:51:28.980Z","updatedAt":"2025-12-07T14:51:28.980Z","isSystemFolder":true,"moduleType":"writing","isLocked":true},{"id":"system-calendar","name":"\\ud83d\\udcc5 Calendar","type":"folder","parentId":null,"createdAt":"2025-12-07T14:51:28.980Z","updatedAt":"2025-12-07T14:51:28.980Z","isSystemFolder":true,"moduleType":"calendar","isLocked":true},{"id":"system-flashcards","name":"\\ud83c\\udfb4 Flashcards","type":"folder","parentId":null,"createdAt":"2025-12-07T14:51:28.980Z","updatedAt":"2025-12-07T14:51:28.980Z","isSystemFolder":true,"moduleType":"flashcard","isLocked":true},{"id":"system-quizzes","name":"\\u2753 Quiz","type":"folder","parentId":null,"createdAt":"2025-12-07T14:51:28.980Z","updatedAt":"2025-12-07T14:51:28.980Z","isSystemFolder":true,"moduleType":"quiz","isLocked":true},{"id":"system-code","name":"\\ud83d\\udcbb Code","type":"folder","parentId":null,"createdAt":"2025-12-07T14:51:28.980Z","updatedAt":"2025-12-07T14:51:28.980Z","isSystemFolder":true,"moduleType":"code","isLocked":true},{"id":"system-whiteboard","name":"\\ud83c\\udfa8 Whiteboard","type":"folder","parentId":null,"createdAt":"2025-12-07T14:51:28.980Z","updatedAt":"2025-12-07T14:51:28.980Z","isSystemFolder":true,"moduleType":"whiteboard","isLocked":true},{"id":"file-1765119180911-ayldb0iyt","name":"Min Kalender","type":"file","parentId":"system-calendar","createdAt":"2025-12-07T14:53:00.911Z","updatedAt":"2025-12-07T14:53:00.911Z","moduleType":"calendar","moduleItemId":"calendar-main","description":"0 hendelser totalt, 0 denne m\\u00e5neden","mimeType":"application\\/x-thvs-calendar"},{"id":"file-1765119901059-yjljlo8oi","name":"testing","type":"file","parentId":"system-mindmaps","createdAt":"2025-12-07T15:05:01.059Z","updatedAt":"2025-12-07T15:05:01.059Z","moduleType":"mindmap","moduleItemId":"mindmap-1765119892923","description":"0 noder","metadata":{"nodeCount":0},"mimeType":"application\\/x-thvs-mindmap"}],"sortBy":"name","sortOrder":"asc","viewMode":"grid","deletedModuleIds":["0","mindmap-1765119822044"]}', '2025-12-07 13:51:28', '2025-12-07 14:07:24'),
	(2076, 1, 'mindmap', 'mindmap-1765132011453', '{"nodes":[{"id":"group-1765137939186","type":"groupNode","position":{"x":240,"y":165},"data":{"label":"test","color":"#10b981","isGroup":true},"draggable":true,"selectable":true,"style":{"width":425,"height":311},"measured":{"width":485,"height":326},"selected":false,"dragging":false,"width":485,"height":326,"resizing":false},{"id":"root","type":"mindmapNode","position":{"x":120,"y":150},"data":{"label":"test","color":"#6366f1","parentGroup":"group-1765137939186","zIndex":187},"measured":{"width":140,"height":26},"selected":true,"dragging":false,"parentId":"group-1765137939186","extent":"parent","expandParent":true},{"id":"node-1765132012297","type":"mindmapNode","position":{"x":279,"y":9},"data":{"label":"test","color":"#60a5fa","parentGroup":"group-1765137939186","zIndex":188},"measured":{"width":140,"height":26},"selected":false,"dragging":false,"parentId":"group-1765137939186","extent":"parent","expandParent":true},{"id":"node-1765137817394","type":"mindmapNode","position":{"x":315,"y":120},"data":{"label":"test","color":"#34d399","parentGroup":"group-1765137939186","zIndex":189},"measured":{"width":140,"height":26},"selected":false,"dragging":false,"parentId":"group-1765137939186","extent":"parent","expandParent":true},{"id":"node-1765139584762","type":"mindmapNode","position":{"x":315,"y":270},"data":{"label":"New Node","color":"#10b981","parentGroup":"group-1765137939186"},"measured":{"width":140,"height":26},"selected":false,"dragging":false,"parentId":"group-1765137939186","extent":"parent","expandParent":true}],"edges":[{"source":"node-1765132012297","target":"root","type":"smoothstep","animated":true,"id":"xy-edge__node-1765132012297-root"},{"source":"node-1765137817394","target":"root","type":"smoothstep","animated":true,"id":"xy-edge__node-1765137817394-root"},{"source":"node-1765139584762","target":"root","targetHandle":"left","type":"smoothstep","animated":true,"id":"xy-edge__node-1765139584762-rootleft"}],"name":"jegerdeg","description":""}', '2025-12-07 17:26:52', '2025-12-15 07:01:34'),
	(2345, 1, 'quick_notes_node', 'note_1765033316129', '{"nodeId":"node-1765355266481"}', '2025-12-08 07:09:41', '2025-12-10 08:28:00'),
	(2350, 1, 'quick_notes_node', 'note_1765177806837', '{"nodeId":"node-1765271105213"}', '2025-12-08 07:10:13', '2025-12-09 09:05:55'),
	(2367, 1, 'whiteboard', 'whiteboard-1765177854872', '{"nodes":[],"edges":[],"selectedColor":"#000000","strokeWidth":2,"name":"test","description":""}', '2025-12-08 07:36:12', '2025-12-08 07:36:23'),
	(2409, 1, 'calendar', 'default', '{"events":[],"categories":[{"id":"work","name":"Work","color":"#3b82f6"},{"id":"personal","name":"Personal","color":"#22c55e"},{"id":"school","name":"School","color":"#f97316"},{"id":"meeting","name":"Meeting","color":"#8b5cf6"}]}', '2025-12-08 17:38:17', '2025-12-08 17:38:21'),
	(2520, 1, 'mindmap', 'mindmap-1765225679419', '{"nodes":[],"edges":[],"name":"","description":""}', '2025-12-08 20:28:04', '2025-12-08 20:28:04'),
	(2550, 1, 'mindmap', 'mindmap-1765268023878', '{"nodes":[],"edges":[],"name":"","description":""}', '2025-12-09 08:13:45', '2025-12-09 08:13:45'),
	(2695, 1, 'quick_notes_node', 'note_1765033724303', '{"nodeId":"node-1765355266481"}', '2025-12-10 08:28:12', '2025-12-10 08:28:12'),
	(2759, 4, 'fileexplorer', 'default', '{"files":[{"id":"system-mindmaps","name":"\\ud83e\\udde0 Mindmaps","type":"folder","parentId":null,"createdAt":"2025-12-15T09:13:23.226Z","updatedAt":"2025-12-15T09:13:23.226Z","isSystemFolder":true,"moduleType":"mindmap","isLocked":true},{"id":"system-notes","name":"\\ud83d\\udcdd Notes","type":"folder","parentId":null,"createdAt":"2025-12-15T09:13:23.226Z","updatedAt":"2025-12-15T09:13:23.226Z","isSystemFolder":true,"moduleType":"note","isLocked":true},{"id":"system-documents","name":"\\ud83d\\udcc4 Documents","type":"folder","parentId":null,"createdAt":"2025-12-15T09:13:23.226Z","updatedAt":"2025-12-15T09:13:23.226Z","isSystemFolder":true,"moduleType":"document","isLocked":true},{"id":"system-writing","name":"\\u270d\\ufe0f Writing","type":"folder","parentId":null,"createdAt":"2025-12-15T09:13:23.226Z","updatedAt":"2025-12-15T09:13:23.226Z","isSystemFolder":true,"moduleType":"writing","isLocked":true},{"id":"system-calendar","name":"\\ud83d\\udcc5 Calendar","type":"folder","parentId":null,"createdAt":"2025-12-15T09:13:23.226Z","updatedAt":"2025-12-15T09:13:23.226Z","isSystemFolder":true,"moduleType":"calendar","isLocked":true},{"id":"system-flashcards","name":"\\ud83c\\udfb4 Flashcards","type":"folder","parentId":null,"createdAt":"2025-12-15T09:13:23.226Z","updatedAt":"2025-12-15T09:13:23.226Z","isSystemFolder":true,"moduleType":"flashcard","isLocked":true},{"id":"system-quizzes","name":"\\u2753 Quiz","type":"folder","parentId":null,"createdAt":"2025-12-15T09:13:23.226Z","updatedAt":"2025-12-15T09:13:23.226Z","isSystemFolder":true,"moduleType":"quiz","isLocked":true},{"id":"system-code","name":"\\ud83d\\udcbb Code","type":"folder","parentId":null,"createdAt":"2025-12-15T09:13:23.226Z","updatedAt":"2025-12-15T09:13:23.226Z","isSystemFolder":true,"moduleType":"code","isLocked":true},{"id":"system-whiteboard","name":"\\ud83c\\udfa8 Whiteboard","type":"folder","parentId":null,"createdAt":"2025-12-15T09:13:23.226Z","updatedAt":"2025-12-15T09:13:23.226Z","isSystemFolder":true,"moduleType":"whiteboard","isLocked":true},{"id":"file-1765790035877-uqpvhfqw6","name":"Uten tittel","type":"file","parentId":"system-whiteboard","createdAt":"2025-12-15T09:13:55.877Z","updatedAt":"2025-12-15T09:13:55.903Z","moduleType":"whiteboard","moduleItemId":"whiteboard-1765789977534","description":"0 elementer","metadata":{"elementCount":0},"mimeType":"application\\/x-thvs-whiteboard"},{"id":"file-1765790036160-wzh1zby59","name":"Min Kalender","type":"file","parentId":"system-calendar","createdAt":"2025-12-15T09:13:56.160Z","updatedAt":"2025-12-15T09:13:56.168Z","moduleType":"calendar","moduleItemId":"calendar-main","description":"0 hendelser totalt, 0 denne m\\u00e5neden","mimeType":"application\\/x-thvs-calendar"},{"id":"file-1765790567573-3kaf6vw7l","name":"test quiz","type":"file","parentId":"system-quizzes","createdAt":"2025-12-15T09:22:47.573Z","updatedAt":"2025-12-15T09:22:47.589Z","moduleType":"quiz","moduleItemId":"quiz-1764872198-bf754414","metadata":{"quizCount":20,"quizMinutes":9,"quizSubject":"Norsk"},"mimeType":"application\\/x-thvs-quiz"},{"id":"file-1765790567573-4oyoo2wzu","name":"test","type":"file","parentId":"system-quizzes","createdAt":"2025-12-15T09:22:47.573Z","updatedAt":"2025-12-15T09:22:47.589Z","moduleType":"quiz","moduleItemId":"quiz-1765302081-6c1a5471","description":"test","metadata":{"quizCount":1,"quizMinutes":0,"quizSubject":"Matematikk"},"mimeType":"application\\/x-thvs-quiz"}],"sortBy":"name","sortOrder":"asc","viewMode":"grid","deletedModuleIds":[]}', '2025-12-15 09:13:24', '2025-12-15 09:22:48'),
	(2761, 5, 'fileexplorer', 'default', '{"files":[{"id":"system-mindmaps","name":"\\ud83e\\udde0 Mindmaps","type":"folder","parentId":null,"createdAt":"2025-12-15T09:20:15.253Z","updatedAt":"2025-12-15T09:20:15.253Z","isSystemFolder":true,"moduleType":"mindmap","isLocked":true},{"id":"system-notes","name":"\\ud83d\\udcdd Notes","type":"folder","parentId":null,"createdAt":"2025-12-15T09:20:15.253Z","updatedAt":"2025-12-15T09:20:15.253Z","isSystemFolder":true,"moduleType":"note","isLocked":true},{"id":"system-documents","name":"\\ud83d\\udcc4 Documents","type":"folder","parentId":null,"createdAt":"2025-12-15T09:20:15.253Z","updatedAt":"2025-12-15T09:20:15.253Z","isSystemFolder":true,"moduleType":"document","isLocked":true},{"id":"system-writing","name":"\\u270d\\ufe0f Writing","type":"folder","parentId":null,"createdAt":"2025-12-15T09:20:15.253Z","updatedAt":"2025-12-15T09:20:15.253Z","isSystemFolder":true,"moduleType":"writing","isLocked":true},{"id":"system-calendar","name":"\\ud83d\\udcc5 Calendar","type":"folder","parentId":null,"createdAt":"2025-12-15T09:20:15.253Z","updatedAt":"2025-12-15T09:20:15.253Z","isSystemFolder":true,"moduleType":"calendar","isLocked":true},{"id":"system-flashcards","name":"\\ud83c\\udfb4 Flashcards","type":"folder","parentId":null,"createdAt":"2025-12-15T09:20:15.253Z","updatedAt":"2025-12-15T09:20:15.253Z","isSystemFolder":true,"moduleType":"flashcard","isLocked":true},{"id":"system-quizzes","name":"\\u2753 Quiz","type":"folder","parentId":null,"createdAt":"2025-12-15T09:20:15.253Z","updatedAt":"2025-12-15T09:20:15.253Z","isSystemFolder":true,"moduleType":"quiz","isLocked":true},{"id":"system-code","name":"\\ud83d\\udcbb Code","type":"folder","parentId":null,"createdAt":"2025-12-15T09:20:15.253Z","updatedAt":"2025-12-15T09:20:15.253Z","isSystemFolder":true,"moduleType":"code","isLocked":true},{"id":"system-whiteboard","name":"\\ud83c\\udfa8 Whiteboard","type":"folder","parentId":null,"createdAt":"2025-12-15T09:20:15.253Z","updatedAt":"2025-12-15T09:20:15.253Z","isSystemFolder":true,"moduleType":"whiteboard","isLocked":true},{"id":"file-1765790532647-l6yxkz4d7","name":"test quiz","type":"file","parentId":"system-quizzes","createdAt":"2025-12-15T09:22:12.646Z","updatedAt":"2025-12-15T10:18:30.079Z","moduleType":"quiz","moduleItemId":"quiz-1764872198-bf754414","metadata":{"quizCount":20,"quizMinutes":9,"quizSubject":"Norsk"},"mimeType":"application\\/x-thvs-quiz"},{"id":"file-1765790532647-n8vk9g0in","name":"test","type":"file","parentId":"system-quizzes","createdAt":"2025-12-15T09:22:12.647Z","updatedAt":"2025-12-15T10:18:30.079Z","moduleType":"quiz","moduleItemId":"quiz-1765302081-6c1a5471","description":"test","metadata":{"quizCount":1,"quizMinutes":0,"quizSubject":"Matematikk"},"mimeType":"application\\/x-thvs-quiz"},{"id":"file-1765790548818-npxebxysj","name":"main.js","type":"file","parentId":"system-code","createdAt":"2025-12-15T09:22:28.818Z","updatedAt":"2025-12-15T09:22:28.835Z","moduleType":"code","moduleItemId":"1","description":"JavaScript fil","mimeType":"application\\/x-thvs-code"},{"id":"file-1765790865112-0xgutzgnr","name":"Untitled board","type":"file","parentId":"system-whiteboard","createdAt":"2025-12-15T09:27:45.112Z","updatedAt":"2025-12-15T09:27:45.131Z","moduleType":"whiteboard","moduleItemId":"whiteboard-1765790439543","description":"0 items","metadata":{"elementCount":0},"mimeType":"application\\/x-thvs-whiteboard"},{"id":"file-1765790868101-x3ucl8k5t","name":"Min Kalender","type":"file","parentId":"system-calendar","createdAt":"2025-12-15T09:27:48.101Z","updatedAt":"2025-12-15T09:27:48.118Z","moduleType":"calendar","moduleItemId":"calendar-main","description":"0 hendelser totalt, 0 denne m\\u00e5neden","mimeType":"application\\/x-thvs-calendar"},{"id":"file-1765793910079-4b8jwl9s2","name":"HeyTek","type":"file","parentId":"system-quizzes","createdAt":"2025-12-15T10:18:30.079Z","updatedAt":"2025-12-15T10:18:30.079Z","moduleType":"quiz","moduleItemId":"quiz-1765793909-ee166fce","metadata":{"quizCount":3,"quizMinutes":2,"quizSubject":"Norwegian"},"mimeType":"application\\/x-thvs-quiz"}],"sortBy":"name","sortOrder":"asc","viewMode":"grid","deletedModuleIds":[]}', '2025-12-15 09:20:16', '2025-12-15 10:18:31');

-- Dumping data for table thvs_mindmap.users: ~3 rows (approximately)
INSERT INTO `users` (`id`, `username`, `email`, `password_hash`, `display_name`, `role`, `created_at`, `updated_at`, `last_login`, `is_active`) VALUES
	(1, 'asarayja', 'melissa.tambs@gmail.com', '$2y$10$O7cn.nacLiZ.W.jbOuWVwuc94Em24ZSHr6hdL3OXgnqofwapNF2h2', 'Melissa Helena Tambs', 'admin', '2025-12-03 20:16:53', '2026-01-19 10:37:03', '2026-01-19 10:37:03', 1),
	(2, 'test', 'test@testesen.no', '$2y$10$sXypgFkrinPCkIxGNKyKcOcjCv5EQYzNVsfjkj0eOPH.WrvyadBYS', 'test', 'employee', '2025-12-05 20:56:38', '2025-12-07 13:51:26', '2025-12-07 13:51:26', 1),
	(3, 'ImmanuelHyttedalen', 'Immanuel.hyttedalen@vestfoldfylke.no', '$2y$10$wZD.BoAxpJvIgBi2BsCBH.9gYHeerr2Ndkha80mtGzXeKWimYX852', 'Immanuel Hyttedalen', 'admin', '2025-12-08 14:32:16', '2025-12-08 14:32:16', NULL, 1),
	(4, 'OleMortenHalvorsen', 'ole.morten.halvorsen@vestfoldfylke.no', '$2y$10$BzpETlcwnIzwPaLMMp6/7OR7R7L5c3t5oQoLetvUvyvK6cOpqBdIW', 'Ole Morten Halvorsen', 'admin', '2025-12-15 09:12:04', '2025-12-15 09:13:23', '2025-12-15 09:13:23', 1),
	(5, 'HenrikHallan', 'henrik.hallan@vestfoldfylke.no', '$2y$10$Hyq.ekErZ7h/sclE911JrOpcakI6kBuxj47Mpug2egkrifSekyQhK', 'Henrik Hallan', 'admin', '2025-12-15 09:19:34', '2025-12-15 09:20:15', '2025-12-15 09:20:15', 1);

-- Dumping data for table thvs_mindmap.writing_documents: ~0 rows (approximately)

-- Dumping data for table vorpcore_0cfb9f.bank_users: ~4 rows (approximately)
INSERT INTO `bank_users` (`id`, `name`, `identifier`, `charidentifier`, `money`, `gold`, `items`, `invspace`, `invweight`) VALUES
	(3, 'Valentine', 'steam:110000100aba649', 7, 0.00, 0.00, '[]', 10, NULL),
	(4, 'Valentine', 'steam:1100001019ec551', 9, 0.00, 0.00, '[]', 10, NULL),
	(5, 'Valentine', 'steam:1100001019ec551', 12, 0.00, 0.00, '[]', 10, NULL),
	(6, 'Blackwater', 'steam:1100001019ec551', 12, 0.00, 0.00, '[]', 10, NULL);

-- Dumping data for table vorpcore_0cfb9f.brevdue_addresses: ~0 rows (approximately)
INSERT INTO `brevdue_addresses` (`id`, `owner_charid`, `target_charid`, `name`, `created_at`) VALUES
	(10, '12', '7', 'hans fredriksen', '2025-12-14 20:32:51'),
	(12, '12', '6', 'Rip Jonsen', '2026-01-13 19:17:08');

-- Dumping data for table vorpcore_0cfb9f.brevdue_entries: ~50 rows (approximately)
INSERT INTO `brevdue_entries` (`id`, `entry_type`, `owner_charid`, `target_charid`, `sender_charid`, `sender_identifier`, `receiver_identifier`, `sender_name`, `receiver_name`, `message`, `name`, `stamps`, `sent_at`, `deliver_at`, `delivered`, `read_flag`, `created_at`) VALUES
	(68, 'message', NULL, 3, 5, 'steam:110000100aba649', 'steam:1100001019ec551', 'Leif Juster', 'Frida testesen', 'hehehehe', NULL, NULL, '2025-11-20 12:09:17', '2025-11-20 12:10:50', 1, 1, '2025-11-20 12:09:17'),
	(92, '', 3, NULL, NULL, NULL, NULL, NULL, NULL, '1766248651', NULL, NULL, '2025-11-20 16:37:32', NULL, 0, 0, '2025-11-20 16:37:32'),
	(93, '', 3, NULL, NULL, NULL, NULL, NULL, NULL, '1766248651', NULL, NULL, '2025-11-20 16:37:32', NULL, 0, 0, '2025-11-20 16:37:32'),
	(94, '', 3, NULL, NULL, NULL, NULL, NULL, NULL, '1766248651', NULL, NULL, '2025-11-20 16:37:32', NULL, 0, 0, '2025-11-20 16:37:32'),
	(95, '', 3, NULL, NULL, NULL, NULL, NULL, NULL, '1766248651', NULL, NULL, '2025-11-20 16:37:32', NULL, 0, 0, '2025-11-20 16:37:32'),
	(96, '', 3, NULL, NULL, NULL, NULL, NULL, NULL, '1766248651', NULL, NULL, '2025-11-20 16:37:32', NULL, 0, 0, '2025-11-20 16:37:32'),
	(97, '', 3, NULL, NULL, NULL, NULL, NULL, NULL, '1766248651', NULL, NULL, '2025-11-20 16:37:32', NULL, 0, 0, '2025-11-20 16:37:32'),
	(98, '', 3, NULL, NULL, NULL, NULL, NULL, NULL, '1766248651', NULL, NULL, '2025-11-20 16:37:32', NULL, 0, 0, '2025-11-20 16:37:32'),
	(99, '', 3, NULL, NULL, NULL, NULL, NULL, NULL, '1766248651', NULL, NULL, '2025-11-20 16:37:32', NULL, 0, 0, '2025-11-20 16:37:32'),
	(100, '', 3, NULL, NULL, NULL, NULL, NULL, NULL, '1766248651', NULL, NULL, '2025-11-20 16:37:32', NULL, 0, 0, '2025-11-20 16:37:32'),
	(101, '', 3, NULL, NULL, NULL, NULL, NULL, NULL, '1766248651', NULL, NULL, '2025-11-20 16:37:32', NULL, 0, 0, '2025-11-20 16:37:32'),
	(102, '', 3, NULL, NULL, NULL, NULL, NULL, NULL, '1766248684', NULL, NULL, '2025-11-20 16:38:04', NULL, 0, 0, '2025-11-20 16:38:04'),
	(103, '', 3, NULL, NULL, NULL, NULL, NULL, NULL, '1766248684', NULL, NULL, '2025-11-20 16:38:04', NULL, 0, 0, '2025-11-20 16:38:04'),
	(104, '', 3, NULL, NULL, NULL, NULL, NULL, NULL, '1766248684', NULL, NULL, '2025-11-20 16:38:04', NULL, 0, 0, '2025-11-20 16:38:04'),
	(105, '', 3, NULL, NULL, NULL, NULL, NULL, NULL, '1766248684', NULL, NULL, '2025-11-20 16:38:04', NULL, 0, 0, '2025-11-20 16:38:04'),
	(106, '', 3, NULL, NULL, NULL, NULL, NULL, NULL, '1766248684', NULL, NULL, '2025-11-20 16:38:04', NULL, 0, 0, '2025-11-20 16:38:04'),
	(107, '', 3, NULL, NULL, NULL, NULL, NULL, NULL, '1766248684', NULL, NULL, '2025-11-20 16:38:04', NULL, 0, 0, '2025-11-20 16:38:04'),
	(108, '', 3, NULL, NULL, NULL, NULL, NULL, NULL, '1766248684', NULL, NULL, '2025-11-20 16:38:04', NULL, 0, 0, '2025-11-20 16:38:04'),
	(109, '', 3, NULL, NULL, NULL, NULL, NULL, NULL, '1766248684', NULL, NULL, '2025-11-20 16:38:04', NULL, 0, 0, '2025-11-20 16:38:04'),
	(110, '', 3, NULL, NULL, NULL, NULL, NULL, NULL, '1766248684', NULL, NULL, '2025-11-20 16:38:04', NULL, 0, 0, '2025-11-20 16:38:04'),
	(111, '', 3, NULL, NULL, NULL, NULL, NULL, NULL, '1766248684', NULL, NULL, '2025-11-20 16:38:04', NULL, 0, 0, '2025-11-20 16:38:04'),
	(115, '', 6, NULL, NULL, NULL, NULL, NULL, NULL, '', NULL, NULL, '2025-11-21 22:01:50', NULL, 0, 0, '2025-11-21 22:01:50'),
	(116, '', 6, NULL, NULL, NULL, NULL, NULL, NULL, '', NULL, NULL, '2025-11-21 22:01:50', NULL, 0, 0, '2025-11-21 22:01:50'),
	(117, '', 6, NULL, NULL, NULL, NULL, NULL, NULL, '', NULL, NULL, '2025-11-21 22:01:50', NULL, 0, 0, '2025-11-21 22:01:50'),
	(118, '', 6, NULL, NULL, NULL, NULL, NULL, NULL, '', NULL, NULL, '2025-11-21 22:01:50', NULL, 0, 0, '2025-11-21 22:01:50'),
	(119, '', 6, NULL, NULL, NULL, NULL, NULL, NULL, '', NULL, NULL, '2025-11-21 22:01:50', NULL, 0, 0, '2025-11-21 22:01:50'),
	(120, '', 6, NULL, NULL, NULL, NULL, NULL, NULL, '', NULL, NULL, '2025-11-21 22:01:50', NULL, 0, 0, '2025-11-21 22:01:50'),
	(121, '', 6, NULL, NULL, NULL, NULL, NULL, NULL, '', NULL, NULL, '2025-11-21 22:01:50', NULL, 0, 0, '2025-11-21 22:01:50'),
	(122, '', 6, NULL, NULL, NULL, NULL, NULL, NULL, '', NULL, NULL, '2025-11-21 22:01:50', NULL, 0, 0, '2025-11-21 22:01:50'),
	(123, '', 6, NULL, NULL, NULL, NULL, NULL, NULL, '', NULL, NULL, '2025-11-21 22:01:50', NULL, 0, 0, '2025-11-21 22:01:50'),
	(124, '', 6, NULL, NULL, NULL, NULL, NULL, NULL, '', NULL, NULL, '2025-11-21 22:01:50', NULL, 0, 0, '2025-11-21 22:01:50'),
	(128, '', 7, NULL, NULL, NULL, NULL, NULL, NULL, '', NULL, NULL, '2025-11-22 17:55:45', NULL, 0, 0, '2025-11-22 17:55:45'),
	(130, '', 8, NULL, NULL, NULL, NULL, NULL, NULL, '', NULL, NULL, '2025-11-26 13:42:07', NULL, 0, 0, '2025-11-26 13:42:07'),
	(131, '', 8, NULL, NULL, NULL, NULL, NULL, NULL, '', NULL, NULL, '2025-11-26 13:42:07', NULL, 0, 0, '2025-11-26 13:42:07'),
	(132, '', 8, NULL, NULL, NULL, NULL, NULL, NULL, '', NULL, NULL, '2025-11-26 13:42:07', NULL, 0, 0, '2025-11-26 13:42:07'),
	(133, '', 8, NULL, NULL, NULL, NULL, NULL, NULL, '', NULL, NULL, '2025-11-26 13:42:07', NULL, 0, 0, '2025-11-26 13:42:07'),
	(134, '', 8, NULL, NULL, NULL, NULL, NULL, NULL, '', NULL, NULL, '2025-11-26 13:42:07', NULL, 0, 0, '2025-11-26 13:42:07'),
	(135, '', 8, NULL, NULL, NULL, NULL, NULL, NULL, '', NULL, NULL, '2025-11-26 13:42:32', NULL, 0, 0, '2025-11-26 13:42:32'),
	(136, '', 9, NULL, NULL, NULL, NULL, NULL, NULL, '', NULL, NULL, '2025-12-01 21:49:56', NULL, 0, 0, '2025-12-01 21:49:56'),
	(137, '', 9, NULL, NULL, NULL, NULL, NULL, NULL, '', NULL, NULL, '2025-12-01 21:49:56', NULL, 0, 0, '2025-12-01 21:49:56'),
	(138, '', 9, NULL, NULL, NULL, NULL, NULL, NULL, '', NULL, NULL, '2025-12-01 21:49:56', NULL, 0, 0, '2025-12-01 21:49:56'),
	(139, '', 9, NULL, NULL, NULL, NULL, NULL, NULL, '', NULL, NULL, '2025-12-02 07:36:27', NULL, 0, 0, '2025-12-02 07:36:27'),
	(140, '', 12, NULL, NULL, NULL, NULL, NULL, NULL, '', NULL, NULL, '2025-12-04 18:30:43', NULL, 0, 0, '2025-12-04 18:30:43'),
	(141, '', 12, NULL, NULL, NULL, NULL, NULL, NULL, '', NULL, NULL, '2025-12-12 09:30:32', NULL, 0, 0, '2025-12-12 09:30:32'),
	(142, '', 12, NULL, NULL, NULL, NULL, NULL, NULL, '', NULL, NULL, '2025-12-12 09:30:51', NULL, 0, 0, '2025-12-12 09:30:51'),
	(143, '', 12, NULL, NULL, NULL, NULL, NULL, NULL, '', NULL, NULL, '2025-12-12 09:41:38', NULL, 0, 0, '2025-12-12 09:41:38'),
	(144, '', 12, NULL, NULL, NULL, NULL, NULL, NULL, '', NULL, NULL, '2025-12-12 09:52:28', NULL, 0, 0, '2025-12-12 09:52:28'),
	(145, '', 12, NULL, NULL, NULL, NULL, NULL, NULL, '', NULL, NULL, '2025-12-12 17:23:40', NULL, 0, 0, '2025-12-12 17:23:40'),
	(146, '', 12, NULL, NULL, NULL, NULL, NULL, NULL, '', NULL, NULL, '2025-12-13 00:35:21', NULL, 0, 0, '2025-12-13 00:35:21'),
	(147, '', 12, NULL, NULL, NULL, NULL, NULL, NULL, '', NULL, NULL, '2025-12-14 18:54:49', NULL, 0, 0, '2025-12-14 18:54:49'),
	(148, '', 12, NULL, NULL, NULL, NULL, NULL, NULL, '', NULL, NULL, '2025-12-14 19:46:27', NULL, 0, 0, '2025-12-14 19:46:27'),
	(149, '', 12, NULL, NULL, NULL, NULL, NULL, NULL, '', NULL, NULL, '2025-12-14 19:52:15', NULL, 0, 0, '2025-12-14 19:52:15'),
	(150, '', 12, NULL, NULL, NULL, NULL, NULL, NULL, '', NULL, NULL, '2025-12-14 19:55:05', NULL, 0, 0, '2025-12-14 19:55:05'),
	(151, '', 12, NULL, NULL, NULL, NULL, NULL, NULL, '', NULL, NULL, '2025-12-14 19:55:13', NULL, 0, 0, '2025-12-14 19:55:13'),
	(152, '', 12, NULL, NULL, NULL, NULL, NULL, NULL, '', NULL, NULL, '2025-12-14 19:55:15', NULL, 0, 0, '2025-12-14 19:55:15'),
	(153, '', 12, NULL, NULL, NULL, NULL, NULL, NULL, '', NULL, NULL, '2025-12-14 19:55:17', NULL, 0, 0, '2025-12-14 19:55:17'),
	(154, '', 12, NULL, NULL, NULL, NULL, NULL, NULL, '', NULL, NULL, '2025-12-14 19:57:04', NULL, 0, 0, '2025-12-14 19:57:04'),
	(155, '', 12, NULL, NULL, NULL, NULL, NULL, NULL, '', NULL, NULL, '2025-12-14 19:57:36', NULL, 0, 0, '2025-12-14 19:57:36'),
	(156, '', 12, NULL, NULL, NULL, NULL, NULL, NULL, '', NULL, NULL, '2025-12-14 20:04:14', NULL, 0, 0, '2025-12-14 20:04:14'),
	(157, '', 12, NULL, NULL, NULL, NULL, NULL, NULL, '', NULL, NULL, '2025-12-14 20:25:46', NULL, 0, 0, '2025-12-14 20:25:46'),
	(158, '', 12, NULL, NULL, NULL, NULL, NULL, NULL, '', NULL, NULL, '2025-12-14 20:27:48', NULL, 0, 0, '2025-12-14 20:27:48'),
	(159, '', 12, NULL, NULL, NULL, NULL, NULL, NULL, '', NULL, NULL, '2025-12-14 20:30:43', NULL, 0, 0, '2025-12-14 20:30:43'),
	(160, '', 12, NULL, NULL, NULL, NULL, NULL, NULL, '', NULL, NULL, '2025-12-14 20:32:23', NULL, 0, 0, '2025-12-14 20:32:23'),
	(161, '', 12, NULL, NULL, NULL, NULL, NULL, NULL, '', NULL, NULL, '2025-12-14 20:33:53', NULL, 0, 0, '2025-12-14 20:33:53'),
	(162, '', 12, NULL, NULL, NULL, NULL, NULL, NULL, '', NULL, NULL, '2025-12-14 20:34:45', NULL, 0, 0, '2025-12-14 20:34:45'),
	(163, '', 12, NULL, NULL, NULL, NULL, NULL, NULL, '', NULL, NULL, '2025-12-14 20:35:23', NULL, 0, 0, '2025-12-14 20:35:23'),
	(164, '', 12, NULL, NULL, NULL, NULL, NULL, NULL, '', NULL, NULL, '2025-12-15 10:38:22', NULL, 0, 0, '2025-12-15 10:38:22'),
	(165, 'message', NULL, 7, 12, 'steam:1100001019ec551', 'steam:110000100aba649', 'thalessa hansen', 'hans fredriksen', 'test', NULL, NULL, '2025-12-15 10:52:34', '2025-12-15 10:54:27', 1, 1, '2025-12-15 10:52:34'),
	(166, 'message', NULL, 7, 12, 'steam:1100001019ec551', 'steam:110000100aba649', 'thalessa hansen', 'hans fredriksen', 'test', NULL, NULL, '2025-12-15 11:07:21', '2025-12-15 11:08:36', 1, 1, '2025-12-15 11:07:21'),
	(167, '', 12, NULL, NULL, NULL, NULL, NULL, NULL, '', NULL, NULL, '2025-12-15 11:45:55', NULL, 0, 0, '2025-12-15 11:45:55'),
	(168, '', 12, NULL, NULL, NULL, NULL, NULL, NULL, '', NULL, NULL, '2025-12-15 11:46:01', NULL, 0, 0, '2025-12-15 11:46:01'),
	(169, '', 12, NULL, NULL, NULL, NULL, NULL, NULL, '', NULL, NULL, '2025-12-15 11:47:03', NULL, 0, 0, '2025-12-15 11:47:03'),
	(170, 'message', NULL, 7, 12, 'steam:1100001019ec551', 'steam:110000100aba649', 'thalessa hansen', 'hans fredriksen', 'test', NULL, NULL, '2025-12-15 11:50:42', '2025-12-15 11:52:32', 1, 1, '2025-12-15 11:50:42'),
	(171, 'message', NULL, 7, 12, 'steam:1100001019ec551', 'steam:110000100aba649', 'thalessa hansen', 'hans fredriksen', 'test', NULL, NULL, '2025-12-15 11:51:03', '2025-12-15 11:52:34', 1, 1, '2025-12-15 11:51:03'),
	(172, 'message', NULL, 7, 12, 'steam:1100001019ec551', 'steam:110000100aba649', 'thalessa hansen', 'hans fredriksen', 'test2', NULL, NULL, '2025-12-15 11:51:18', '2025-12-15 11:53:11', 1, 1, '2025-12-15 11:51:18'),
	(173, 'message', NULL, 7, 12, 'steam:1100001019ec551', 'steam:110000100aba649', 'thalessa hansen', 'hans fredriksen', 'test', NULL, NULL, '2025-12-15 11:51:39', '2025-12-15 11:53:11', 1, 1, '2025-12-15 11:51:39'),
	(174, '', 12, NULL, NULL, NULL, NULL, NULL, NULL, '', NULL, NULL, '2025-12-16 10:38:08', NULL, 0, 0, '2025-12-16 10:38:08'),
	(175, '', 12, NULL, NULL, NULL, NULL, NULL, NULL, '', NULL, NULL, '2025-12-16 10:38:18', NULL, 0, 0, '2025-12-16 10:38:18'),
	(176, 'message', NULL, 7, 12, 'steam:1100001019ec551', 'steam:110000100aba649', 'thalessa hansen', 'hans fredriksen', 'dette er en test', NULL, NULL, '2025-12-16 10:38:35', '2025-12-16 10:40:03', 1, 1, '2025-12-16 10:38:35'),
	(177, 'message', NULL, 6, 12, 'steam:1100001019ec551', 'steam:110000101efe2ae', 'thalessa hansen', 'Rip Jonsen', 'Dette er en test', NULL, NULL, '2026-01-13 18:17:47', '2026-01-13 18:18:59', 1, 0, '2026-01-13 18:17:47'),
	(178, 'message', NULL, 6, 12, 'steam:1100001019ec551', 'steam:110000101efe2ae', 'thalessa hansen', 'Rip Jonsen', 'test', NULL, NULL, '2026-01-13 18:18:18', '2026-01-13 18:19:35', 1, 0, '2026-01-13 18:18:18'),
	(179, 'message', NULL, 6, 12, 'steam:1100001019ec551', 'steam:110000101efe2ae', 'thalessa hansen', 'Rip Jonsen', 'dette er en test', NULL, NULL, '2026-01-13 18:23:16', '2026-01-13 18:24:28', 1, 0, '2026-01-13 18:23:16'),
	(180, 'message', NULL, 6, 12, 'steam:1100001019ec551', 'steam:110000101efe2ae', 'thalessa hansen', 'Rip Jonsen', 'test2', NULL, NULL, '2026-01-13 18:25:54', '2026-01-13 18:27:40', 1, 0, '2026-01-13 18:25:54'),
	(181, 'message', NULL, 6, 12, 'steam:1100001019ec551', 'steam:110000101efe2ae', 'thalessa hansen', 'Rip Jonsen', 'test', NULL, NULL, '2026-01-13 18:26:42', '2026-01-13 18:28:12', 1, 0, '2026-01-13 18:26:42'),
	(182, '', 12, NULL, NULL, NULL, NULL, NULL, NULL, '', NULL, NULL, '2026-01-13 18:31:07', NULL, 0, 0, '2026-01-13 18:31:07'),
	(183, '', 12, NULL, NULL, NULL, NULL, NULL, NULL, '', NULL, NULL, '2026-01-13 18:31:07', NULL, 0, 0, '2026-01-13 18:31:07'),
	(184, '', 12, NULL, NULL, NULL, NULL, NULL, NULL, '', NULL, NULL, '2026-01-13 18:31:07', NULL, 0, 0, '2026-01-13 18:31:07'),
	(185, '', 12, NULL, NULL, NULL, NULL, NULL, NULL, '', NULL, NULL, '2026-01-13 18:31:07', NULL, 0, 0, '2026-01-13 18:31:07'),
	(186, '', 12, NULL, NULL, NULL, NULL, NULL, NULL, '', NULL, NULL, '2026-01-13 18:31:07', NULL, 0, 0, '2026-01-13 18:31:07'),
	(187, '', 12, NULL, NULL, NULL, NULL, NULL, NULL, '', NULL, NULL, '2026-01-13 18:31:07', NULL, 0, 0, '2026-01-13 18:31:07'),
	(188, '', 12, NULL, NULL, NULL, NULL, NULL, NULL, '', NULL, NULL, '2026-01-13 18:31:07', NULL, 0, 0, '2026-01-13 18:31:07'),
	(189, '', 12, NULL, NULL, NULL, NULL, NULL, NULL, '', NULL, NULL, '2026-01-13 18:31:07', NULL, 0, 0, '2026-01-13 18:31:07'),
	(190, '', 12, NULL, NULL, NULL, NULL, NULL, NULL, '', NULL, NULL, '2026-01-13 18:31:07', NULL, 0, 0, '2026-01-13 18:31:07'),
	(191, '', 12, NULL, NULL, NULL, NULL, NULL, NULL, '', NULL, NULL, '2026-01-13 18:31:07', NULL, 0, 0, '2026-01-13 18:31:07'),
	(192, 'message', NULL, 6, 12, 'steam:1100001019ec551', 'steam:110000101efe2ae', 'thalessa hansen', 'Rip Jonsen', 'tttt', NULL, NULL, '2026-01-13 18:31:27', '2026-01-13 18:32:48', 1, 0, '2026-01-13 18:31:27'),
	(193, 'message', NULL, 6, 12, 'steam:1100001019ec551', 'steam:110000101efe2ae', 'thalessa hansen', 'Rip Jonsen', 'tttt', NULL, NULL, '2026-01-13 18:33:59', '2026-01-13 18:35:41', 1, 0, '2026-01-13 18:33:59'),
	(194, 'message', NULL, 6, 12, 'steam:1100001019ec551', 'steam:110000101efe2ae', 'thalessa hansen', 'Rip Jonsen', 'ttttt', NULL, NULL, '2026-01-13 18:34:14', '2026-01-13 18:35:38', 1, 0, '2026-01-13 18:34:14'),
	(195, 'message', NULL, 6, 12, 'steam:1100001019ec551', 'steam:110000101efe2ae', 'thalessa hansen', 'Rip Jonsen', 'ttttttt', NULL, NULL, '2026-01-13 18:34:54', '2026-01-13 18:36:25', 1, 0, '2026-01-13 18:34:54'),
	(196, 'message', NULL, 7, 12, 'steam:1100001019ec551', 'steam:110000100aba649', 'thalessa hansen', 'hans fredriksen', 'test', NULL, NULL, '2026-01-13 20:13:14', '2026-01-13 20:15:06', 1, 1, '2026-01-13 20:13:14'),
	(197, 'message', NULL, 12, 7, 'steam:110000100aba649', 'steam:1100001019ec551', 'hans fredriksen', 'thalessa hansen', 'test', NULL, NULL, '2026-01-14 04:37:23', '2026-01-14 04:39:23', 1, 0, '2026-01-14 04:37:23'),
	(198, 'message', NULL, 12, 7, 'steam:110000100aba649', 'steam:1100001019ec551', 'hans fredriksen', 'thalessa hansen', '5555test', NULL, NULL, '2026-01-14 04:37:55', '2026-01-14 04:39:48', 1, 0, '2026-01-14 04:37:55'),
	(199, 'message', NULL, 6, 12, 'steam:1100001019ec551', 'steam:110000101efe2ae', 'thalessa hansen', 'Rip Jonsen', 'test', NULL, NULL, '2026-01-14 21:01:07', '2026-01-14 21:03:07', 1, 0, '2026-01-14 21:01:07'),
	(200, '', 12, NULL, NULL, NULL, NULL, NULL, NULL, '', NULL, NULL, '2026-01-14 21:01:50', NULL, 0, 0, '2026-01-14 21:01:50'),
	(201, '', 12, NULL, NULL, NULL, NULL, NULL, NULL, '', NULL, NULL, '2026-01-14 21:01:50', NULL, 0, 0, '2026-01-14 21:01:50'),
	(202, '', 12, NULL, NULL, NULL, NULL, NULL, NULL, '', NULL, NULL, '2026-01-14 21:01:50', NULL, 0, 0, '2026-01-14 21:01:50'),
	(203, '', 12, NULL, NULL, NULL, NULL, NULL, NULL, '', NULL, NULL, '2026-01-14 21:01:50', NULL, 0, 0, '2026-01-14 21:01:50'),
	(204, '', 12, NULL, NULL, NULL, NULL, NULL, NULL, '', NULL, NULL, '2026-01-14 21:01:50', NULL, 0, 0, '2026-01-14 21:01:50'),
	(205, '', 12, NULL, NULL, NULL, NULL, NULL, NULL, '', NULL, NULL, '2026-01-14 21:01:50', NULL, 0, 0, '2026-01-14 21:01:50'),
	(206, '', 12, NULL, NULL, NULL, NULL, NULL, NULL, '', NULL, NULL, '2026-01-14 21:01:50', NULL, 0, 0, '2026-01-14 21:01:50'),
	(207, '', 12, NULL, NULL, NULL, NULL, NULL, NULL, '', NULL, NULL, '2026-01-14 21:01:50', NULL, 0, 0, '2026-01-14 21:01:50'),
	(208, '', 12, NULL, NULL, NULL, NULL, NULL, NULL, '', NULL, NULL, '2026-01-14 21:01:50', NULL, 0, 0, '2026-01-14 21:01:50'),
	(209, '', 12, NULL, NULL, NULL, NULL, NULL, NULL, '', NULL, NULL, '2026-01-14 21:01:50', NULL, 0, 0, '2026-01-14 21:01:50'),
	(210, 'message', NULL, 6, 12, 'steam:1100001019ec551', 'steam:110000101efe2ae', 'thalessa hansen', 'Rip Jonsen', 'test', NULL, NULL, '2026-01-14 21:04:57', '2026-01-14 21:06:24', 1, 0, '2026-01-14 21:04:57'),
	(211, 'message', NULL, 6, 12, 'steam:1100001019ec551', 'steam:110000101efe2ae', 'thalessa hansen', 'Rip Jonsen', 'test', NULL, NULL, '2026-01-14 21:06:03', '2026-01-14 21:07:55', 1, 0, '2026-01-14 21:06:03'),
	(212, 'message', NULL, 6, 12, 'steam:1100001019ec551', 'steam:110000101efe2ae', 'thalessa hansen', 'Rip Jonsen', 'tttt', NULL, NULL, '2026-01-14 21:08:38', '2026-01-14 21:09:55', 1, 0, '2026-01-14 21:08:38'),
	(213, 'message', NULL, 6, 12, 'steam:1100001019ec551', 'steam:110000101efe2ae', 'thalessa hansen', 'Rip Jonsen', 'test', NULL, NULL, '2026-01-14 21:11:24', '2026-01-14 21:12:51', 1, 0, '2026-01-14 21:11:24'),
	(214, 'message', NULL, 7, 12, 'steam:1100001019ec551', 'steam:110000100aba649', 'thalessa hansen', 'hans fredriksen', 'test', NULL, NULL, '2026-01-14 21:12:17', '2026-01-14 21:14:13', 1, 0, '2026-01-14 21:12:17'),
	(215, 'message', NULL, 6, 12, 'steam:1100001019ec551', 'steam:110000101efe2ae', 'thalessa hansen', 'Rip Jonsen', 'test', NULL, NULL, '2026-01-14 21:13:58', '2026-01-14 21:15:24', 1, 0, '2026-01-14 21:13:58'),
	(216, 'message', NULL, 7, 12, 'steam:1100001019ec551', 'steam:110000100aba649', 'thalessa hansen', 'hans fredriksen', 'test', NULL, NULL, '2026-01-14 21:18:23', '2026-01-14 21:20:13', 1, 0, '2026-01-14 21:18:23'),
	(217, 'message', NULL, 7, 12, 'steam:1100001019ec551', 'steam:110000100aba649', 'thalessa hansen', 'hans fredriksen', 'tttt', NULL, NULL, '2026-01-14 21:20:36', '2026-01-14 21:21:55', 1, 0, '2026-01-14 21:20:36'),
	(218, 'message', NULL, 7, 12, 'steam:1100001019ec551', 'steam:110000100aba649', 'thalessa hansen', 'hans fredriksen', 'test2', NULL, NULL, '2026-01-14 21:22:27', '2026-01-14 21:23:37', 1, 0, '2026-01-14 21:22:27'),
	(219, '', 12, NULL, NULL, NULL, NULL, NULL, NULL, '', NULL, NULL, '2026-01-14 21:23:50', NULL, 0, 0, '2026-01-14 21:23:50'),
	(220, '', 12, NULL, NULL, NULL, NULL, NULL, NULL, '', NULL, NULL, '2026-01-14 21:23:50', NULL, 0, 0, '2026-01-14 21:23:50'),
	(221, '', 12, NULL, NULL, NULL, NULL, NULL, NULL, '', NULL, NULL, '2026-01-14 21:23:50', NULL, 0, 0, '2026-01-14 21:23:50'),
	(222, '', 12, NULL, NULL, NULL, NULL, NULL, NULL, '', NULL, NULL, '2026-01-14 21:23:50', NULL, 0, 0, '2026-01-14 21:23:50'),
	(223, '', 12, NULL, NULL, NULL, NULL, NULL, NULL, '', NULL, NULL, '2026-01-14 21:23:50', NULL, 0, 0, '2026-01-14 21:23:50'),
	(224, 'message', NULL, 7, 12, 'steam:1100001019ec551', 'steam:110000100aba649', 'thalessa hansen', 'hans fredriksen', 'test', NULL, NULL, '2026-01-14 21:24:27', '2026-01-14 21:25:37', 1, 0, '2026-01-14 21:24:27'),
	(225, 'message', NULL, 7, 12, 'steam:1100001019ec551', 'steam:110000100aba649', 'thalessa hansen', 'hans fredriksen', 'test', NULL, NULL, '2026-01-14 21:26:38', '2026-01-14 21:28:03', 1, 0, '2026-01-14 21:26:38'),
	(226, 'message', NULL, 7, 12, 'steam:1100001019ec551', 'steam:110000100aba649', 'thalessa hansen', 'hans fredriksen', 'test2', NULL, NULL, '2026-01-14 21:28:32', '2026-01-14 21:30:30', 1, 0, '2026-01-14 21:28:32'),
	(227, 'message', NULL, 7, 12, 'steam:1100001019ec551', 'steam:110000100aba649', 'thalessa hansen', 'hans fredriksen', 'test23', NULL, NULL, '2026-01-14 21:32:49', '2026-01-14 21:34:33', 1, 0, '2026-01-14 21:32:49'),
	(228, 'message', NULL, 7, 12, 'steam:1100001019ec551', 'steam:110000100aba649', 'thalessa hansen', 'hans fredriksen', 'tttt', NULL, NULL, '2026-01-14 21:34:31', '2026-01-14 21:36:16', 1, 0, '2026-01-14 21:34:31'),
	(229, 'message', NULL, 7, 12, 'steam:1100001019ec551', 'steam:110000100aba649', 'thalessa hansen', 'hans fredriksen', 'tttttt', NULL, NULL, '2026-01-14 21:35:17', '2026-01-14 21:37:01', 1, 0, '2026-01-14 21:35:17'),
	(230, '', 12, NULL, NULL, NULL, NULL, NULL, NULL, '', NULL, NULL, '2026-01-15 08:43:58', NULL, 0, 0, '2026-01-15 08:43:58'),
	(231, '', 12, NULL, NULL, NULL, NULL, NULL, NULL, '', NULL, NULL, '2026-01-15 08:43:58', NULL, 0, 0, '2026-01-15 08:43:58'),
	(232, '', 12, NULL, NULL, NULL, NULL, NULL, NULL, '', NULL, NULL, '2026-01-15 08:43:58', NULL, 0, 0, '2026-01-15 08:43:58'),
	(233, '', 12, NULL, NULL, NULL, NULL, NULL, NULL, '', NULL, NULL, '2026-01-15 08:43:58', NULL, 0, 0, '2026-01-15 08:43:58'),
	(234, '', 12, NULL, NULL, NULL, NULL, NULL, NULL, '', NULL, NULL, '2026-01-15 08:43:58', NULL, 0, 0, '2026-01-15 08:43:58'),
	(235, '', 12, NULL, NULL, NULL, NULL, NULL, NULL, '', NULL, NULL, '2026-01-15 08:43:58', NULL, 0, 0, '2026-01-15 08:43:58'),
	(236, '', 12, NULL, NULL, NULL, NULL, NULL, NULL, '', NULL, NULL, '2026-01-15 08:43:58', NULL, 0, 0, '2026-01-15 08:43:58'),
	(237, '', 12, NULL, NULL, NULL, NULL, NULL, NULL, '', NULL, NULL, '2026-01-15 08:43:58', NULL, 0, 0, '2026-01-15 08:43:58'),
	(238, '', 12, NULL, NULL, NULL, NULL, NULL, NULL, '', NULL, NULL, '2026-01-15 08:43:58', NULL, 0, 0, '2026-01-15 08:43:58'),
	(239, '', 12, NULL, NULL, NULL, NULL, NULL, NULL, '', NULL, NULL, '2026-01-15 08:43:58', NULL, 0, 0, '2026-01-15 08:43:58'),
	(240, 'message', NULL, 6, 12, 'steam:1100001019ec551', 'steam:110000101efe2ae', 'thalessa hansen', 'Rip Jonsen', 'test', NULL, NULL, '2026-01-15 08:45:00', '2026-01-15 08:46:42', 1, 0, '2026-01-15 08:45:00'),
	(241, 'message', NULL, 6, 12, 'steam:1100001019ec551', 'steam:110000101efe2ae', 'thalessa hansen', 'Rip Jonsen', 'test', NULL, NULL, '2026-01-15 08:45:48', '2026-01-15 08:47:24', 1, 0, '2026-01-15 08:45:48'),
	(242, 'message', NULL, 6, 12, 'steam:1100001019ec551', 'steam:110000101efe2ae', 'thalessa hansen', 'Rip Jonsen', 'test', NULL, NULL, '2026-01-15 08:47:18', '2026-01-15 08:49:17', 1, 0, '2026-01-15 08:47:18');

-- Dumping data for table vorpcore_0cfb9f.brevdue_postnumbers: ~3 rows (approximately)
INSERT INTO `brevdue_postnumbers` (`id`, `identifier`, `post_number`, `created_at`) VALUES
	(1, 'steam:110000101efe2ae', 8482, '2025-11-19 11:13:38'),
	(2, 'steam:1100001019ec551', 8416, '2025-11-19 12:09:17'),
	(3, 'steam:110000100aba649', 6357, '2025-11-20 10:58:30');

-- Dumping data for table vorpcore_0cfb9f.brevdue_stamps: ~2 rows (approximately)
INSERT INTO `brevdue_stamps` (`owner_charid`, `stamps`) VALUES
	('3', 35),
	('4', 3);

-- Dumping data for table vorpcore_0cfb9f.business_accounts: ~4 rows (approximately)
INSERT INTO `business_accounts` (`id`, `job`, `label`, `balance`) VALUES
	(1, 'gunsmith', 'Våpensmed', 5000),
	(2, 'blacksmith', 'Smed', 5000),
	(3, 'cook', 'Kokk', 5000),
	(4, 'doctor', 'Doktor', 5000);

-- Dumping data for table vorpcore_0cfb9f.business_shop_items: ~2 rows (approximately)
INSERT INTO `business_shop_items` (`id`, `business`, `item`, `label`, `price`, `stock`) VALUES
	(1, 'gunsmith', 'ammorepeatersplitpoint', 'ammorepeatersplitpoint', 10, 100),
	(2, 'gunsmith', 'ammo_pistol', 'Pistol kuler x30', 10, 56);

-- Dumping data for table vorpcore_0cfb9f.character_inventories: ~88 rows (approximately)
INSERT INTO `character_inventories` (`character_id`, `inventory_type`, `item_crafted_id`, `item_name`, `amount`, `created_at`, `degradation`, `percentage`) VALUES
	(1, 'default', 1, 'consumable_raspberrywater', 2, '2025-11-06 20:14:32', NULL, NULL),
	(1, 'default', 2, 'ammorevolvernormal', 1, '2025-11-06 20:14:32', NULL, NULL),
	(2, 'default', 4, 'ammorevolvernormal', 1, '2025-11-06 21:17:09', NULL, NULL),
	(2, 'default', 14, 'consumable_bluegil', 3, '2025-11-08 03:47:58', NULL, NULL),
	(2, 'default', 15, 'consumable_raspberrywater', 7, '2025-11-08 03:48:32', NULL, NULL),
	(2, 'default', 16, 'handcuffs', 1, '2025-11-08 04:21:30', NULL, NULL),
	(2, 'default', 17, 'handcuffkey', 1, '2025-11-08 04:21:56', NULL, NULL),
	(4, 'default', 25, 'ammoarrownormal', 1, '2025-11-18 20:51:51', NULL, NULL),
	(3, 'default', 32, 'stamp', 20, '2025-11-19 21:24:36', NULL, NULL),
	(4, 'default', 33, 'stamp', 4, '2025-11-19 21:26:19', NULL, NULL),
	(4, 'default', 34, 'blueberry', 2, '2025-11-19 21:29:00', NULL, NULL),
	(5, 'default', 49, 'stamp', 40, '2025-11-20 10:58:49', NULL, NULL),
	(5, 'default', 53, 'ammoriflenormal', 8, '2025-11-20 11:31:09', NULL, NULL),
	(5, 'default', 60, 'water', 12, '2025-11-20 12:15:54', NULL, NULL),
	(5, 'default', 61, 'ammoshotgunslug', 5, '2025-11-20 12:17:26', NULL, NULL),
	(5, 'default', 75, 'consumable_breakfast', 5, '2025-11-20 14:06:11', NULL, NULL),
	(5, 'default', 77, 'consumable_raspberrywater', 6, '2025-11-20 14:06:41', NULL, NULL),
	(5, 'default', 78, 'pidgeon', 1, '2025-11-20 14:19:02', NULL, NULL),
	(3, 'default', 89, 'pidgeon', 7, '2025-11-20 16:37:31', NULL, NULL),
	(3, 'default', 94, 'water', 1, '2025-11-21 19:37:31', NULL, NULL),
	(6, 'default', 98, 'Crows_Garlic', 1, '2025-11-21 21:05:06', NULL, NULL),
	(6, 'default', 99, 'ammorevolversplitpoint', 1, '2025-11-21 21:13:37', NULL, NULL),
	(3, 'default', 100, 'empty_bottle', 2, '2025-11-21 21:31:20', NULL, NULL),
	(6, 'default', 102, 'pidgeon', 9, '2025-11-21 22:01:50', NULL, NULL),
	(6, 'default', 103, 'hk_1', 1, '2025-11-21 22:08:58', NULL, NULL),
	(6, 'default', 105, 'stamp', 24, '2025-11-21 22:42:09', NULL, NULL),
	(6, 'default', 106, 'Red_Sage', 1, '2025-11-21 22:42:56', NULL, NULL),
	(6, 'default', 107, 'Oregano', 5, '2025-11-21 22:43:16', NULL, NULL),
	(7, 'default', 111, 'pidgeon', 1, '2025-11-22 17:55:45', NULL, NULL),
	(7, 'default', 112, 'stamp', 27, '2025-11-22 17:55:58', NULL, NULL),
	(3, 'default', 116, 'td_notebook_book', 1, '2025-11-22 20:52:31', NULL, NULL),
	(6, 'default', 117, 'td_notebook_book', 1, '2025-11-22 21:05:53', NULL, NULL),
	(3, 'default', 121, 'td_document', 1, '2025-11-22 22:16:58', NULL, NULL),
	(3, 'default', 122, 'ammoriflesplitpoint', 10, '2025-11-22 22:32:43', NULL, NULL),
	(8, 'default', 126, 'td_notebook_book', 1, '2025-11-22 22:59:10', NULL, NULL),
	(7, 'default', 133, 'td_notebook_book', 1, '2025-11-23 19:06:07', NULL, NULL),
	(6, 'default', 135, 'td_document', 1, '2025-11-24 02:21:16', NULL, NULL),
	(8, 'default', 138, 'ammoriflenormal', 2, '2025-11-25 12:50:50', NULL, NULL),
	(8, 'default', 156, 'bcc_empty_bottle', 10, '2025-11-26 13:16:38', NULL, NULL),
	(8, 'default', 157, 'stamp', 5, '2025-11-26 13:42:03', NULL, NULL),
	(8, 'default', 158, 'pidgeon', 1, '2025-11-26 13:43:01', NULL, NULL),
	(8, 'default', 159, 'td_document', 1, '2025-11-26 13:45:27', NULL, NULL),
	(9, 'default', 161, 'consumable_raspberrywater', 1, '2025-11-26 22:37:19', NULL, NULL),
	(7, 'default', 175, 'pipe', 1, '2025-11-27 13:30:08', NULL, NULL),
	(7, 'default', 179, 'pocket_watch', 1, '2025-11-27 13:57:55', NULL, NULL),
	(7, 'default', 183, 'Indian_Tobbaco', 1, '2025-11-27 14:00:41', NULL, NULL),
	(7, 'default', 184, 'cigar', 1, '2025-11-27 14:01:44', NULL, NULL),
	(9, 'default', 187, 'lead_ore', 21, '2025-11-27 14:15:55', NULL, NULL),
	(9, 'default', 188, 'smith_hammer', 1, '2025-11-27 14:17:11', NULL, NULL),
	(7, 'default', 206, 'canteen', 1, '2025-12-01 11:20:45', NULL, NULL),
	(7, 'default', 209, 'consumable_donut', 1, '2025-12-01 11:44:13', NULL, NULL),
	(7, 'default', 210, 'whisky', 3, '2025-12-01 11:44:57', NULL, NULL),
	(7, 'default', 211, 'consumable_raspberrywater', 4, '2025-12-01 11:44:57', NULL, NULL),
	(9, 'default', 212, 'ammobolla', 10, '2025-12-01 11:45:18', NULL, NULL),
	(9, 'default', 215, 'td_notebook_book', 1, '2025-12-01 13:03:52', NULL, NULL),
	(9, 'default', 218, 'brass', 21, '2025-12-01 17:58:26', NULL, NULL),
	(9, 'default', 227, 'stamp', 5, '2025-12-02 07:36:09', NULL, NULL),
	(9, 'default', 228, 'pigeon', 1, '2025-12-02 07:36:27', NULL, NULL),
	(9, 'default', 231, 'gunpowder', 2, '2025-12-02 09:08:28', NULL, NULL),
	(9, 'default', 233, 'td_document', 1, '2025-12-02 09:48:32', NULL, NULL),
	(9, 'default', 239, 'ammovarmint', 8, '2025-12-02 18:35:48', NULL, NULL),
	(10, 'default', 240, 'consumable_raspberrywater', 2, '2025-12-02 20:09:38', NULL, NULL),
	(10, 'default', 241, 'ammorevolvernormal', 1, '2025-12-02 20:09:38', NULL, NULL),
	(11, 'default', 242, 'ammorevolvernormal', 1, '2025-12-02 20:39:57', NULL, NULL),
	(11, 'default', 243, 'consumable_raspberrywater', 2, '2025-12-02 20:39:57', NULL, NULL),
	(11, 'default', 244, 'ammovarmint', 9, '2025-12-02 20:45:17', NULL, NULL),
	(12, 'default', 245, 'consumable_raspberrywater', 2, '2025-12-02 22:31:26', NULL, NULL),
	(7, 'default', 250, 'ammobolla', 1, '2025-12-03 08:46:56', NULL, NULL),
	(7, 'default', 269, 'ammodynamite', 5, '2025-12-03 11:25:21', NULL, NULL),
	(12, 'default', 272, 'brass', 15, '2025-12-03 12:05:08', NULL, NULL),
	(12, 'default', 274, 'smith_hammer', 1, '2025-12-03 12:05:58', NULL, NULL),
	(12, 'default', 276, 'gunpowder', 7, '2025-12-03 12:16:54', NULL, NULL),
	(12, 'default', 278, 'td_notebook_book', 1, '2025-12-04 18:27:59', NULL, NULL),
	(7, 'default', 284, 'bird', 1, '2025-12-05 15:06:37', NULL, NULL),
	(7, 'default', 285, 'turkeyf', 1, '2025-12-05 15:06:37', NULL, NULL),
	(7, 'default', 286, 'turkeyb', 1, '2025-12-05 15:06:37', NULL, NULL),
	(7, 'default', 287, 'td_document', 1, '2025-12-07 13:58:38', NULL, NULL),
	(12, 'default', 289, 'pocket_watch_silver', 1, '2025-12-12 08:59:56', NULL, NULL),
	(12, 'default', 296, 'pigeon', 1, '2025-12-12 17:23:40', NULL, NULL),
	(12, 'default', 298, 'bandage', 3, '2025-12-12 17:38:34', NULL, NULL),
	(12, 'default', 299, 'lead_ore', 14, '2025-12-12 19:55:36', NULL, NULL),
	(12, 'default', 307, 'td_drawing', 1, '2025-12-13 00:22:49', NULL, NULL),
	(12, 'default', 323, 'ammorepeatersplitpoint', 10, '2025-12-16 10:30:19', NULL, NULL),
	(12, 'default', 325, 'stamp', 14, '2025-12-16 10:38:15', NULL, NULL),
	(12, 'default', 327, 'Oregano', 2, '2025-12-20 19:59:17', NULL, NULL),
	(7, 'default', 332, 'pigeon', 5, '2026-01-13 20:17:32', NULL, NULL),
	(7, 'default', 334, 'bandage', 12, '2026-01-13 20:47:26', NULL, NULL),
	(12, 'default', 337, 'pigeon', 10, '2026-01-15 08:43:57', NULL, NULL);

-- Dumping data for table vorpcore_0cfb9f.characters: ~3 rows (approximately)
INSERT INTO `characters` (`identifier`, `steamname`, `charidentifier`, `group`, `money`, `gold`, `rol`, `xp`, `healthouter`, `healthinner`, `staminaouter`, `staminainner`, `hours`, `LastLogin`, `inventory`, `slots`, `job`, `joblabel`, `multijobs`, `meta`, `firstname`, `lastname`, `character_desc`, `gender`, `age`, `nickname`, `skinPlayer`, `compPlayer`, `compTints`, `jobgrade`, `coords`, `status`, `isdead`, `skills`, `walk`, `gunsmith`, `ammo`, `discordid`, `lastjoined`) VALUES
	('steam:110000100aba649', 'Zycronix', 7, 'admin', 175786.83, 4995.00, 0.00, 5, 500, 100, 500, 100, 0, '2026-01-14', '{}', 95.0, 'unemployed', 'Unemployed', '[]', '{}', 'hans', 'fredriksen', 'jadda', 'Male', 30, 'Driper', '{"Body":-162963160,"acne_tx_id":0,"lipsticks_opacity":0,"acne_opacity":0,"NoseAng":0.0,"NoseW":0.0,"EyeLidW":0.0,"EarsW":0.0,"HipsS":0.0,"MouthCRW":0.0,"FaceD":0.0,"paintedmasks_palette_id":0,"scars_opacity":0,"complex_opacity":0,"lipsticks_tx_id":0,"moles_visibility":0,"EyeDis":0.0,"ageing_visibility":0,"albedo":317354806,"eyebrows_visibility":1,"HeadSize":0.0,"MouthX":0.0,"eyeliner_palette_id":0,"EyeBrowW":0.0,"blush_palette_color_primary":0,"lipsticks_visibility":0,"ShouldersS":0.0,"scars_visibility":0,"Torso":0,"Hair":2112480140,"FaceW":0.0,"beardstabble_color_primary":0,"MouthCLW":0.0,"NoseC":0.0,"foundation_palette_color_tertiary":0,"NoseS":0.0,"BodyType":-162963160,"hair_opacity":0,"WaistW":0.0,"grime_tx_id":0,"Eyes":612262189,"shadows_palette_color_primary":0,"NeckW":0.0,"EyeBrowH":0.0,"CheekBonesW":0.0,"NoseH":0.0,"moles_tx_id":0,"CalvesS":0.0,"shadows_visibility":0,"lipsticks_palette_color_primary":0,"eyebrows_tx_id":1,"EyeBrowD":0.0,"JawD":0.0,"freckles_visibility":0,"foundation_tx_id":0,"CheekBonesD":0.0,"ULiphW":0.0,"Beard":0,"LegsS":0.0,"ULiphH":0.0,"freckles_opacity":0,"MouthCRH":0.0,"ChinH":0.0,"beardstabble_opacity":0,"HeadType":-2064391035,"LegsType":174153218,"Scale":0.0,"blush_opacity":0,"NoseDis":0.0,"MouthCRD":0.0,"MouthCRLD":0.0,"ShouldersM":0.0,"spots_tx_id":0,"hair_tx_id":0,"EyeLidH":0.0,"FaceS":0.0,"EyeLidR":0.0,"LLiphD":0.0,"shadows_tx_id":0,"hair_color_primary":0,"EyeLidL":0.0,"paintedmasks_opacity":0,"paintedmasks_palette_color_primary":0,"acne_visibility":0,"paintedmasks_palette_color_secondary":0,"ULiphD":0.0,"foundation_palette_color_secondary":0,"lipsticks_palette_color_tertiary":0,"paintedmasks_palette_color_tertiary":0,"paintedmasks_visibility":0,"foundation_palette_id":0,"paintedmasks_tx_id":0,"lipsticks_palette_id":0,"ageing_tx_id":0,"EyeH":0.0,"foundation_palette_color_primary":0,"foundation_visibility":0,"ageing_opacity":0,"JawW":0.0,"MouthY":0.0,"blush_palette_id":0,"eyeliner_color_primary":0,"ChinW":0.0,"EarsD":0.0,"blush_visibility":0,"sex":"mp_male","disc_opacity":0,"disc_visibility":0,"beardstabble_visibility":0,"blush_tx_id":0,"MouthCLLD":0.0,"beardstabble_tx_id":0,"grime_visibility":0,"MouthD":0.0,"lipsticks_palette_color_secondary":0,"eyeliner_tx_id":0,"eyeliner_opacity":0,"shadows_palette_color_secondary":0,"shadows_opacity":0,"shadows_palette_color_tertiary":0,"shadows_palette_id":0,"MouthCLD":0.0,"foundation_opacity":0,"EarsA":0.0,"MouthCLH":0.0,"grime_opacity":0,"eyeliner_visibility":0,"spots_opacity":0,"freckles_tx_id":0,"complex_tx_id":0,"disc_tx_id":0,"complex_visibility":0,"moles_opacity":0,"EarsH":0.0,"ShouldersT":0.0,"scars_tx_id":0,"eyebrows_color":1064202495,"eyebrows_opacity":1.0,"Waist":0,"JawH":0.0,"hair_visibility":0,"LLiphW":0.0,"ChinD":0.0,"CheekBonesH":0.0,"LLiphH":0.0,"spots_visibility":0,"ChestS":0.0,"NeckD":0.0,"EyeAng":0.0,"EyeD":0.0,"MouthW":0.0,"ArmsS":0.0}', '{"NeckTies":-1,"Mask":-1,"RingLh":-1,"Cloak":-1,"CoatClosed":-1,"Poncho":-1,"Teeth":712446626,"Bracelet":-1,"Bow":-1,"Vest":-1,"EyeWear":-1,"Buckle":-1,"Belt":-1,"Pant":1939930032,"Chap":-1,"Skirt":-1,"Badge":-1,"Gauntlets":-1,"RingRh":-1,"Spurs":-1,"Coat":-1,"Holster":-1,"Suspender":-1,"Spats":-1,"Dress":-1,"GunbeltAccs":-1,"Accessories":-1,"Satchels":-1,"Gunbelt":795591403,"Hat":-1,"Glove":-1,"NeckWear":-1,"Boots":-218859683,"Loadouts":-1,"Shirt":-1665588256,"Armor":-1}', '{"Boots":{"-218859683":{"tint2":0,"tint1":0,"palette":0,"tint0":0}},"Pant":{"1939930032":{"tint2":0,"tint1":0,"palette":0,"tint0":0}},"Shirt":{"-1665588256":{"tint2":0,"tint1":0,"palette":0,"tint0":0}}}', 0, '{"x":-346.5626220703125,"heading":215.43309020996095,"z":115.87109375,"y":784.3516235351563}', '{"Thirst":412,"Metabolism":-10000,"Hunger":703}', 0, '{"Crafting":{"Label":"Beginner","MaxLevel":5,"NextLevel":100,"Exp":0,"Level":1},"Mining":{"Label":"Beginner","MaxLevel":5,"NextLevel":100,"Exp":0,"Level":1},"Hunting":{"Label":"Beginner","MaxLevel":5,"NextLevel":100,"Exp":0,"Level":1},"Fishing":{"Label":"Beginner","MaxLevel":5,"NextLevel":100,"Exp":0,"Level":1}}', 'noanim', 0.00, '{"AMMO_PISTOL_EXPRESS":0,"AMMO_SHOTGUN_SLUG":60,"AMMO_RIFLE_ELEPHANT":2,"AMMO_PISTOL":59,"AMMO_BOLAS":2,"AMMO_ARROW_SMALL_GAME":0,"AMMO_DYNAMITE":0,"AMMO_RIFLE_SPLIT_POINT":0,"AMMO_RIFLE_HIGH_VELOCITY":3,"AMMO_PISTOL_SPLIT_POINT":13,"AMMO_ARROW":9}', '413016205545177097', '[]'),
	('steam:1100001019ec551', 'Asarayja', 12, 'admin', 296517.28, 4995.00, 0.00, 0, 500, 100, 500, 100, 0, '2026-01-15', '{}', 95.0, 'gunsmith', 'Våpensmed', '[]', '{}', 'thalessa', 'hansen', 'none', 'Female', 36, 'none', '{"WaistW":0.0,"shadows_visibility":0,"eyeliner_color_primary":0,"EyeLidL":0.0,"eyebrows_visibility":1,"Hair":-407105952,"shadows_palette_id":0,"EyeLidW":0.0,"shadows_palette_color_secondary":0,"MouthW":0.0,"disc_tx_id":0,"ageing_opacity":0,"ShouldersM":0.0,"eyeliner_opacity":0,"FaceS":0.0,"shadows_tx_id":0,"paintedmasks_palette_color_primary":0,"shadows_palette_color_tertiary":0,"EyeDis":0.0,"scars_visibility":0,"EarsA":0.0,"scars_opacity":0,"ULiphD":0.0,"MouthCRW":0.0,"MouthCLD":0.0,"shadows_opacity":0,"LLiphD":0.0,"HeadType":-1658511610,"lipsticks_palette_id":0,"ChestS":0.0,"JawH":0.0,"CheekBonesH":0.0,"freckles_opacity":0,"foundation_palette_color_tertiary":0,"scars_tx_id":0,"ULiphW":0.0,"MouthY":0.0,"HeadSize":0.0,"EyeBrowD":0.0,"NeckD":0.0,"beardstabble_visibility":0,"ChinW":0.0,"CheekBonesW":0.0,"grime_visibility":0,"complex_opacity":0,"beardstabble_color_primary":0,"CheekBonesD":0.0,"shadows_palette_color_primary":0,"MouthCLW":0.0,"MouthCRLD":0.0,"FaceD":0.0,"Scale":0.0,"freckles_tx_id":0,"Beard":0,"NoseAng":0.0,"MouthCRD":0.0,"foundation_palette_color_secondary":0,"complex_visibility":0,"acne_visibility":0,"lipsticks_palette_color_tertiary":0,"paintedmasks_palette_color_secondary":0,"blush_palette_id":0,"grime_tx_id":0,"MouthX":0.0,"MouthCRH":0.0,"Waist":0,"albedo":-1532879544,"LegsS":0.0,"paintedmasks_palette_color_tertiary":0,"ShouldersS":0.0,"MouthCLLD":0.0,"lipsticks_visibility":0,"EyeH":0.0,"sex":"mp_female","Torso":0,"LLiphW":0.0,"ShouldersT":0.0,"paintedmasks_opacity":0,"paintedmasks_palette_id":0,"ArmsS":0.0,"paintedmasks_visibility":0,"paintedmasks_tx_id":0,"ChinD":0.0,"lipsticks_opacity":0,"foundation_opacity":0,"acne_tx_id":0,"foundation_palette_color_primary":0,"ChinH":0.0,"foundation_palette_id":0,"EyeBrowW":0.0,"foundation_visibility":0,"foundation_tx_id":0,"acne_opacity":0,"hair_color_primary":0,"beardstabble_tx_id":0,"NeckW":0.0,"EyeLidR":0.0,"NoseDis":0.0,"EarsD":0.0,"hair_tx_id":0,"blush_opacity":0,"NoseS":0.0,"hair_opacity":0,"blush_tx_id":0,"MouthCLH":0.0,"blush_visibility":0,"BodyType":-1836208829,"EarsW":0.0,"EarsH":0.0,"disc_visibility":0,"NoseW":0.0,"eyeliner_visibility":0,"eyeliner_tx_id":0,"EyeBrowH":0.0,"beardstabble_opacity":0,"CalvesS":0.0,"ageing_tx_id":0,"LegsType":-254962964,"lipsticks_palette_color_secondary":0,"Eyes":-1843665053,"lipsticks_tx_id":0,"grime_opacity":0,"moles_opacity":0,"HipsS":0.0,"spots_opacity":0,"moles_tx_id":0,"moles_visibility":0,"Body":-1836208829,"ageing_visibility":0,"FaceW":0.0,"MouthD":0.0,"freckles_visibility":0,"blush_palette_color_primary":0,"complex_tx_id":0,"eyeliner_palette_id":0,"disc_opacity":0,"EyeD":0.0,"ULiphH":0.0,"EyeAng":0.0,"spots_tx_id":0,"spots_visibility":0,"eyebrows_color":1064202495,"eyebrows_opacity":1.0,"eyebrows_tx_id":1,"lipsticks_palette_color_primary":0,"JawD":0.0,"JawW":0.0,"NoseH":0.0,"hair_visibility":0,"NoseC":0.0,"LLiphH":0.0,"EyeLidH":0.0}', '{"RingLh":-1,"Cloak":-1,"CoatClosed":-1,"Buckle":-1,"Holster":-1,"Coat":-1,"Hat":-1,"Pant":1803504493,"Satchels":-1,"NeckWear":-1,"Loadouts":-1,"Spats":-1,"Poncho":-1,"Skirt":-1,"Accessories":-1,"Belt":-1,"Gunbelt":1511461630,"Armor":-1,"RingRh":-1,"NeckTies":-1,"GunbeltAccs":-1,"Glove":-1,"Suspender":-1,"Mask":-1,"Shirt":-599669674,"Dress":-1,"Teeth":959712255,"Bracelet":-1,"Boots":-571902733,"Bow":-1,"Spurs":-1,"EyeWear":-1,"Vest":-1,"Chap":-1,"Gauntlets":-1,"Badge":-1}', '{"Pant":{"1803504493":{"tint1":0,"tint2":0,"tint0":0,"palette":0}},"Shirt":{"-599669674":{"tint1":0,"tint2":0,"tint0":0,"palette":0}},"Boots":{"-571902733":{"tint1":0,"tint2":0,"tint0":0,"palette":0}}}', 1, '{"x":-192.05274963378907,"heading":102.04724884033203,"z":113.3267822265625,"y":638.1890258789063}', '{"Hunger":570,"Metabolism":-10000,"Thirst":148}', 0, '{"Fishing":{"Level":1,"Label":"Beginner","NextLevel":100,"Exp":0,"MaxLevel":5},"Hunting":{"Level":1,"Label":"Beginner","NextLevel":100,"Exp":0,"MaxLevel":5},"Crafting":{"Level":1,"Label":"Beginner","NextLevel":100,"Exp":0,"MaxLevel":5},"Mining":{"Level":1,"Label":"Beginner","NextLevel":100,"Exp":0,"MaxLevel":5}}', 'noanim', 0.00, '{"AMMO_22":0,"AMMO_DYNAMITE":0,"AMMO_SHOTGUN_SLUG":60,"AMMO_SHOTGUN":3}', '224929835875696640', '[]'),
	('steam:110000101efe2ae', 'Turboduden', 6, 'admin', 297719.03, 5000.00, 0.00, 0, 500, 100, 500, 100, 0, '2025-11-24', '{}', 95.0, 'police', '2 ', '[]', '{}', 'Rip', 'Jonsen', 'none', 'Male', 45, 'none', '{"lipsticks_palette_color_primary":0,"LLiphD":0.0,"scars_tx_id":0,"foundation_visibility":0,"ULiphD":0.0,"acne_opacity":0,"NoseDis":0.0,"hair_tx_id":0,"paintedmasks_palette_color_primary":0,"foundation_palette_color_tertiary":0,"eyeliner_color_primary":0,"paintedmasks_visibility":0,"paintedmasks_opacity":0,"MouthCRH":0.0,"LegsS":0.0,"scars_visibility":0,"moles_tx_id":0,"EyeBrowD":0.0,"lipsticks_palette_id":0,"paintedmasks_tx_id":0,"CalvesS":0.0,"sex":"mp_male","eyebrows_opacity":1.0,"FaceW":0.0,"ChinH":0.0,"moles_opacity":0,"acne_visibility":0,"spots_tx_id":0,"Hair":1181206804,"EyeBrowW":0.0,"beardstabble_color_primary":1734720533,"NoseAng":0.0,"JawH":0.0,"Scale":0.0,"shadows_visibility":0,"Body":-162963160,"scars_opacity":0,"eyebrows_tx_id":5,"MouthCRD":0.0,"MouthCRLD":0.0,"blush_palette_color_primary":0,"eyeliner_opacity":0,"LLiphH":0.0,"ShouldersM":0.0,"MouthCLD":0.0,"hair_visibility":0,"moles_visibility":0,"NeckW":0.0,"ULiphH":0.0,"shadows_palette_color_secondary":0,"paintedmasks_palette_color_secondary":0,"disc_tx_id":0,"ageing_tx_id":0,"EyeDis":0.0,"spots_opacity":0,"spots_visibility":0,"EyeAng":0.0,"ChinD":0.0,"EarsH":0.0,"beardstabble_tx_id":1,"ArmsS":0.0,"ShouldersT":0.0,"lipsticks_palette_color_tertiary":0,"blush_visibility":0,"lipsticks_visibility":0,"HipsS":0.0,"Eyes":612262189,"JawW":0.0,"foundation_opacity":0,"hair_color_primary":0,"MouthX":0.0,"EarsW":0.0,"LegsType":174153218,"hair_opacity":0,"Waist":0,"MouthCLLD":0.0,"EyeH":0.0,"complex_visibility":0,"NoseC":0.0,"grime_visibility":0,"ChestS":0.0,"ageing_opacity":0,"beardstabble_visibility":1,"EyeD":0.0,"paintedmasks_palette_color_tertiary":0,"CheekBonesW":0.0,"blush_opacity":0,"blush_palette_id":0,"Beard":2587879296,"paintedmasks_palette_id":0,"FaceD":0.0,"shadows_opacity":0,"beardstabble_opacity":0,"complex_tx_id":0,"eyebrows_color":-1952348042,"JawD":0.0,"NoseS":0.0,"eyeliner_tx_id":0,"EyeLidW":0.0,"lipsticks_opacity":0,"NeckD":0.0,"disc_visibility":0,"EarsA":0.0,"NoseH":0.0,"blush_tx_id":0,"ageing_visibility":0,"foundation_palette_color_primary":0,"MouthY":0.0,"shadows_palette_color_tertiary":0,"complex_opacity":0,"freckles_visibility":0,"CheekBonesH":0.0,"NoseW":0.0,"ChinW":0.0,"foundation_tx_id":0,"FaceS":0.0,"MouthCLH":0.0,"MouthD":0.0,"EyeLidL":0.0,"shadows_tx_id":0,"foundation_palette_id":0,"HeadSize":0.0,"HeadType":-2064391035,"foundation_palette_color_secondary":0,"MouthW":0.0,"MouthCLW":0.0,"LLiphW":0.0,"shadows_palette_id":0,"freckles_opacity":0,"freckles_tx_id":0,"lipsticks_tx_id":0,"grime_opacity":0,"disc_opacity":0,"ShouldersS":0.0,"EyeLidR":0.0,"ULiphW":0.0,"Torso":-162963160,"WaistW":0.0,"EarsD":0.0,"albedo":317354806,"eyeliner_palette_id":0,"lipsticks_palette_color_secondary":0,"MouthCRW":0.0,"EyeLidH":0.0,"eyeliner_visibility":0,"shadows_palette_color_primary":0,"acne_tx_id":0,"BodyType":-162963160,"CheekBonesD":0.0,"eyebrows_visibility":1,"EyeBrowH":0.0,"grime_tx_id":0}', '{"Bow":-1,"Mask":-1,"Shirt":-1665588256,"NeckWear":-1,"Vest":-1,"Poncho":-1,"Chap":-1,"Armor":-1,"Dress":-1,"Satchels":-1,"Teeth":712446626,"Badge":-1,"Cloak":-1,"EyeWear":-1,"Suspender":-1,"RingRh":-1,"Boots":-218859683,"Belt":-1,"Loadouts":-1,"Glove":-1,"CoatClosed":-1,"Skirt":-1,"Spurs":-1,"Coat":-1,"Accessories":-1,"RingLh":-1,"Gauntlets":-1,"Spats":-1,"Holster":-1,"Hat":-1,"Gunbelt":795591403,"NeckTies":-1,"GunbeltAccs":-1,"Bracelet":-1,"Buckle":-1,"Pant":1939930032}', '{"Pant":{"1939930032":{"tint0":0,"tint2":0,"tint1":0,"palette":0}},"Boots":{"-218859683":{"tint0":0,"tint2":0,"tint1":0,"palette":0}},"Shirt":{"-1665588256":{"tint0":0,"tint2":0,"tint1":0,"palette":0}}}', 4, '{"z":117.6571044921875,"y":796.5626220703125,"x":-315.79779052734377,"heading":201.2598419189453}', '{"Metabolism":-3598,"Thirst":336,"Hunger":660}', 0, '{"Crafting":{"Level":1,"MaxLevel":5,"NextLevel":100,"Label":"Beginner","Exp":0},"Hunting":{"Level":1,"MaxLevel":5,"NextLevel":100,"Label":"Beginner","Exp":0},"Fishing":{"Level":1,"MaxLevel":5,"NextLevel":100,"Label":"Beginner","Exp":0},"Mining":{"Level":1,"MaxLevel":5,"NextLevel":100,"Label":"Beginner","Exp":0}}', 'noanim', 0.00, '{"AMMO_REVOLVER":16,"AMMO_REVOLVER_SPLIT_POINT":74}', '426836101420941332', '[]');

-- Dumping data for table vorpcore_0cfb9f.companions: ~1 rows (approximately)
INSERT INTO `companions` (`identifier`, `charidentifier`, `dog`, `skin`, `xp`) VALUES
	('steam:110000100aba649', 7, 'A_C_DogAmericanFoxhound_01', 2, 0);

-- Dumping data for table vorpcore_0cfb9f.contacts: ~0 rows (approximately)

-- Dumping data for table vorpcore_0cfb9f.custom_job_salaries: ~5 rows (approximately)
INSERT INTO `custom_job_salaries` (`id`, `job`, `grade`, `salary`) VALUES
	(1, 'gunsmith', 0, 8),
	(2, 'gunsmith', 1, 8),
	(4, 'blacksmith', 0, 8),
	(5, 'cook', 0, 8),
	(6, 'doctor', 0, 8);

-- Dumping data for table vorpcore_0cfb9f.gs_doorlocks: ~0 rows (approximately)

-- Dumping data for table vorpcore_0cfb9f.herbalists: ~0 rows (approximately)

-- Dumping data for table vorpcore_0cfb9f.horse_complements: ~11 rows (approximately)
INSERT INTO `horse_complements` (`identifier`, `charidentifier`, `complements`) VALUES
	('1', 1, '[]'),
	('2', 2, '[]'),
	('3', 3, '[]'),
	('4', 4, '[]'),
	('5', 5, '[691935155,387267141,1943099316]'),
	('6', 6, '[]'),
	('7', 7, '[1486158628,2089424026,3218117906,3012940229]'),
	('8', 8, '[2105105778,491707272]'),
	('9', 9, '[]'),
	('10', 10, '[]'),
	('11', 11, '[]'),
	('12', 12, '[]');

-- Dumping data for table vorpcore_0cfb9f.housing: ~0 rows (approximately)

-- Dumping data for table vorpcore_0cfb9f.item_group: ~11 rows (approximately)
INSERT INTO `item_group` (`id`, `description`) VALUES
	(1, 'default'),
	(2, 'medical'),
	(3, 'foods'),
	(4, 'tools'),
	(5, 'weapons'),
	(6, 'ammo'),
	(7, 'documents'),
	(8, 'animals'),
	(9, 'valuables'),
	(10, 'horse'),
	(11, 'herbs');

-- Dumping data for table vorpcore_0cfb9f.items: ~1 006 rows (approximately)
INSERT INTO `items` (`item`, `label`, `limit`, `can_remove`, `type`, `usable`, `useExpired`, `id`, `groupId`, `metadata`, `desc`, `degradation`, `weight`) VALUES
	('absinthe', 'Absinthe', 10, 1, 'item_standard', 1, 0, 733, 1, '{}', 'An anise-flavoured spirit derived from several plants, including the flowers and leaves of Artemisia absinthium', 0, 0.25),
	('acid', 'Acid', 10, 1, 'item_standard', 1, 0, 1, 1, '{}', 'A corrosive substance used for various purposes.', 0, 0.25),
	('Agarita', 'Agarita', 10, 1, 'item_standard', 1, 0, 2, 1, '{}', 'A flowering plant found in the wild, known for its medicinal properties.', 0, 0.25),
	('Agarita_Seed', 'Agarita Seed', 10, 1, 'item_standard', 1, 0, 3, 1, '{}', 'A seed that can be planted to grow Agarita plants.', 0, 0.25),
	('Alaskan_Ginseng', 'Alaskan Ginseng', 10, 1, 'item_standard', 1, 0, 4, 1, '{}', 'A type of ginseng native to the Alaskan region, prized for its healing properties.', 0, 0.25),
	('Alaskan_Ginseng_Seed', 'Alaskan Ginseng Seed', 10, 1, 'item_standard', 1, 0, 5, 1, '{}', 'A seed that can be planted to grow Alaskan Ginseng.', 0, 0.25),
	('alchemy_table', 'Alkymi-bord', 2, 1, 'item_standard', 0, 0, 11377, 1, '{}', 'nice item', 0, 0.25),
	('alcohol', 'Sterk sprit', 50, 1, 'item_standard', 0, 0, 11340, 1, '{}', 'nice item', 0, 0.25),
	('aligatormeat', 'Alligator Meat', 20, 1, 'item_standard', 1, 0, 7, 1, '{}', 'Raw meat obtained from hunting alligators, suitable for cooking.', 0, 0.25),
	('aligators', 'Alligator Pelt', 20, 1, 'item_standard', 1, 0, 8, 1, '{}', 'The skin of an alligator, commonly used for crafting and trading.', 0, 0.25),
	('aligatorto', 'Alligator Tooth', 20, 1, 'item_standard', 1, 0, 9, 1, '{}', 'A tooth extracted from an alligator, sometimes used for decorative purposes.', 0, 0.25),
	('American_Ginseng', 'American Ginseng', 10, 1, 'item_standard', 1, 0, 10, 1, '{}', 'A species of ginseng native to North America, valued for its medicinal properties.', 0, 0.25),
	('American_Ginseng_Seed', 'American Ginseng Seed', 10, 1, 'item_standard', 1, 0, 11, 1, '{}', 'A seed that can be planted to grow American Ginseng.', 0, 0.25),
	('ammoarrowdynamite', 'Arrow Dynamite', 10, 1, 'item_standard', 1, 0, 13, 1, '{}', 'An explosive arrow designed to cause significant damage upon impact.', 0, 0.25),
	('ammoarrowfire', 'Arrow Fire', 10, 1, 'item_standard', 1, 0, 14, 1, '{}', 'An arrow equipped with a flaming tip, capable of setting targets on fire.', 0, 0.25),
	('ammoarrowimproved', 'Arrow Improved', 10, 1, 'item_standard', 1, 0, 15, 1, '{}', 'An upgraded arrow with improved accuracy and damage.', 0, 0.25),
	('ammoarrownormal', 'Arrow Normal', 10, 1, 'item_standard', 1, 0, 12, 1, '{}', 'A standard arrow used with bows for hunting and combat.', 0, 0.25),
	('ammoarrowpoison', 'Arrow Poison', 10, 1, 'item_standard', 1, 0, 16, 1, '{}', 'An arrow coated with a poisonous substance, capable of inflicting additional damage over time.', 0, 0.25),
	('ammoarrowsmallgame', 'Arrow Small Game', 10, 1, 'item_standard', 1, 0, 17, 1, '{}', 'A specialized arrow designed for hunting small game without damaging their pelts.', 0, 0.25),
	('ammobolahawk', 'Bola Ammo Hawk', 10, 1, 'item_standard', 1, 0, 18, 1, '{}', 'A projectile consisting of weights attached to ropes, used to immobilize targets.', 0, 0.25),
	('ammobolainterwired', 'Bola Ammo Interwired', 10, 1, 'item_standard', 1, 0, 19, 1, '{}', 'A reinforced bola ammunition with interwoven materials, providing enhanced durability.', 0, 0.25),
	('ammobolaironspiked', 'Bola Ammo Ironspiked', 10, 1, 'item_standard', 1, 0, 20, 1, '{}', 'A bola ammunition featuring iron spikes, inflicting additional damage to immobilized targets.', 0, 0.25),
	('ammobolla', 'Bolla Ammo', 10, 1, 'item_standard', 1, 0, 21, 1, '{}', 'A weighted throwing weapon used to ensnare and immobilize targets.', 0, 0.25),
	('ammodynamite', 'Dynamite Ammo', 10, 1, 'item_standard', 1, 0, 22, 1, '{}', 'An explosive device with a short fuse, capable of causing significant damage.', 0, 0.25),
	('ammoelephant', 'Elephant Rifle Ammo', 10, 1, 'item_standard', 1, 0, 23, 1, '{}', 'Ammunition specifically designed for powerful elephant rifles, providing superior stopping power.', 0, 0.25),
	('ammoknives', 'Knives Ammo', 10, 1, 'item_standard', 1, 0, 24, 1, '{}', 'Ammunition for a throwing knife, used as a versatile and silent weapon.', 0, 0.25),
	('ammomolotov', 'Molotov Ammo', 10, 1, 'item_standard', 1, 0, 25, 1, '{}', 'A glass bottle filled with flammable liquid, designed to burst into flames upon impact.', 0, 0.25),
	('ammopistolexplosive', 'Pistol Ammo Explosive', 10, 1, 'item_standard', 1, 0, 26, 1, '{}', 'Ammunition for a pistol with explosive properties, causing significant damage upon impact.', 0, 0.25),
	('ammopistolexpress', 'Pistol Ammo Express', 10, 1, 'item_standard', 1, 0, 27, 1, '{}', 'High-velocity ammunition specifically designed for pistols, providing increased range and damage.', 0, 0.25),
	('ammopistolnormal', 'Pistol Ammo Normal', 10, 1, 'item_standard', 1, 0, 28, 1, '{}', 'Standard ammunition used with pistols for self-defense and combat.', 0, 0.25),
	('ammopistolsplitpoint', 'Pistol Ammo Splitpoint', 10, 1, 'item_standard', 1, 0, 29, 1, '{}', 'Ammunition with a split point tip, designed to cause more damage and improve accuracy.', 0, 0.25),
	('ammopistolvelocity', 'Pistol Ammo Velocity', 10, 1, 'item_standard', 1, 0, 30, 1, '{}', 'Ammunition designed to enhance the velocity and accuracy of pistol shots.', 0, 0.25),
	('ammopoisonbottle', 'Poison Bottle Ammo', 10, 1, 'item_standard', 1, 0, 31, 1, '{}', 'A glass bottle filled with a poisonous substance, used to coat weapons and inflict additional damage.', 0, 0.25),
	('ammorepeaterexplosive', 'Repeater Ammo Explosive', 10, 1, 'item_standard', 1, 0, 32, 1, '{}', 'Ammunition for a repeater rifle with explosive properties, causing significant damage upon impact.', 0, 0.25),
	('ammorepeaterexpress', 'Repeater Ammo Express', 10, 1, 'item_standard', 1, 0, 33, 1, '{}', 'High-velocity ammunition specifically designed for repeater rifles, providing increased range and damage.', 0, 0.25),
	('ammorepeaternormal', 'Repeater Ammo Normal', 10, 1, 'item_standard', 1, 0, 34, 1, '{}', 'Standard ammunition used with repeater rifles for self-defense and combat.', 0, 0.25),
	('ammorepeatersplitpoint', 'Repeater Ammo Splitpoint', 10, 1, 'item_standard', 1, 0, 35, 1, '{}', 'Ammunition with a split point tip, designed to cause more damage and improve accuracy when used with repeater rifles.', 0, 0.25),
	('ammorepeatervelocity', 'Repeater Ammo Velocity', 10, 1, 'item_standard', 1, 0, 36, 1, '{}', 'Ammunition designed to enhance the velocity and accuracy of repeater rifle shots.', 0, 0.25),
	('ammorevolverexplosive', 'Revolver Ammo Explosive', 10, 1, 'item_standard', 1, 0, 37, 1, '{}', 'Ammunition for a revolver with explosive properties, causing significant damage upon impact.', 0, 0.25),
	('ammorevolverexpress', 'Revolver Ammo Express', 10, 1, 'item_standard', 1, 0, 38, 1, '{}', 'High-velocity ammunition specifically designed for revolvers, providing increased range and damage.', 0, 0.25),
	('ammorevolvernormal', 'Revolver Ammo Normal', 10, 1, 'item_standard', 1, 0, 39, 1, '{}', 'Standard ammunition used with revolvers for self-defense and combat.', 0, 0.25),
	('ammorevolversplitpoint', 'Revolver Ammo Splitpoint', 10, 1, 'item_standard', 1, 0, 40, 1, '{}', 'Ammunition with a split point tip, designed to cause more damage and improve accuracy when used with revolvers.', 0, 0.25),
	('ammorevolvervelocity', 'Revolver Ammo Velocity', 10, 1, 'item_standard', 1, 0, 41, 1, '{}', 'Ammunition designed to enhance the velocity and accuracy of revolver shots.', 0, 0.25),
	('ammorifleexplosive', 'Rifle Ammo Explosive', 10, 1, 'item_standard', 1, 0, 42, 1, '{}', 'Ammunition for a rifle with explosive properties, causing significant damage upon impact.', 0, 0.25),
	('ammorifleexpress', 'Rifle Ammo Express', 10, 1, 'item_standard', 1, 0, 43, 1, '{}', 'High-velocity ammunition specifically designed for rifles, providing increased range and damage.', 0, 0.25),
	('ammoriflenormal', 'Rifle Ammo Normal', 10, 1, 'item_standard', 1, 0, 44, 1, '{}', 'Standard ammunition used with rifles for self-defense and combat.', 0, 0.25),
	('ammoriflesplitpoint', 'Rifle Ammo Splitpoint', 10, 1, 'item_standard', 1, 0, 45, 1, '{}', 'Ammunition with a split point tip, designed to cause more damage and improve accuracy when used with rifles.', 0, 0.25),
	('ammoriflevelocity', 'Rifle Ammo Velocity', 10, 1, 'item_standard', 1, 0, 46, 1, '{}', 'Ammunition designed to enhance the velocity and accuracy of rifle shots.', 0, 0.25),
	('ammoshotgunexplosive', 'Shotgun Ammo Explosive', 10, 1, 'item_standard', 1, 0, 47, 1, '{}', 'Ammunition for a shotgun with explosive properties, causing significant damage upon impact.', 0, 0.25),
	('ammoshotgunincendiary', 'Shotgun Ammo Incendiary', 10, 1, 'item_standard', 1, 0, 48, 1, '{}', 'Ammunition designed to ignite targets, causing them to burst into flames.', 0, 0.25),
	('ammoshotgunnormal', 'Shotgun Ammo Normal', 10, 1, 'item_standard', 1, 0, 49, 1, '{}', 'Standard ammunition used with shotguns for self-defense and combat.', 0, 0.25),
	('ammoshotgunslug', 'Shotgun Ammo Slug', 10, 1, 'item_standard', 1, 0, 50, 1, '{}', 'Ammunition with a single solid projectile, offering increased accuracy and range for shotguns.', 0, 0.25),
	('ammotomahawk', 'Tomahawk Ammo', 10, 1, 'item_standard', 1, 0, 51, 1, '{}', 'Ammo used for Tomahawk throwing weapons', 0, 0.25),
	('ammovarmint', 'Varmint Ammo', 10, 1, 'item_standard', 1, 0, 52, 1, '{}', 'Ammo used for Varmint rifles', 0, 0.25),
	('ammovarminttranq', 'Varmint Tranquilizer Ammo', 10, 1, 'item_standard', 1, 0, 53, 1, '{}', 'Ammo used for tranquilizing animals with Varmint rifles', 0, 0.25),
	('ammovoldynamite', 'Volatile Dynamite Ammo', 10, 1, 'item_standard', 1, 0, 54, 1, '{}', 'Ammo used for crafting Volatile Dynamite', 0, 0.25),
	('ammovolmolotov', 'Volatile Molotov Ammo', 10, 1, 'item_standard', 1, 0, 55, 1, '{}', 'Ammo used for crafting Volatile Molotovs', 0, 0.25),
	('animal_crawfish', 'Crawfish', 10, 1, 'item_standard', 1, 0, 958, 1, '{}', 'A small freshwater crustacean.', 0, 0.25),
	('animal_fat', 'Dyrefett', 100, 1, 'item_standard', 0, 0, 11339, 1, '{}', 'nice item', 0, 0.25),
	('antidote', 'Antidote', 5, 1, 'item_standard', 1, 0, 10010, 1, '{}', 'A remedy to cure sickness.', 0, 0.25),
	('antipoison', 'Antipoison', 20, 1, 'item_standard', 1, 0, 56, 1, '{}', 'A medicine used to counteract the effects of poison', 0, 0.25),
	('antipoison2', 'Anti Snake Poison', 20, 1, 'item_standard', 1, 0, 57, 1, '{}', 'A poison used to fend off snakes', 0, 0.25),
	('antiseptic', 'Antiseptisk væske', 20, 1, 'item_standard', 0, 0, 11365, 1, '{}', 'nice item', 0, 0.25),
	('anvil', 'Ambolt', 3, 1, 'item_standard', 0, 0, 11378, 1, '{}', 'nice item', 0, 0.25),
	('apple', 'Apple', 20, 1, 'item_standard', 1, 0, 58, 1, '{}', 'A juicy and delicious fruit', 0, 0.25),
	('applebarrel', 'Apple Barrel', 20, 1, 'item_standard', 1, 0, 59, 1, '{}', 'A barrel filled with fresh apples', 0, 0.25),
	('applebasket', 'Apple Basket', 20, 1, 'item_standard', 1, 0, 60, 1, '{}', 'A basket filled with fresh apples', 0, 0.25),
	('appleCrumbMash', 'Minty Berry Mash', 10, 1, 'item_standard', 1, 0, 61, 1, '{}', 'A mashed mixture of mint and berries used for crafting Moonshine', 0, 0.25),
	('appleCrumbMoonshine', 'Minty Berry Moonshine', 10, 1, 'item_standard', 1, 0, 62, 1, '{}', 'A strong alcoholic beverage made from mint and berries', 0, 0.25),
	('apple_barrel', 'Apple Barrel', 20, 1, 'item_standard', 1, 0, 63, 1, '{}', 'A barrel filled with fresh apples', 0, 0.25),
	('apple_basket', 'Apple Basket', 20, 1, 'item_standard', 1, 0, 64, 1, '{}', 'A basket filled with fresh apples', 0, 0.25),
	('Apple_Seed', 'Apple Seed', 10, 1, 'item_standard', 1, 0, 65, 1, '{}', 'A seed used for growing apple trees', 0, 0.25),
	('armadilloc', 'Armadillo Claws', 20, 1, 'item_standard', 1, 0, 66, 1, '{}', 'Sharp claws harvested from an Armadillo', 0, 0.25),
	('armadillos', 'Armadillo Pelt', 20, 1, 'item_standard', 1, 0, 67, 1, '{}', 'A pelt taken from an Armadillo', 0, 0.25),
	('asnakes', 'Copperhead Snake pelt', 20, 1, 'item_standard', 1, 0, 68, 1, '{}', 'A valuable pelt from a Copperhead Snake.', 0, 0.25),
	('a_c_fishbluegil_01_ms', 'Medium Bluegil', 10, 1, 'item_standard', 0, 0, 69, 1, '{}', 'A medium-sized Bluegil fish.', 0, 0.25),
	('a_c_fishbluegil_01_sm', 'Small Bluegil', 5, 1, 'item_standard', 0, 0, 70, 1, '{}', 'A small Bluegil fish.', 0, 0.25),
	('a_c_fishbullheadcat_01_ms', 'Medium Bullhead', 10, 1, 'item_standard', 0, 0, 71, 1, '{}', 'A medium-sized Bullhead fish.', 0, 0.25),
	('a_c_fishbullheadcat_01_sm', 'Small Bullhead', 5, 1, 'item_standard', 0, 0, 72, 1, '{}', 'A small Bullhead fish.', 0, 0.25),
	('a_c_fishchainpickerel_01_ms', 'Medium Pickerel', 10, 1, 'item_standard', 0, 0, 73, 1, '{}', 'A medium-sized Pickerel fish.', 0, 0.25),
	('a_c_fishchainpickerel_01_sm', 'Small Pickerel', 5, 1, 'item_standard', 0, 0, 74, 1, '{}', 'A small Pickerel fish.', 0, 0.25),
	('a_c_fishlargemouthbass_01_ms', 'Largemouth Bass', 10, 1, 'item_standard', 0, 0, 75, 1, '{}', 'A large Largemouth Bass fish.', 0, 0.25),
	('a_c_fishperch_01_ms', 'Medium Perch', 10, 1, 'item_standard', 0, 0, 76, 1, '{}', 'A medium-sized Perch fish.', 0, 0.25),
	('a_c_fishperch_01_sm', 'Small Perch', 5, 1, 'item_standard', 0, 0, 77, 1, '{}', 'A small Perch fish.', 0, 0.25),
	('a_c_fishrainbowtrout_01_ms', 'Rainbow Trout', 10, 1, 'item_standard', 0, 0, 78, 1, '{}', 'A Rainbow Trout fish.', 0, 0.25),
	('a_c_fishredfinpickerel_01_ms', 'Medium Redfin Pickerel', 10, 1, 'item_standard', 0, 0, 79, 1, '{}', 'A medium-sized Redfin Pickerel fish.', 0, 0.25),
	('a_c_fishredfinpickerel_01_sm', 'Small Redfin Pickerel', 5, 1, 'item_standard', 0, 0, 80, 1, '{}', 'A small Redfin Pickerel fish.', 0, 0.25),
	('a_c_fishrockbass_01_ms', 'Medium Rockbass', 10, 1, 'item_standard', 0, 0, 81, 1, '{}', 'A medium-sized Rockbass fish.', 0, 0.25),
	('a_c_fishrockbass_01_sm', 'Small Rockbass', 5, 1, 'item_standard', 0, 0, 82, 1, '{}', 'A small Rockbass fish.', 0, 0.25),
	('a_c_fishsalmonsockeye_01_ms', 'Sockeye Salmon', 10, 1, 'item_standard', 0, 0, 83, 1, '{}', 'A Sockeye Salmon fish.', 0, 0.25),
	('a_c_fishsmallmouthbass_01_ms', 'Smallmouth Bass', 10, 1, 'item_standard', 0, 0, 84, 1, '{}', 'A small and tasty bass fish.', 0, 0.25),
	('backpack1', 'Ryggsekk', 1, 1, 'item_standard', 1, 0, 11393, 1, '{}', 'nice item', 0, 0.25),
	('backpack2', 'Ryggsekk', 1, 1, 'item_standard', 1, 0, 11394, 1, '{}', 'nice item', 0, 0.25),
	('backpack3', 'Ryggsekk', 1, 1, 'item_standard', 1, 0, 11395, 1, '{}', 'nice item', 0, 0.25),
	('backpack4', 'Ryggsekk', 1, 1, 'item_standard', 1, 0, 11396, 1, '{}', 'nice item', 0, 0.25),
	('backpack5', 'Ryggsekk', 1, 1, 'item_standard', 1, 0, 11397, 1, '{}', 'nice item', 0, 0.25),
	('bacon', 'Bacon', 10, 1, 'item_standard', 1, 0, 734, 1, '{}', 'Bacon what else do you need to know?', 0, 0.25),
	('badgers', 'Badger skin', 20, 1, 'item_standard', 1, 0, 85, 1, '{}', 'Skin obtained from a badger.', 0, 0.25),
	('bait', 'Bait', 20, 1, 'item_standard', 1, 0, 86, 1, '{}', 'Used as bait to attract fish while fishing.', 0, 0.25),
	('baking_tray', 'Stekebrett', 5, 1, 'item_standard', 0, 0, 11373, 1, '{}', 'nice item', 0, 0.25),
	('banana', 'Banana', 20, 1, 'item_standard', 1, 0, 87, 1, '{}', 'A delicious and nutritious tropical fruit.', 0, 0.25),
	('bandage', 'Bandage', 20, 1, 'item_standard', 1, 0, 88, 1, '{}', 'A medical item used to dress wounds.', 0, 0.25),
	('bandage_2', 'Bandage', 20, 1, 'item_standard', 1, 0, 89, 1, '{}', 'A medical item used to dress wounds.', 0, 0.25),
	('bandage_clean', 'Rein bandasje', 20, 1, 'item_standard', 0, 0, 11360, 1, '{}', 'nice item', 0, 0.25),
	('bandage_sterile', 'Steril bandasje', 20, 1, 'item_standard', 0, 0, 11361, 1, '{}', 'nice item', 0, 0.25),
	('barrel', 'Barrel', 5, 1, 'item_standard', 1, 0, 90, 1, '{}', 'A container made of wood or metal used for storing or transporting goods.', 0, 0.25),
	('bat_c', 'Bat', 20, 1, 'item_standard', 1, 0, 91, 1, '{}', 'A flying mammal known for its nocturnal habits.', 0, 0.25),
	('Bay_Bolete', 'Bay Bolete', 10, 1, 'item_standard', 1, 0, 92, 1, '{}', 'An edible mushroom with a brown cap and yellow pores.', 0, 0.25),
	('Bay_Bolete_Seed', 'Bay Bolete Seed', 10, 1, 'item_standard', 1, 0, 93, 1, '{}', 'A seed that can be planted to grow Bay Bolete mushrooms.', 0, 0.25),
	('bbears', 'Black Bear skin', 20, 1, 'item_standard', 1, 0, 94, 1, '{}', 'Skin obtained from a black bear.', 0, 0.25),
	('bbirdb', 'Cormorant beak', 20, 1, 'item_standard', 1, 0, 95, 1, '{}', 'Beak obtained from a cormorant bird.', 0, 0.25),
	('bbirdf', 'Cormorant feather', 20, 1, 'item_standard', 1, 0, 96, 1, '{}', 'Feather obtained from a cormorant bird.', 0, 0.25),
	('bcandle', 'Bottle Candle', 20, 1, 'item_standard', 1, 0, 97, 1, '{}', 'A candle made from a glass bottle.', 0, 0.25),
	('bcc_clean_bottle', 'Clean Water Bottle', 15, 1, 'item_standard', 1, 0, 1008, 1, '{}', 'A bottle filled with clean water.', 0, 0.25),
	('bcc_dirty_bottle', 'Dirty Water Bottle', 15, 1, 'item_standard', 1, 0, 1009, 1, '{}', 'A bottle filled with dirty water.', 0, 0.25),
	('bcc_empty_bottle', 'Empty Bottle', 15, 1, 'item_standard', 1, 0, 10007, 1, '{}', 'An empty bottle.', 0, 0.25),
	('bearbench', 'Bear Bench', 20, 1, 'item_standard', 1, 0, 98, 1, '{}', 'A bench made from the hide and bones of a bear.', 0, 0.25),
	('bearc', 'Bear claws', 20, 1, 'item_standard', 1, 0, 99, 1, '{}', 'Sharp claws obtained from a bear.', 0, 0.25),
	('beart', 'Bear tooth', 20, 1, 'item_standard', 1, 0, 100, 1, '{}', 'A tooth obtained from a bear.', 0, 0.25),
	('beartrap', 'Beartrap', 10, 1, 'item_standard', 1, 0, 735, 1, '{}', 'A sturdy beartrap used for catching animals or stopping trespassers', 0, 0.25),
	('bear_bench', 'Bear Bench', 20, 1, 'item_standard', 1, 0, 101, 1, '{}', 'A bench made from the hide and bones of a bear.', 0, 0.25),
	('beavertail', 'Beaver tail', 20, 1, 'item_standard', 1, 0, 102, 1, '{}', 'A flat and scaly tail obtained from a beaver.', 0, 0.25),
	('beawers', 'Beaver pelt', 20, 1, 'item_standard', 1, 0, 103, 1, '{}', 'A pelt obtained from a beaver.', 0, 0.25),
	('beef', 'Beef', 20, 1, 'item_standard', 1, 0, 104, 1, '{}', 'Fresh and tender beef meat.', 0, 0.25),
	('beefjerky', 'Beef Jerky', 20, 1, 'item_standard', 1, 0, 105, 1, '{}', 'Dried and seasoned beef meat.', 0, 0.25),
	('beer', 'Beer', 10, 1, 'item_standard', 1, 0, 106, 1, '{}', 'An alcoholic beverage brewed from grains.', 0, 0.25),
	('beerbox', 'Beer Box', 20, 1, 'item_standard', 1, 0, 107, 1, '{}', 'A container holding multiple bottles of beer.', 0, 0.25),
	('bigchest', 'Big Chest', 1, 1, 'item_standard', 1, 0, 108, 1, '{}', 'A large chest for storing items.', 0, 0.25),
	('biggame', 'Big Game Meat', 20, 1, 'item_standard', 1, 0, 109, 1, '{}', 'Meat obtained from a large game animal.', 0, 0.25),
	('Big_Leather', 'Big Leather', 10, 1, 'item_standard', 1, 0, 110, 1, '{}', 'Large piece of leather.', 0, 0.25),
	('bird', 'Bird Meat', 20, 1, 'item_standard', 1, 0, 111, 1, '{}', 'Meat obtained from a bird.', 0, 0.25),
	('biscuitbox', 'Biscuitbox', 10, 1, 'item_standard', 1, 0, 736, 1, '{}', 'A box of assorted biscuits.', 0, 0.25),
	('bisonhorn', 'Bison horn', 20, 1, 'item_standard', 1, 0, 112, 1, '{}', 'A horn obtained from a bison.', 0, 0.25),
	('bisons', 'Bison pelt', 20, 1, 'item_standard', 1, 0, 113, 1, '{}', 'A pelt obtained from a bison.', 0, 0.25),
	('Bitter_Weed', 'Bitter Weed', 10, 1, 'item_standard', 1, 0, 114, 1, '{}', 'A type of bitter herb.', 0, 0.25),
	('Bitter_Weed_Seed', 'Bitter Weed Seed', 10, 1, 'item_standard', 1, 0, 115, 1, '{}', 'A seed that can be planted to grow bitter weed.', 0, 0.25),
	('blackberryale', 'Black Berry Ale', 10, 1, 'item_standard', 1, 0, 116, 1, '{}', 'An ale made from blackberries.', 0, 0.25),
	('Black_Berry', 'Black Berry', 10, 1, 'item_standard', 1, 0, 117, 1, '{}', 'A small and sweet black-colored berry.', 0, 0.25),
	('Black_Berry_Seed', 'Black Berry Seed', 10, 1, 'item_standard', 1, 0, 118, 1, '{}', 'A seed that can be planted to grow blackberries.', 0, 0.25),
	('Black_Currant', 'Black Currant', 10, 1, 'item_standard', 1, 0, 119, 1, '{}', 'A small dark purple berry with a tart flavor.', 0, 0.25),
	('Black_Currant_Seed', 'Black Currant Seed', 10, 1, 'item_standard', 1, 0, 120, 1, '{}', 'A seed that can be planted to grow black currants.', 0, 0.25),
	('blanketbox', 'Blanket Box', 20, 1, 'item_standard', 1, 0, 121, 1, '{}', 'A box used for storing blankets.', 0, 0.25),
	('blanket_box', 'Blanket Box', 20, 1, 'item_standard', 1, 0, 122, 1, '{}', 'A box used for storing blankets.', 0, 0.25),
	('Blood_Flower', 'Blood Flower', 10, 1, 'item_standard', 1, 0, 123, 1, '{}', 'A type of flower with red petals.', 0, 0.25),
	('Blood_Flower_Seed', 'Blood Flower Seed', 10, 1, 'item_standard', 1, 0, 124, 1, '{}', 'A seed that can be planted to grow blood flowers.', 0, 0.25),
	('blueberry', 'Blueberry', 10, 1, 'item_standard', 1, 0, 125, 1, '{}', 'A small sweet fruit with a bluish color.', 0, 0.25),
	('bluejay_c', 'Blue jay', 20, 1, 'item_standard', 1, 0, 126, 1, '{}', 'A colorful bird known as blue jay.', 0, 0.25),
	('bmdresser', 'brown mirror dresser', 20, 1, 'item_standard', 1, 0, 127, 1, '{}', 'A dresser with a brown mirror.', 0, 0.25),
	('boarmusk', 'Boar tusk', 20, 1, 'item_standard', 1, 0, 128, 1, '{}', 'A large tusk obtained from a boar.', 0, 0.25),
	('boars', 'Boar pelt', 20, 1, 'item_standard', 1, 0, 129, 1, '{}', 'A pelt obtained from a boar.', 0, 0.25),
	('boaskin', 'Boa Snake pelt', 20, 1, 'item_standard', 1, 0, 130, 1, '{}', 'A snake skin obtained from a boa.', 0, 0.25),
	('boiledegg', 'Boiled Egg', 10, 1, 'item_standard', 1, 0, 131, 1, '{}', 'An egg cooked by boiling.', 0, 0.25),
	('boiling_pot', 'Kokekar', 5, 1, 'item_standard', 0, 0, 11376, 1, '{}', 'nice item', 0, 0.25),
	('bolts', 'Bolts', 10, 1, 'item_standard', 1, 0, 737, 1, '{}', 'Metal bolts often used in construction.', 0, 0.25),
	('boobyb', 'Red-footed booby beak', 20, 1, 'item_standard', 1, 0, 132, 1, '{}', 'A beak obtained from a red-footed booby bird.', 0, 0.25),
	('boobyf', 'Red-footed booby feather', 20, 1, 'item_standard', 1, 0, 133, 1, '{}', 'A feather obtained from a red-footed booby bird.', 0, 0.25),
	('book', 'Book', 5, 1, 'item_standard', 1, 0, 134, 1, '{}', 'A written or printed work consisting of pages.', 0, 0.25),
	('bottle_empty', 'Tom flaske', 100, 1, 'item_standard', 0, 0, 11353, 1, '{}', 'nice item', 0, 0.25),
	('bountylicns', 'Bounty Hunter License', 10, 1, 'item_standard', 1, 0, 135, 1, '{}', 'A license granting permission to be a bounty hunter.', 0, 0.25),
	('bouquet', 'Bouquet', 1, 1, 'item_standard', 1, 0, 136, 1, '{}', 'A collection of flowers arranged in an artistic way.', 0, 0.25),
	('bowstring', 'Buenestreng', 50, 1, 'item_standard', 0, 0, 11337, 1, '{}', 'nice item', 0, 0.25),
	('bparrotb', 'Parrot beak', 20, 1, 'item_standard', 1, 0, 137, 1, '{}', 'A beak obtained from a parrot.', 0, 0.25),
	('bparrotf', 'Parrot feather', 20, 1, 'item_standard', 1, 0, 138, 1, '{}', 'A feather obtained from a parrot.', 0, 0.25),
	('bp_bow_hunter', 'Blueprint: Jaktbue', 1, 1, 'item_standard', 0, 0, 11382, 1, '{}', 'nice item', 0, 0.25),
	('bp_morphine', 'Blueprint: Morphine', 1, 1, 'item_standard', 0, 0, 11384, 1, '{}', 'nice item', 0, 0.25),
	('bp_repeater_winchester', 'Blueprint: Winchester', 1, 1, 'item_standard', 0, 0, 11380, 1, '{}', 'nice item', 0, 0.25),
	('bp_revolver_cattleman', 'Blueprint: Cattleman', 1, 1, 'item_standard', 0, 0, 11381, 1, '{}', 'nice item', 0, 0.25),
	('bp_tonic_strong', 'Blueprint: Sterk tonic', 1, 1, 'item_standard', 0, 0, 11383, 1, '{}', 'nice item', 0, 0.25),
	('brass', 'Messing', 200, 1, 'item_standard', 0, 0, 11327, 1, '{}', 'nice item', 0, 0.25),
	('bread', 'Brød', 20, 1, 'item_standard', 0, 0, 11356, 1, '{}', 'nice item', 0, 0.25),
	('brokenpearlnecklace', 'Broken Pearl Necklace', 10, 1, 'item_standard', 1, 0, 738, 1, '{}', 'A broken pearl necklace.', 0, 0.25),
	('buckantler', 'Buck Antlers', 20, 1, 'item_standard', 1, 0, 139, 1, '{}', 'Antlers obtained from a buck.', 0, 0.25),
	('bucks', 'Buck skin', 20, 1, 'item_standard', 1, 0, 140, 1, '{}', 'A pelt obtained from a buck.', 0, 0.25),
	('bullhorn', 'Bull horn', 20, 1, 'item_standard', 1, 0, 141, 1, '{}', 'A horn obtained from a bull.', 0, 0.25),
	('bulls', 'Bull pelt', 20, 1, 'item_standard', 1, 0, 142, 1, '{}', 'A pelt obtained from a bull.', 0, 0.25),
	('Bulrush', 'Bulrush', 10, 1, 'item_standard', 1, 0, 143, 1, '{}', 'A type of tall wetland plant.', 0, 0.25),
	('Bulrush_Seed', 'Bulrush Seed', 10, 1, 'item_standard', 1, 0, 144, 1, '{}', 'A seed that can be planted to grow bulrushes.', 0, 0.25),
	('bunkbed', 'bunk bed', 20, 1, 'item_standard', 1, 0, 145, 1, '{}', 'A bed with two tiers, designed for multiple occupants.', 0, 0.25),
	('Burdock_Root', 'Burdock Root', 10, 1, 'item_standard', 1, 0, 146, 1, '{}', 'The root of a burdock plant, often used for medicinal purposes.', 0, 0.25),
	('Burdock_Root_Seed', 'Burdock Root Seed', 10, 1, 'item_standard', 1, 0, 147, 1, '{}', 'A seed that can be planted to grow burdock roots.', 0, 0.25),
	('butchertable1', 'Small Butcher Table', 20, 1, 'item_standard', 1, 0, 148, 1, '{}', 'A small table used for butchering animals.', 0, 0.25),
	('butchertable2', 'Medium Butcher Table', 20, 1, 'item_standard', 1, 0, 149, 1, '{}', 'A medium-sized table used for butchering animals.', 0, 0.25),
	('butchertable3', 'Large Butcher Table', 20, 1, 'item_standard', 1, 0, 150, 1, '{}', 'A large table used for butchering animals.', 0, 0.25),
	('butter', 'Smør', 50, 1, 'item_standard', 0, 0, 11349, 1, '{}', 'nice item', 0, 0.25),
	('bwdresser', 'brown wood dresser', 20, 1, 'item_standard', 1, 0, 151, 1, '{}', 'A dresser made of brown wood.', 0, 0.25),
	('camera', 'Camera', 1, 1, 'item_standard', 1, 0, 152, 1, '{}', 'A device used to capture photographs.', 0, 0.25),
	('campfire', 'Campfire', 5, 1, 'item_standard', 1, 0, 153, 1, '{}', 'A fire pit used for cooking and warmth during camping.', 0, 0.25),
	('candlea', 'Candle', 20, 1, 'item_standard', 1, 0, 154, 1, '{}', 'A wax candle that provides light.', 0, 0.25),
	('cane', 'Cane', 1, 1, 'item_standard', 1, 0, 155, 1, '{}', 'A walking stick for support and stability.', 0, 0.25),
	('canteen', 'Canteen', 1, 1, 'item_standard', 1, 0, 10003, 1, '{}', 'A portable container to carry water.', 0, 0.25),
	('cardinal_c', 'Cardinal bird', 20, 1, 'item_standard', 1, 0, 156, 1, '{}', 'A small, colorful bird known for its distinctive crest.', 0, 0.25),
	('Cardinal_Flower', 'Cardinal Flower', 10, 1, 'item_standard', 1, 0, 157, 1, '{}', 'A vibrant red flower often found near water.', 0, 0.25),
	('Cardinal_Flower_Seed', 'Cardinal Flower Seed', 10, 1, 'item_standard', 1, 0, 158, 1, '{}', 'A seed that can be planted to grow Cardinal Flowers.', 0, 0.25),
	('carrot', 'Gulrot', 50, 1, 'item_standard', 0, 0, 11346, 1, '{}', 'nice item', 0, 0.25),
	('carrots', 'Carrot', 10, 1, 'item_standard', 1, 0, 159, 1, '{}', 'An orange root vegetable commonly used in cooking.', 0, 0.25),
	('cedarwaxwing_c', 'Cedar waxwing', 20, 1, 'item_standard', 1, 0, 160, 1, '{}', 'A medium-sized bird with a distinctive crest and red tips on its wings.', 0, 0.25),
	('Chanterelles', 'Chanterelles', 10, 1, 'item_standard', 1, 0, 161, 1, '{}', 'A type of edible mushroom with a fruity aroma.', 0, 0.25),
	('Chanterelles_Seed', 'Chanterelles Seed', 10, 1, 'item_standard', 1, 0, 162, 1, '{}', 'A seed that can be planted to grow Chanterelles mushrooms.', 0, 0.25),
	('char', 'Char', 10, 1, 'item_standard', 0, 0, 163, 1, '{}', 'A type of fish commonly found in cold, deep lakes and rivers.', 0, 0.25),
	('cheesecake', 'Cheesecake', 10, 1, 'item_standard', 1, 0, 739, 1, '{}', 'A tasty cheesecake.', 0, 0.25),
	('chestc', 'Chest C', 20, 1, 'item_standard', 1, 0, 164, 1, '{}', 'A storage container used to store items securely.', 0, 0.25),
	('chewingtobacco', 'Chewing Tobacco', 20, 1, 'item_standard', 1, 0, 165, 1, '{}', 'A form of tobacco that is chewed rather than smoked.', 0, 0.25),
	('chickenf', 'Chicken feather', 20, 1, 'item_standard', 1, 0, 166, 1, '{}', 'A feather obtained from a chicken.', 0, 0.25),
	('chickenheart', 'Chicken heart', 20, 1, 'item_standard', 1, 0, 167, 1, '{}', 'The internal organ of a chicken.', 0, 0.25),
	('chipmunk_c', 'Chipmunk', 20, 1, 'item_standard', 1, 0, 168, 1, '{}', 'A small, striped rodent known for its burrowing habits.', 0, 0.25),
	('chococake', 'Chocolate Cake', 10, 1, 'item_standard', 1, 0, 740, 1, '{}', 'A tasty chocolate cake.', 0, 0.25),
	('Choc_Daisy', 'Choc Daisy', 10, 1, 'item_standard', 1, 0, 169, 1, '{}', 'A beautiful Choc Daisy.', 0, 0.25),
	('Choc_Daisy_Seed', 'Choc Daisy Seed', 10, 1, 'item_standard', 1, 0, 170, 1, '{}', 'A seed to grow Choc Daisies.', 0, 0.25),
	('cigar', 'Cigar', 20, 1, 'item_standard', 1, 0, 171, 1, '{}', 'A fine cigar for relaxing.', 0, 0.25),
	('cigarette', 'Cigarette', 20, 1, 'item_standard', 1, 0, 172, 1, '{}', 'A cigarette for a quick smoke.', 0, 0.25),
	('cigarettefilter', 'Cig Filter', 20, 1, 'item_standard', 1, 0, 173, 1, '{}', 'A filter for cigarettes.', 0, 0.25),
	('cinematicket', 'Ticket', 2, 1, 'item_standard', 0, 0, 174, 1, '{}', 'A ticket for a movie or event.', 0, 0.25),
	('clay', 'Clay', 20, 1, 'item_standard', 1, 0, 175, 1, '{}', 'A block of clay for crafting.', 0, 0.25),
	('cleanser', 'Cleanser', 5, 1, 'item_standard', 1, 0, 176, 1, '{}', 'A cleanser for various uses.', 0, 0.25),
	('cloth', 'Cloth', 10, 1, 'item_standard', 1, 0, 741, 1, '{}', 'Simple cloth with many uses.', 0, 0.25),
	('clothbench', 'Cloth Bench', 20, 1, 'item_standard', 1, 0, 177, 1, '{}', 'A bench made of cloth material.', 0, 0.25),
	('clothesline', 'Clothes Line', 20, 1, 'item_standard', 1, 0, 178, 1, '{}', 'A line for hanging clothes.', 0, 0.25),
	('clothes_line', 'Clothes Line', 20, 1, 'item_standard', 1, 0, 179, 1, '{}', 'A line for hanging clothes.', 0, 0.25),
	('cloth_bench', 'Cloth Bench', 20, 1, 'item_standard', 1, 0, 180, 1, '{}', 'A bench made of cloth material.', 0, 0.25),
	('coal', 'Kull', 100, 1, 'item_standard', 0, 0, 11341, 1, '{}', 'nice item', 0, 0.25),
	('cockc', 'Rooster claws', 20, 1, 'item_standard', 1, 0, 182, 1, '{}', 'Claws from a rooster.', 0, 0.25),
	('cockf', 'Rooster feather', 20, 1, 'item_standard', 1, 0, 183, 1, '{}', 'Feathers from a rooster.', 0, 0.25),
	('cocoa', 'Cocoa', 20, 1, 'item_standard', 1, 0, 184, 1, '{}', 'Cocoa beans for making chocolate.', 0, 0.25),
	('cocoaseeds', 'Cocoa Seeds', 10, 1, 'item_standard', 1, 0, 185, 1, '{}', 'Seeds to grow cocoa plants.', 0, 0.25),
	('coffeebeans', 'Coffee Beans', 10, 1, 'item_standard', 1, 0, 742, 1, '{}', 'Coffee beans for making that beautiful brew.', 0, 0.25),
	('coffeefilter', 'Coffee Filter', 10, 1, 'item_standard', 1, 0, 743, 1, '{}', 'A simple coffee filter.', 0, 0.25),
	('coffee_beans', 'Kaffebønner', 100, 1, 'item_standard', 0, 0, 11350, 1, '{}', 'nice item', 0, 0.25),
	('coffee_pot', 'Kaffekanne', 5, 1, 'item_standard', 0, 0, 11374, 1, '{}', 'nice item', 0, 0.25),
	('coffee_strong', 'Sterk kaffe', 20, 1, 'item_standard', 0, 0, 11358, 1, '{}', 'nice item', 0, 0.25),
	('coffindecor', 'Coffin Decor', 20, 1, 'item_standard', 1, 0, 186, 1, '{}', 'Decorations for a coffin.', 0, 0.25),
	('collector_fossil_bivalve', 'Bivalve Fossil', 10, 1, 'item_standard', 1, 0, 744, 1, '{}', 'A common fossilized mollusc, badly worn.', 0, 0.25),
	('collector_fossil_brachiopod', 'Brachiopod Fossil', 10, 1, 'item_standard', 1, 0, 745, 1, '{}', 'A common Brachiopod fossil with some chips and scrapes.', 0, 0.25),
	('collector_fossil_brow_horn', 'Brow Horn Fossil', 10, 1, 'item_standard', 1, 0, 746, 1, '{}', 'A rare fossilized brow horn, believed to have belonged to a Triceratops.', 0, 0.25),
	('collector_fossil_cephalopod', 'Cephalopod Fossil', 10, 1, 'item_standard', 1, 0, 747, 1, '{}', 'A common cephalopod fossil. Slightly damaged and brittle.', 0, 0.25),
	('collector_fossil_coral', 'Agatized Coral Fossil', 10, 1, 'item_standard', 1, 0, 748, 1, '{}', 'A common piece of agatized coral, weather-beaten but still striking.', 0, 0.25),
	('collector_fossil_neo', 'Neospirifer Fossil', 10, 1, 'item_standard', 1, 0, 749, 1, '{}', 'A common Neospirifer fossil, millions of years old. Good condition.', 0, 0.25),
	('collector_fossil_pet_wood', 'Common Petrified Wood Fossil', 10, 1, 'item_standard', 1, 0, 750, 1, '{}', 'A common chunk of wood turned to stone over the years.', 0, 0.25),
	('collector_fossil_pet_wood_rainbow', 'Rainbow Petrified Wood Fossil', 10, 1, 'item_standard', 1, 0, 751, 1, '{}', 'An uncommon piece of petrified wood filled with multicolored crystals.', 0, 0.25),
	('collector_fossil_pet_wood_yellow_cat', 'Yellow Cat Petrified Wood Fossil', 10, 1, 'item_standard', 1, 0, 752, 1, '{}', 'An uncommon lump of petrified wood featuring bright red and yellow colors.', 0, 0.25),
	('collector_fossil_sea_lily', 'Sea Lily Fossil', 10, 1, 'item_standard', 1, 0, 753, 1, '{}', 'An uncommon fossilized crinoid, a marine animal millions of years old.', 0, 0.25),
	('collector_fossil_sea_scorpion', 'Sea Scorpion Fossil', 10, 1, 'item_standard', 1, 0, 754, 1, '{}', 'An uncommon eurypterid fossil in good condition.', 0, 0.25),
	('collector_fossil_stone', 'Petoskey Stone Fossil', 10, 1, 'item_standard', 1, 0, 755, 1, '{}', 'A common rock made of fossilized coral. Unpolished.', 0, 0.25),
	('collector_fossil_tail_spike', 'Tail Spike Fossil', 10, 1, 'item_standard', 1, 0, 756, 1, '{}', 'A rare fossilized tail spike, thought to have belonged to a Stegosaurus.', 0, 0.25),
	('collector_fossil_toe_claw', 'Toe Sickle Claw Fossil', 10, 1, 'item_standard', 1, 0, 757, 1, '{}', 'A rare fossilized claw. Still sharp, it belonged to a genus of Dromaeosauridae.', 0, 0.25),
	('collector_fossil_tooth_mega', 'Upper Tooth Fossil', 10, 1, 'item_standard', 1, 0, 758, 1, '{}', 'A rare fossilized tooth from a Megalodon.', 0, 0.25),
	('collector_fossil_tooth_serrated', 'Serrated Tooth Fossil', 10, 1, 'item_standard', 1, 0, 759, 1, '{}', 'A rare and jagged fossilized tooth, once belonging to an Allosaurus.', 0, 0.25),
	('collector_fossil_tooth_trex', 'Front Tooth Fossil', 10, 1, 'item_standard', 1, 0, 760, 1, '{}', 'A rare fossilized front tooth, perhaps belonging to the recently discovered Manospondylus Gigas. Highly prized.', 0, 0.25),
	('collector_fossil_trilobite_crypto', 'Cryptolithus Trilobite Fossil', 10, 1, 'item_standard', 1, 0, 761, 1, '{}', 'A small, uncommon trilobite fossil. Good condition.', 0, 0.25),
	('collector_fossil_trilobite_iso', 'Isotelus Trilobite Fossil', 10, 1, 'item_standard', 1, 0, 762, 1, '{}', 'An uncommon fossil of a huge trilobite. Fully intact.', 0, 0.25),
	('collector_fossil_tully_monster', 'Tully Monster Fossil', 10, 1, 'item_standard', 1, 0, 763, 1, '{}', 'An uncommon Tullimonstrum fossil, nicely preserved.', 0, 0.25),
	('condenser', 'Condenser', 5, 1, 'item_standard', 1, 0, 187, 1, '{}', 'A device used to condense substances.', 0, 0.25),
	('condorb', 'Condor beak', 20, 1, 'item_standard', 1, 0, 188, 1, '{}', 'A beak from a condor bird.', 0, 0.25),
	('condorf', 'Condor feather', 20, 1, 'item_standard', 1, 0, 189, 1, '{}', 'A beautiful feather from a condor.', 0, 0.25),
	('consumable_blueberrypie', 'Blueberry Pie', 10, 1, 'item_standard', 1, 0, 764, 1, '{}', 'A delicious pie made with blueberries.', 0, 0.25),
	('consumable_bluegil', 'Dried Bluegil', 10, 1, 'item_standard', 1, 0, 190, 1, '{}', 'A dried Bluegil fish.', 0, 0.25),
	('consumable_breakfast', 'Breakfast', 5, 1, 'item_standard', 1, 0, 191, 1, '{}', 'A hearty breakfast meal.', 0, 0.25),
	('consumable_caramel', 'Caramel', 5, 1, 'item_standard', 1, 0, 192, 1, '{}', 'Sweet and sticky caramel.', 0, 0.25),
	('consumable_chickenpie', 'Chicken Pie', 10, 1, 'item_standard', 1, 0, 765, 1, '{}', 'A delicious pie made with chicken.', 0, 0.25),
	('consumable_chocolate', 'Chocolate Bar', 10, 1, 'item_standard', 1, 0, 193, 1, '{}', 'A delicious chocolate bar.', 0, 0.25),
	('consumable_chocolatecake', 'Chocolate Cake', 10, 1, 'item_standard', 1, 0, 766, 1, '{}', 'A tasty chocolate cake.', 0, 0.25),
	('consumable_chocolatecoffee', 'Chocolate Coffee', 10, 1, 'item_standard', 1, 0, 767, 1, '{}', 'A chocolate flaverd coffee drink.', 0, 0.25),
	('consumable_coffee', 'Coffee', 5, 1, 'item_standard', 1, 0, 194, 1, '{}', 'A warm cup of coffee.', 0, 0.25),
	('consumable_coffeecake', 'Coffee Cake', 10, 1, 'item_standard', 1, 0, 768, 1, '{}', 'A delicious coffee cake.', 0, 0.25),
	('consumable_crumbcake', 'Crumb Cake', 10, 1, 'item_standard', 1, 0, 769, 1, '{}', 'A delicious crumb cake.', 0, 0.25),
	('consumable_cupcake', 'Cupcake', 10, 1, 'item_standard', 1, 0, 770, 1, '{}', 'A delicious cupcake.', 0, 0.25),
	('consumable_donut', 'Donut', 10, 1, 'item_standard', 1, 0, 771, 1, '{}', 'A tasty donut.', 0, 0.25),
	('consumable_fruitsalad', 'Fruit Salad', 5, 1, 'item_standard', 1, 0, 195, 1, '{}', 'A refreshing fruit salad.', 0, 0.25),
	('consumable_game', 'Jerkied GameMeat', 10, 1, 'item_standard', 1, 0, 196, 1, '{}', 'Dried and seasoned game meat.', 0, 0.25),
	('consumable_grapejelly', 'Grape Jelly', 10, 1, 'item_standard', 1, 0, 772, 1, '{}', 'Grape flavored jelly.', 0, 0.25),
	('consumable_haycube', 'Haycube', 10, 1, 'item_standard', 1, 0, 197, 1, '{}', 'A compact cube of hay.', 0, 0.25),
	('consumable_herb_chanterelles', 'Chanterelles', 10, 1, 'item_standard', 1, 0, 198, 1, '{}', 'A bundle of Chanterelle mushrooms.', 0, 0.25),
	('consumable_herb_evergreen_huckleberry', 'Evergreen Huckleberry', 10, 1, 'item_standard', 1, 0, 199, 1, '{}', 'Plump and juicy Evergreen Huckleberries.', 0, 0.25),
	('consumable_herb_oregano', 'Oregano', 10, 1, 'item_standard', 1, 0, 200, 1, '{}', 'Fragrant oregano leaves.', 0, 0.25),
	('consumable_herb_vanilla_flower', 'Vanilla Flower', 10, 1, 'item_standard', 1, 0, 201, 1, '{}', 'A delicate vanilla flower.', 0, 0.25),
	('consumable_herb_wintergreen_berry', 'Wintergreen Berry', 10, 1, 'item_standard', 1, 0, 202, 1, '{}', 'Tart and refreshing Wintergreen Berries.', 0, 0.25),
	('consumable_horsepeppermints', 'Peppermint Stick', 10, 1, 'item_standard', 1, 0, 773, 1, '{}', 'Peppermint flavored candy stick.', 0, 0.25),
	('consumable_kidneybeans_can', 'Kidney Beans', 5, 1, 'item_standard', 1, 0, 203, 1, '{}', 'Canned kidney beans.', 0, 0.25),
	('consumable_lemoncake', 'Lemon Cake', 10, 1, 'item_standard', 1, 0, 774, 1, '{}', 'A delicious lemon cake', 0, 0.25),
	('consumable_lemondrops', 'Leamon Drops', 10, 1, 'item_standard', 1, 0, 775, 1, '{}', 'Lemon flavored candy.', 0, 0.25),
	('consumable_lock_breaker', 'Lock Breaker', 10, 1, 'item_standard', 1, 0, 204, 1, '{}', 'A tool for breaking locks.', 0, 0.25),
	('consumable_meat_greavy', 'Meat Stew', 12, 1, 'item_standard', 1, 0, 205, 1, '{}', 'A hearty meat stew.', 0, 0.25),
	('consumable_medicine', 'Medicine', 10, 1, 'item_standard', 1, 0, 206, 1, '{}', 'Medicinal treatment.', 0, 0.25),
	('consumable_peach', 'Peach', 5, 1, 'item_standard', 1, 0, 207, 1, '{}', 'Juicy and ripe peach.', 0, 0.25),
	('consumable_peachcobbler', 'Peach Cobbler', 10, 1, 'item_standard', 1, 0, 776, 1, '{}', 'A tasty peach cobbler.', 0, 0.25),
	('consumable_peachjelly', 'Peach Jelly', 10, 1, 'item_standard', 1, 0, 777, 1, '{}', 'Peach flavored jelly.', 0, 0.25),
	('consumable_pear', 'Pear', 10, 1, 'item_standard', 1, 0, 208, 1, '{}', 'A sweet and juicy pear.', 0, 0.25),
	('consumable_peppermint', 'Peppermint', 10, 1, 'item_standard', 1, 0, 778, 1, '{}', 'Peppermint flavored candy.', 0, 0.25),
	('consumable_poundcake', 'Pound Cake', 10, 1, 'item_standard', 1, 0, 779, 1, '{}', 'A delicious pound cake.', 0, 0.25),
	('consumable_pretzel', 'Pretzel', 10, 1, 'item_standard', 1, 0, 780, 1, '{}', 'A tasty pretzel with salt.', 0, 0.25),
	('consumable_raspberryjelly', 'Raspberry Jelly', 10, 1, 'item_standard', 1, 0, 781, 1, '{}', 'Raspberry flavored jelly.', 0, 0.25),
	('consumable_raspberrywater', 'Berry Water', 10, 1, 'item_standard', 1, 0, 209, 1, '{}', 'Refreshing water infused with berries.', 0, 0.25),
	('consumable_salmon', 'Dried Salmon', 10, 1, 'item_standard', 1, 0, 210, 1, '{}', 'A dried and preserved salmon.', 0, 0.25),
	('consumable_salmon_can', 'Salmon Can', 10, 1, 'item_standard', 1, 0, 211, 1, '{}', 'Canned salmon.', 0, 0.25),
	('consumable_spongecake', 'Sponge Cake', 10, 1, 'item_standard', 1, 0, 782, 1, '{}', 'A soft and delicious spong cake.', 0, 0.25),
	('consumable_steakpie', 'Steak Pie', 10, 1, 'item_standard', 1, 0, 783, 1, '{}', 'A delicious pie made with beef.', 0, 0.25),
	('consumable_trout', 'Cooked Trout', 10, 1, 'item_standard', 1, 0, 212, 1, '{}', 'A cooked and seasoned trout.', 0, 0.25),
	('consumable_veggies', 'Edible Veggies', 5, 1, 'item_standard', 1, 0, 213, 1, '{}', 'A mix of various edible vegetables.', 0, 0.25),
	('cookedbluegil', 'Cooked Bluegil with Veggies', 5, 1, 'item_standard', 1, 0, 214, 1, '{}', 'A cooked Bluegil fish served with vegetables.', 0, 0.25),
	('cooking_pot', 'Gryte', 5, 1, 'item_standard', 0, 0, 11372, 1, '{}', 'nice item', 0, 0.25),
	('copper', 'Copper', 30, 1, 'item_standard', 1, 0, 215, 1, '{}', 'A piece of copper.', 0, 0.25),
	('cordbow', 'Bow Cord', 10, 1, 'item_standard', 1, 0, 784, 1, '{}', 'Cord used for making a bow.', 0, 0.25),
	('corn', 'Corn', 10, 1, 'item_standard', 1, 0, 216, 1, '{}', 'Fresh and juicy corn.', 0, 0.25),
	('cornseed', 'Corn seed', 10, 1, 'item_standard', 1, 0, 217, 1, '{}', 'Seeds for growing corn.', 0, 0.25),
	('cougarf', 'Cougar tooth', 20, 1, 'item_standard', 1, 0, 218, 1, '{}', 'A sharp tooth from a cougar.', 0, 0.25),
	('cougars', 'Cougar skin', 20, 1, 'item_standard', 1, 0, 219, 1, '{}', 'The thick and durable skin of a cougar.', 0, 0.25),
	('cougartaxi', 'Cougar Taxidermy', 20, 1, 'item_standard', 1, 0, 220, 1, '{}', 'A taxidermy mount of a cougar.', 0, 0.25),
	('cougar_taxidermy', 'Cougar Taxidermy', 20, 1, 'item_standard', 1, 0, 221, 1, '{}', 'A taxidermy mount of a cougar.', 0, 0.25),
	('cowh', 'Cow horn', 20, 1, 'item_standard', 1, 0, 222, 1, '{}', 'A long and curved horn from a cow.', 0, 0.25),
	('cows', 'Cow pelt', 20, 1, 'item_standard', 1, 0, 223, 1, '{}', 'The soft and furry pelt of a cow.', 0, 0.25),
	('coyotef', 'Coyote tooth', 20, 1, 'item_standard', 1, 0, 224, 1, '{}', 'A sharp tooth from a coyote.', 0, 0.25),
	('coyotepelt', 'Coyote Pelt', 20, 1, 'item_standard', 1, 0, 225, 1, '{}', 'The fur pelt of a coyote.', 0, 0.25),
	('coyotes', 'Coyote skin', 20, 1, 'item_standard', 1, 0, 226, 1, '{}', 'The rugged and weathered skin of a coyote.', 0, 0.25),
	('coyotetaxi', 'Coyote Taxidermy', 20, 1, 'item_standard', 1, 0, 227, 1, '{}', 'A taxidermy mount of a coyote.', 0, 0.25),
	('coyote_pelt', 'Coyote Pelt', 20, 1, 'item_standard', 1, 0, 228, 1, '{}', 'The fur pelt of a coyote.', 0, 0.25),
	('coyote_taxidermy', 'Coyote Taxidermy', 20, 1, 'item_standard', 1, 0, 229, 1, '{}', 'A taxidermy mount of a coyote.', 0, 0.25),
	('crabbutter', 'Crab Butter', 10, 1, 'item_standard', 1, 0, 785, 1, '{}', 'Butter made from crab. Delicious on toast.', 0, 0.25),
	('crablegs', 'Crab Legs', 10, 1, 'item_standard', 1, 0, 786, 1, '{}', 'Legs from a crab.', 0, 0.25),
	('crab_c', 'Crab', 20, 1, 'item_standard', 1, 0, 230, 1, '{}', 'A crab with a hard shell.', 0, 0.25),
	('craftingfire', 'Crafting Fire', 20, 1, 'item_standard', 1, 0, 231, 1, '{}', 'A fire used for crafting.', 0, 0.25),
	('crafting_fire', 'Crafting Fire', 20, 1, 'item_standard', 1, 0, 232, 1, '{}', 'A fire used for crafting.', 0, 0.25),
	('crawfish_c', 'Crawfish', 20, 1, 'item_standard', 1, 0, 233, 1, '{}', 'A small freshwater crustacean.', 0, 0.25),
	('Creeking_Thyme', 'Creeping Thyme', 10, 1, 'item_standard', 1, 0, 234, 1, '{}', 'A fragrant herb with small purple flowers.', 0, 0.25),
	('Creeking_Thyme_Seed', 'Creeping Thyme Seed', 10, 1, 'item_standard', 1, 0, 235, 1, '{}', 'Seeds for growing creeping thyme.', 0, 0.25),
	('Creekplum', 'Creekplum', 10, 1, 'item_standard', 1, 0, 236, 1, '{}', 'A small and juicy creekplum.', 0, 0.25),
	('Creekplum_Seed', 'Creekplum Seed', 10, 1, 'item_standard', 1, 0, 237, 1, '{}', 'Seeds for growing creekplums.', 0, 0.25),
	('Crows_Garlic', 'Crows Garlic', 10, 1, 'item_standard', 1, 0, 238, 1, '{}', 'A pungent garlic with black bulbs.', 0, 0.25),
	('Crows_Garlic_Seed', 'Crows Garlic Seed', 10, 1, 'item_standard', 1, 0, 239, 1, '{}', 'Seeds for growing crows garlic.', 0, 0.25),
	('crow_c', 'Crow', 20, 1, 'item_standard', 1, 0, 240, 1, '{}', 'A black-feathered bird with a sharp beak.', 0, 0.25),
	('darub', 'Crane beak', 20, 1, 'item_standard', 1, 0, 241, 1, '{}', 'A long and slender beak from a crane.', 0, 0.25),
	('daruf', 'Crane feather', 20, 1, 'item_standard', 1, 0, 242, 1, '{}', 'A beautiful feather from a crane.', 0, 0.25),
	('dbcandle', 'Dbl Candle', 20, 1, 'item_standard', 1, 0, 243, 1, '{}', 'A double-sided candle with two wicks.', 0, 0.25),
	('decortent1', 'Decor Tent 1 Set', 20, 1, 'item_standard', 1, 0, 244, 1, '{}', 'A decorative tent set with unique patterns.', 0, 0.25),
	('decortent2', 'Decor Tent 2 Set', 20, 1, 'item_standard', 1, 0, 245, 1, '{}', 'A decorative tent set with unique patterns.', 0, 0.25),
	('decortent3', 'Decor Tent 3 Set', 20, 1, 'item_standard', 1, 0, 246, 1, '{}', 'A decorative tent set with unique patterns.', 0, 0.25),
	('deerheart', 'Deer heart', 20, 1, 'item_standard', 1, 0, 247, 1, '{}', 'The heart of a deer.', 0, 0.25),
	('deerpelt', 'Deer pelt', 20, 1, 'item_standard', 1, 0, 248, 1, '{}', 'The soft and warm pelt of a deer.', 0, 0.25),
	('deerskin', 'Deer skin', 20, 1, 'item_standard', 1, 0, 249, 1, '{}', 'The skin of a deer.', 0, 0.25),
	('deertaxi', 'Deer Taxidermy', 20, 1, 'item_standard', 1, 0, 250, 1, '{}', 'A taxidermy mount of a deer.', 0, 0.25),
	('deer_pelt', 'Deer Pelt', 20, 1, 'item_standard', 1, 0, 251, 1, '{}', 'The soft and warm pelt of a deer.', 0, 0.25),
	('deer_taxidermy', 'Deer Taxidermy', 20, 1, 'item_standard', 1, 0, 252, 1, '{}', 'A taxidermy mount of a deer.', 0, 0.25),
	('Desert_Sage', 'Desert Sage', 10, 1, 'item_standard', 1, 0, 253, 1, '{}', 'A bundle of Desert Sage used for crafting and medicinal purposes.', 0, 0.25),
	('Desert_Sage_Seed', 'Desert Sage Seed', 10, 1, 'item_standard', 1, 0, 254, 1, '{}', 'A seed of Desert Sage that can be planted to grow Desert Sage plants.', 0, 0.25),
	('diamond', 'Diamond', 20, 1, 'item_standard', 1, 0, 255, 1, '{}', 'A precious gemstone known for its brilliance and value.', 0, 0.25),
	('dleguans', 'Desert Iguana pelt', 20, 1, 'item_standard', 1, 0, 256, 1, '{}', 'The skin of a Desert Iguana, commonly used for crafting and trading.', 0, 0.25),
	('dreamcatcher', 'Dream Catcher', 20, 1, 'item_standard', 1, 0, 257, 1, '{}', 'A traditional Native American ornament believed to filter out bad dreams and let only good dreams pass through.', 0, 0.25),
	('Drink_For_Dog', 'Pet Water', 10, 1, 'item_standard', 1, 0, 258, 1, '{}', 'A refreshing drink specially made for pets to keep them hydrated.', 0, 0.25),
	('duckfat', 'Duck fat', 20, 1, 'item_standard', 1, 0, 259, 1, '{}', 'The rendered fat from a duck, commonly used in cooking and baking.', 0, 0.25),
	('Duck_Egg', 'Duck Egg', 10, 1, 'item_standard', 1, 0, 260, 1, '{}', 'An egg laid by a duck, often used in various culinary preparations.', 0, 0.25),
	('dynamite', 'Pipe charge dynamite', 30, 1, 'item_standard', 1, 0, 261, 1, '{}', 'An explosive device consisting of a tube filled with explosive material, used for various purposes including mining and demolition.', 0, 0.25),
	('eaglef', 'Eagle feather', 20, 1, 'item_standard', 1, 0, 262, 1, '{}', 'A feather obtained from an eagle, often used for decorative purposes and in crafting.', 0, 0.25),
	('eaglet', 'Eagle claws', 20, 1, 'item_standard', 1, 0, 263, 1, '{}', 'The sharp claws of an eagle, sometimes collected as a trophy or used in traditional medicine.', 0, 0.25),
	('egg', 'Egg', 20, 1, 'item_standard', 1, 0, 264, 1, '{}', 'A small oval object laid by a female bird, reptile, or fish, containing a fertilized embryo and nutrients for development.', 0, 0.25),
	('eggs', 'Egg', 50, 1, 'item_standard', 1, 0, 265, 1, '{}', 'Various types of eggs collected from different animals, often used in cooking and crafting.', 0, 0.25),
	('egretb', 'Snowy Egret beak', 20, 1, 'item_standard', 1, 0, 266, 1, '{}', 'The beak of a Snowy Egret, commonly used for crafting and trading.', 0, 0.25),
	('egretf', 'Snowy Egret feather', 20, 1, 'item_standard', 1, 0, 267, 1, '{}', 'A feather obtained from a Snowy Egret, often used for decorative purposes and in crafting.', 0, 0.25),
	('elkantler', 'Elk antler', 20, 1, 'item_standard', 1, 0, 268, 1, '{}', 'A large branched horn-like appendage grown by male elks.', 0, 0.25),
	('elks', 'Elk pelt', 20, 1, 'item_standard', 1, 0, 269, 1, '{}', 'A high-quality pelt obtained from an elk.', 0, 0.25),
	('emerald', 'Emerald', 20, 1, 'item_standard', 1, 0, 270, 1, '{}', 'A precious green gemstone with a sparkling appearance.', 0, 0.25),
	('empty_bottle', 'Empty Bottle', 20, 1, 'item_standard', 1, 0, 271, 1, '{}', 'Empty Bottle', 0, 0.25),
	('English_Mace', 'English Mace', 10, 1, 'item_standard', 1, 0, 272, 1, '{}', 'A type of spice commonly used in cooking and herbal medicine.', 0, 0.25),
	('English_Mace_Seed', 'English Mace Seed', 10, 1, 'item_standard', 1, 0, 273, 1, '{}', 'Seeds that can be planted to grow English Mace plants.', 0, 0.25),
	('Evergreen_Huckleberry', 'Evergreen Huckleberry', 10, 1, 'item_standard', 1, 0, 274, 1, '{}', 'A small, dark purple berry known for its tart and sweet flavor.', 0, 0.25),
	('Evergreen_Huckleberry_Seed', 'Evergreen Huckleberry Seed', 10, 1, 'item_standard', 1, 0, 275, 1, '{}', 'Seeds that can be planted to grow Evergreen Huckleberry bushes.', 0, 0.25),
	('fan', 'Fan', 5, 1, 'item_standard', 1, 0, 276, 1, '{}', 'A handheld device with flat blades used to create a breeze or provide cooling.', 0, 0.25),
	('fancydouble', 'Fancy Double', 20, 1, 'item_standard', 1, 0, 277, 1, '{}', 'A stylish and well-crafted double-barreled firearm.', 0, 0.25),
	('Fat', 'Animal Fat', 10, 1, 'item_standard', 1, 0, 278, 1, '{}', 'Rendered fat obtained from animals, commonly used in cooking and crafting.', 0, 0.25),
	('Feather', 'Feather', 20, 1, 'item_standard', 1, 0, 279, 1, '{}', 'A lightweight and delicate feather, often used for decorative purposes.', 0, 0.25),
	('Feed_For_Dog', 'Dog Food', 10, 1, 'item_standard', 1, 0, 280, 1, '{}', 'Nutritious food specifically formulated for dogs.', 0, 0.25),
	('fertilizer', 'Fertilizer', 10, 1, 'item_standard', 1, 0, 281, 1, '{}', 'A substance used to enrich soil and promote plant growth.', 0, 0.25),
	('fertilizerbless', 'Blessed Fertilizer', 10, 1, 'item_standard', 1, 0, 282, 1, '{}', 'Sacred fertilizer imbued with spiritual blessings, known to enhance crop yield.', 0, 0.25),
	('fertilizeregg', 'Fertilizer with Eggs', 10, 1, 'item_standard', 1, 0, 283, 1, '{}', 'Fertilizer enriched with nutrients from various eggs, providing excellent nourishment for plants.', 0, 0.25),
	('fertilizerpro', 'Fertilizer with Produce', 10, 1, 'item_standard', 1, 0, 284, 1, '{}', 'Fertilizer containing organic matter from fresh produce, enhancing soil fertility and plant health.', 0, 0.25),
	('fertilizerpulpsap', 'Fertilizer with Pulp/Sap', 10, 1, 'item_standard', 1, 0, 285, 1, '{}', 'Fertilizer enriched with natural pulp or sap, promoting robust growth and vitality in plants.', 0, 0.25),
	('fertilizersn', 'Fertilizer with Snake', 10, 1, 'item_standard', 1, 0, 286, 1, '{}', 'Fertilizer enriched with beneficial nutrients extracted from snakes, promoting vigorous growth in plants.', 0, 0.25),
	('fertilizersq', 'Fertilizer with Squirrel', 10, 1, 'item_standard', 1, 0, 287, 1, '{}', 'Fertilizer infused with nutrients derived from squirrels, providing essential elements for plant nourishment and vitality.', 0, 0.25),
	('fertilizersw', 'Fertilizer with Soft Wood', 10, 1, 'item_standard', 1, 0, 288, 1, '{}', 'Fertilizer blended with fine particles of softwood, enriching the soil with organic matter and enhancing plant development.', 0, 0.25),
	('fertilizersyn', 'Synful Fertilizer', 10, 1, 'item_standard', 1, 0, 289, 1, '{}', 'A potent and forbidden fertilizer concocted from mystical ingredients, known to produce extraordinary growth in plants.', 0, 0.25),
	('fertilizerwoj', 'Fertilizer with Wojape', 10, 1, 'item_standard', 1, 0, 290, 1, '{}', 'Fertilizer infused with the essence of Wojape, a rare and powerful herb known for its profound effects on plant growth.', 0, 0.25),
	('fibers', 'Fibers', 20, 1, 'item_standard', 0, 0, 291, 1, '{}', 'Fine threads or filaments extracted from plants or animals, often used for crafting or weaving.', 0, 0.25),
	('file_tool', 'Fil', 5, 1, 'item_standard', 0, 0, 11379, 1, '{}', 'nice item', 0, 0.25),
	('fish', 'Fish', 50, 1, 'item_standard', 1, 0, 292, 1, '{}', 'A aquatic creature with fins and scales, commonly caught for food or sport.', 0, 0.25),
	('fishbait', 'Fishbait', 10, 1, 'item_standard', 1, 0, 293, 1, '{}', 'A substance or lure used to attract fish, increasing the chances of a successful catch.', 0, 0.25),
	('fishchips', 'Fish and Chips', 10, 1, 'item_standard', 1, 0, 294, 1, '{}', 'A classic dish consisting of fried fish fillets and potato chips, often served with tartar sauce.', 0, 0.25),
	('fishmeat', 'Bigfish Meat', 20, 1, 'item_standard', 1, 0, 295, 1, '{}', 'Meat obtained from large fish species, known for its tender texture and rich flavor.', 0, 0.25),
	('flag', 'Camp Flag', 10, 1, 'item_standard', 1, 0, 296, 1, '{}', 'A colorful and distinctive flag used to mark and identify a campsite or specific location.', 0, 0.25),
	('flour', 'Flour', 10, 1, 'item_standard', 1, 0, 787, 1, '{}', 'Ground up wheat used for cooking and baking.', 0, 0.25),
	('floursack', 'Flour Sack', 10, 1, 'item_standard', 1, 0, 788, 1, '{}', 'A sack of flour.', 0, 0.25),
	('flowerboxes', 'Flower Boxes', 20, 1, 'item_standard', 1, 0, 297, 1, '{}', 'Containers or receptacles designed to hold and display blooming flowers, adding beauty and charm to any setting.', 0, 0.25),
	('foodbarrel', 'Food Barrel', 20, 1, 'item_standard', 1, 0, 298, 1, '{}', 'A sturdy barrel used for storing and preserving food items, keeping them fresh and safe from pests.', 0, 0.25),
	('food_barrel', 'Food Barrel', 20, 1, 'item_standard', 1, 0, 299, 1, '{}', 'A large barrel specifically designed for storing and transporting food, ideal for provisioning during long journeys or expeditions.', 0, 0.25),
	('foxskin', 'Foxskin', 20, 1, 'item_standard', 1, 0, 300, 1, '{}', 'The skin of a fox.', 0, 0.25),
	('foxt', 'Fox tooth', 20, 1, 'item_standard', 1, 0, 301, 1, '{}', 'A tooth extracted from a fox.', 0, 0.25),
	('friedtater', 'Fried Taters', 10, 1, 'item_standard', 1, 0, 302, 1, '{}', 'Crispy and delicious fried potatoes.', 0, 0.25),
	('frogbull2_c', 'Poisoned Frogbull', 20, 1, 'item_standard', 1, 0, 303, 1, '{}', 'A toxic variant of a frogbull.', 0, 0.25),
	('frogbull_c', 'Frogbull', 20, 1, 'item_standard', 1, 0, 304, 1, '{}', 'A small creature found near water bodies.', 0, 0.25),
	('fsnakes', 'Blacktail rattlesnake pelt', 20, 1, 'item_standard', 1, 0, 305, 1, '{}', 'The skin of a blacktail rattlesnake.', 0, 0.25),
	('game', 'Game Meat', 20, 1, 'item_standard', 1, 0, 306, 1, '{}', 'Fresh meat obtained from hunting animals.', 0, 0.25),
	('Gamey_Meat', 'Gamey Meat', 10, 1, 'item_standard', 1, 0, 307, 1, '{}', 'A type of meat with a distinct gamey flavor.', 0, 0.25),
	('Gator_Egg_3', 'Aligator Egg 3', 10, 1, 'item_standard', 1, 0, 308, 1, '{}', 'The third stage of an alligator egg.', 0, 0.25),
	('Gator_Egg_4', 'Aligator Egg 4', 10, 1, 'item_standard', 1, 0, 309, 1, '{}', 'The fourth stage of an alligator egg.', 0, 0.25),
	('Gator_Egg_5', 'Aligator Egg 5', 10, 1, 'item_standard', 1, 0, 310, 1, '{}', 'The final stage of an alligator egg.', 0, 0.25),
	('gbarrelx', 'Gun Barrel', 20, 1, 'item_standard', 1, 0, 311, 1, '{}', 'A part used in firearm manufacturing.', 0, 0.25),
	('gbears', 'Grizzly Bear skin', 20, 1, 'item_standard', 1, 0, 312, 1, '{}', 'The skin of a grizzly bear.', 0, 0.25),
	('ginsengtea', 'Ginseng Tea', 10, 1, 'item_standard', 1, 0, 313, 1, '{}', 'A soothing tea made from ginseng roots.', 0, 0.25),
	('glassbottle', 'Glass Bottle', 15, 1, 'item_standard', 1, 0, 314, 1, '{}', 'A transparent bottle made of glass.', 0, 0.25),
	('glasseye', 'Glass Eye', 10, 1, 'item_standard', 1, 0, 789, 1, '{}', 'A glass eye. Probably lost in a bar fight.', 0, 0.25),
	('gleguans', 'Green Iguana pelt', 20, 1, 'item_standard', 1, 0, 315, 1, '{}', 'The skin of a green iguana.', 0, 0.25),
	('goathead', 'Goat head', 20, 1, 'item_standard', 1, 0, 316, 1, '{}', 'The severed head of a goat.', 0, 0.25),
	('goats', 'Goat pelt', 20, 1, 'item_standard', 1, 0, 317, 1, '{}', 'The skin of a goat.', 0, 0.25),
	('goldbar', 'GoldBar', 5, 1, 'item_standard', 1, 0, 318, 1, '{}', 'A bar made of solid gold.', 0, 0.25),
	('Golden_Currant', 'Golden Currant', 10, 1, 'item_standard', 1, 0, 319, 1, '{}', 'A type of golden-colored currant.', 0, 0.25),
	('Golden_Currant_Seed', 'Golden Currant Seed', 10, 1, 'item_standard', 1, 0, 320, 1, '{}', 'A seed that can be planted to grow golden currants.', 0, 0.25),
	('goldfish', 'Gold Fish', 10, 1, 'item_standard', 0, 0, 321, 1, '{}', 'A shimmering gold-colored fish.', 0, 0.25),
	('goldpan', 'Gold pan', 10, 1, 'item_standard', 1, 0, 322, 1, '{}', 'A shallow pan used for gold panning.', 0, 0.25),
	('goldring', 'Gold Ring', 10, 1, 'item_standard', 1, 0, 323, 1, '{}', 'A ring made of solid gold.', 0, 0.25),
	('gold_nugget', 'Gold nugget', 30, 1, 'item_standard', 0, 0, 324, 1, '{}', 'A nugget of pure gold.', 0, 0.25),
	('gold_panning_license', 'Gold Panning License', 10, 1, 'item_standard', 1, 0, 790, 1, '{}', 'A license to pan gold.', 0, 0.25),
	('gooseb', 'Goose beak', 20, 1, 'item_standard', 1, 0, 325, 1, '{}', 'The beak of a goose.', 0, 0.25),
	('goosef', 'Goose feather', 20, 1, 'item_standard', 1, 0, 326, 1, '{}', 'A feather obtained from a goose.', 0, 0.25),
	('Goose_Egg_4', 'Goose Egg', 10, 1, 'item_standard', 1, 0, 327, 1, '{}', 'An egg laid by a goose.', 0, 0.25),
	('grainmill', 'Grain Mill', 10, 1, 'item_standard', 1, 0, 791, 1, '{}', 'A hand-held Grain Mill for grinding grain.', 0, 0.25),
	('grapes', 'Grapes', 10, 1, 'item_standard', 1, 0, 792, 1, '{}', 'A tasty fruit that grows in clusters. Often used to make wine.', 0, 0.25),
	('grinder', 'Grinder', 10, 1, 'item_standard', 1, 0, 793, 1, '{}', 'Used to crush up and grind herbs and plants.', 0, 0.25),
	('guitar', 'Classic Guitar', 1, 1, 'item_standard', 1, 0, 328, 1, '{}', 'A traditional six-string guitar.', 0, 0.25),
	('gunpowder', 'Krutt', 200, 1, 'item_standard', 0, 0, 11326, 1, '{}', 'nice item', 0, 0.25),
	('gun_barrel', 'Gun Barrel', 20, 1, 'item_standard', 1, 0, 329, 1, '{}', 'A cylindrical barrel used in firearm construction.', 0, 0.25),
	('gypsywagon', 'Gypsys Wagon Set', 20, 1, 'item_standard', 1, 0, 330, 1, '{}', 'A set of items related to a gypsy wagon.', 0, 0.25),
	('hairpomade', 'Hair Pomade', 5, 1, 'item_standard', 1, 0, 331, 1, '{}', 'A grooming product for styling hair.', 0, 0.25),
	('handcuffkey', 'Handcuff Key', 1, 1, 'item_standard', 1, 0, 959, 1, '{}', 'A key used to unlock handcuffs.', 0, 0.25),
	('handcuffs', 'Handcuffs', 10, 1, 'item_standard', 1, 0, 332, 1, '{}', 'Metal restraints used for restraining someone.', 0, 0.25),
	('handmixer', 'Handmixer', 10, 1, 'item_standard', 1, 0, 794, 1, '{}', 'A hand-held mixing device', 0, 0.25),
	('handsaw', 'Handsaw', 10, 1, 'item_standard', 1, 0, 795, 1, '{}', 'A hand saw used to cut wood', 0, 0.25),
	('hatchet', 'Hatchet', 1, 1, 'item_standard', 1, 0, 333, 1, '{}', 'A small axe with a short handle.', 0, 0.25),
	('hawkf', 'Hawk feather', 20, 1, 'item_standard', 1, 0, 334, 1, '{}', 'A feather obtained from a hawk.', 0, 0.25),
	('hawkt', 'Hawk claws', 20, 1, 'item_standard', 1, 0, 335, 1, '{}', 'The sharp claws of a hawk.', 0, 0.25),
	('Health_For_Dog', 'Pet Bandages', 10, 1, 'item_standard', 1, 0, 336, 1, '{}', 'Bandages designed for treating injuries in pets.', 0, 0.25),
	('health_tonic_medium', 'Helse-tonic (Medium)', 10, 1, 'item_standard', 0, 0, 11363, 1, '{}', 'nice item', 0, 0.25),
	('health_tonic_small', 'Helse-tonic (liten)', 10, 1, 'item_standard', 0, 0, 11362, 1, '{}', 'nice item', 0, 0.25),
	('health_tonic_strong', 'Helse-tonic (Sterk)', 10, 1, 'item_standard', 0, 0, 11364, 1, '{}', 'nice item', 0, 0.25),
	('hemp', 'Hemp', 10, 1, 'item_standard', 1, 0, 337, 1, '{}', 'A plant commonly used for its fiber.', 0, 0.25),
	('hemp_cig', 'Hemp Cigarette', 1, 1, 'item_standard', 1, 0, 338, 1, '{}', 'A cigarette made from hemp leaves.', 0, 0.25),
	('hemp_seed', 'Hemp Seed', 20, 1, 'item_standard', 1, 0, 339, 1, '{}', 'A seed that can be planted to grow hemp plants.', 0, 0.25),
	('herbal_medicine', 'Herbal Medicine', 20, 1, 'item_standard', 1, 0, 340, 1, '{}', 'Medicine made from natural herbal ingredients.', 0, 0.25),
	('herbal_tonic', 'Herbal Tonic', 20, 1, 'item_standard', 1, 0, 341, 1, '{}', 'A tonic made from herbal extracts.', 0, 0.25),
	('herbmed', 'Herbal Remedy', 10, 1, 'item_standard', 1, 0, 342, 1, '{}', 'A remedy made from various herbs.', 0, 0.25),
	('herbs', 'Urter', 100, 1, 'item_standard', 0, 0, 11351, 1, '{}', 'nice item', 0, 0.25),
	('heroin', 'Heroin', 5, 1, 'item_standard', 1, 0, 343, 1, '{}', 'A highly addictive and illegal drug.', 0, 0.25),
	('herptile', 'Herptile meat', 20, 1, 'item_standard', 1, 0, 344, 1, '{}', 'Meat obtained from reptiles and amphibians.', 0, 0.25),
	('hitchingpost', 'Hitching Post', 20, 1, 'item_standard', 1, 0, 345, 1, '{}', 'A post used for tying up horses.', 0, 0.25),
	('hk_1', 'House Key', 1, 1, 'item_standard', 1, 0, 961, 1, '{}', 'A standard house key.', 0, 0.25),
	('hk_101', 'House Key', 1, 1, 'item_standard', 1, 0, 964, 1, '{}', 'A specialized house key.', 0, 0.25),
	('hk_102', 'House Key', 1, 1, 'item_standard', 1, 0, 965, 1, '{}', 'A specialized house key.', 0, 0.25),
	('hk_103', 'House Key', 1, 1, 'item_standard', 1, 0, 966, 1, '{}', 'A specialized house key.', 0, 0.25),
	('hk_104', 'House Key', 1, 1, 'item_standard', 1, 0, 967, 1, '{}', 'A specialized house key.', 0, 0.25),
	('hk_105', 'House Key', 1, 1, 'item_standard', 1, 0, 968, 1, '{}', 'A specialized house key.', 0, 0.25),
	('hk_106', 'House Key', 1, 1, 'item_standard', 1, 0, 969, 1, '{}', 'A specialized house key.', 0, 0.25),
	('hk_107', 'House Key', 1, 1, 'item_standard', 1, 0, 970, 1, '{}', 'A specialized house key.', 0, 0.25),
	('hk_108', 'House Key', 1, 1, 'item_standard', 1, 0, 971, 1, '{}', 'A specialized house key.', 0, 0.25),
	('hk_109', 'House Key', 1, 1, 'item_standard', 1, 0, 972, 1, '{}', 'A specialized house key.', 0, 0.25),
	('hk_110', 'House Key', 1, 1, 'item_standard', 1, 0, 973, 1, '{}', 'A specialized house key.', 0, 0.25),
	('hk_111', 'House Key', 1, 1, 'item_standard', 1, 0, 974, 1, '{}', 'A specialized house key.', 0, 0.25),
	('hk_112', 'House Key', 1, 1, 'item_standard', 1, 0, 975, 1, '{}', 'A specialized house key.', 0, 0.25),
	('hk_113', 'House Key', 1, 1, 'item_standard', 1, 0, 976, 1, '{}', 'A specialized house key.', 0, 0.25),
	('hk_114', 'House Key', 1, 1, 'item_standard', 1, 0, 977, 1, '{}', 'A specialized house key.', 0, 0.25),
	('hk_115', 'House Key', 1, 1, 'item_standard', 1, 0, 978, 1, '{}', 'A specialized house key.', 0, 0.25),
	('hk_116', 'House Key', 1, 1, 'item_standard', 1, 0, 979, 1, '{}', 'A specialized house key.', 0, 0.25),
	('hk_117', 'House Key', 1, 1, 'item_standard', 1, 0, 980, 1, '{}', 'A specialized house key.', 0, 0.25),
	('hk_118', 'House Key', 1, 1, 'item_standard', 1, 0, 981, 1, '{}', 'A specialized house key.', 0, 0.25),
	('hk_119', 'House Key', 1, 1, 'item_standard', 1, 0, 982, 1, '{}', 'A specialized house key.', 0, 0.25),
	('hk_120', 'House Key', 1, 1, 'item_standard', 1, 0, 983, 1, '{}', 'A specialized house key.', 0, 0.25),
	('hk_121', 'House Key', 1, 1, 'item_standard', 1, 0, 984, 1, '{}', 'A specialized house key.', 0, 0.25),
	('hk_122', 'House Key', 1, 1, 'item_standard', 1, 0, 985, 1, '{}', 'A specialized house key.', 0, 0.25),
	('hk_123', 'House Key', 1, 1, 'item_standard', 1, 0, 986, 1, '{}', 'A specialized house key.', 0, 0.25),
	('hk_124', 'House Key', 1, 1, 'item_standard', 1, 0, 987, 1, '{}', 'A specialized house key.', 0, 0.25),
	('hk_125', 'House Key', 1, 1, 'item_standard', 1, 0, 988, 1, '{}', 'A specialized house key.', 0, 0.25),
	('hk_126', 'House Key', 1, 1, 'item_standard', 1, 0, 989, 1, '{}', 'A specialized house key.', 0, 0.25),
	('hk_127', 'House Key', 1, 1, 'item_standard', 1, 0, 990, 1, '{}', 'A specialized house key.', 0, 0.25),
	('hk_128', 'House Key', 1, 1, 'item_standard', 1, 0, 991, 1, '{}', 'A specialized house key.', 0, 0.25),
	('hk_129', 'House Key', 1, 1, 'item_standard', 1, 0, 992, 1, '{}', 'A specialized house key.', 0, 0.25),
	('hk_130', 'House Key', 1, 1, 'item_standard', 1, 0, 993, 1, '{}', 'A specialized house key.', 0, 0.25),
	('hk_131', 'House Key', 1, 1, 'item_standard', 1, 0, 994, 1, '{}', 'A specialized house key.', 0, 0.25),
	('hk_132', 'House Key', 1, 1, 'item_standard', 1, 0, 995, 1, '{}', 'A specialized house key.', 0, 0.25),
	('hk_133', 'House Key', 1, 1, 'item_standard', 1, 0, 996, 1, '{}', 'A specialized house key.', 0, 0.25),
	('hk_134', 'House Key', 1, 1, 'item_standard', 1, 0, 997, 1, '{}', 'A specialized house key.', 0, 0.25),
	('hk_2', 'House Key', 1, 1, 'item_standard', 1, 0, 962, 1, '{}', 'A standard house key.', 0, 0.25),
	('hk_3', 'House Key', 1, 1, 'item_standard', 1, 0, 963, 1, '{}', 'A standard house key.', 0, 0.25),
	('hoe', 'Garden Hoe', 10, 1, 'item_standard', 1, 0, 346, 1, '{}', 'A gardening tool with a thin metal blade.', 0, 0.25),
	('honey', 'Honey', 10, 1, 'item_standard', 1, 0, 347, 1, '{}', 'A sweet and sticky substance produced by bees.', 0, 0.25),
	('hop', 'Hop', 10, 1, 'item_standard', 1, 0, 348, 1, '{}', 'A plant used in brewing beer.', 0, 0.25),
	('hop_seed', 'Hop Seed', 10, 1, 'item_standard', 1, 0, 349, 1, '{}', 'A seed that can be planted to grow hop plants.', 0, 0.25),
	('horsebrush', 'Horse Brush', 5, 1, 'item_standard', 1, 0, 350, 1, '{}', 'A brush used for grooming horses.', 0, 0.25),
	('horsehitches', 'Horse Hitches Set', 20, 1, 'item_standard', 1, 0, 351, 1, '{}', 'A set of items used for hitching horses.', 0, 0.25),
	('horsemeal', 'Horse ration', 10, 1, 'item_standard', 1, 0, 352, 1, '{}', 'Food provided to horses for sustenance.', 0, 0.25),
	('horseshoe_set', 'Hestesko sett', 5, 1, 'item_standard', 0, 0, 11371, 1, '{}', 'nice item', 0, 0.25),
	('Hummingbird_Sage', 'Hummingbird Sage', 10, 1, 'item_standard', 1, 0, 353, 1, '{}', 'A type of sage plant favored by hummingbirds.', 0, 0.25),
	('Hummingbird_Sage_Seed', 'Hummingbird Sage Seed', 10, 1, 'item_standard', 1, 0, 354, 1, '{}', 'A seed that can be planted to grow hummingbird sage.', 0, 0.25),
	('hwood', 'Hard Wood', 20, 1, 'item_standard', 0, 0, 355, 1, '{}', 'Durable and strong wood used in various applications.', 0, 0.25),
	('iguanabits', 'Iguana Bits', 10, 1, 'item_standard', 1, 0, 796, 1, '{}', 'Tasy cooked Iguna pieces.', 0, 0.25),
	('Indian_Tobbaco', 'Indian Tobbaco', 20, 1, 'item_standard', 1, 0, 356, 1, '{}', 'A type of tobacco used by Native Americans.', 0, 0.25),
	('Indian_Tobbaco_Seed', 'Indian Tobbaco Seed', 10, 1, 'item_standard', 1, 0, 357, 1, '{}', 'A seed that can be planted to grow Indian tobbaco plants.', 0, 0.25),
	('ink', 'Ink', 10, 1, 'item_standard', 1, 0, 797, 1, '{}', 'A small bottle of ink.', 0, 0.25),
	('iron', 'Iron', 30, 1, 'item_standard', 0, 0, 358, 1, '{}', 'A strong and durable metal.', 0, 0.25),
	('ironbar', 'Iron Bar', 30, 1, 'item_standard', 1, 0, 359, 1, '{}', 'A solid bar made of iron, known for its strength and durability.', 0, 0.25),
	('ironextract', 'Iron Extract', 1, 1, 'item_standard', 0, 0, 360, 1, '{}', 'A concentrated form of iron, extracted from natural sources.', 0, 0.25),
	('ironhammer', 'Iron Hammer', 5, 1, 'item_standard', 1, 0, 361, 1, '{}', 'A hammer with a head made of iron, used for various construction and crafting purposes.', 0, 0.25),
	('iron_bar', 'Jernstang', 100, 1, 'item_standard', 0, 0, 11330, 1, '{}', 'nice item', 0, 0.25),
	('joint', 'joint', 50, 1, 'item_standard', 1, 0, 11385, 1, '{}', 'nice item', 0, 0.25),
	('kbirdb', 'Great Blue Heron Beak', 20, 1, 'item_standard', 1, 0, 362, 1, '{}', 'The beak of a Great Blue Heron, known for its long and slender shape.', 0, 0.25),
	('kbirdf', 'Great Blue Heron Feather', 20, 1, 'item_standard', 1, 0, 363, 1, '{}', 'A feather obtained from a Great Blue Heron, valued for its beauty and softness.', 0, 0.25),
	('kettle', 'Vannkjele', 5, 1, 'item_standard', 0, 0, 11375, 1, '{}', 'nice item', 0, 0.25),
	('kitchencounter', 'Kitchen Counter', 20, 1, 'item_standard', 1, 0, 364, 1, '{}', 'A sturdy counter surface typically found in kitchens, providing space for food preparation and other tasks.', 0, 0.25),
	('kit_bandana', 'Bandana', 2, 1, 'item_standard', 1, 0, 365, 1, '{}', 'A versatile and stylish piece of cloth that can be worn around the neck or head for various purposes. It adds a touch of fashion to any outfit.', 0, 0.25),
	('lamppost1', 'Lamp Post 1 Set', 20, 1, 'item_standard', 1, 0, 366, 1, '{}', 'A set of Lamp Post 1', 0, 0.25),
	('lamppost2', 'Lamp Post 2 Set', 20, 1, 'item_standard', 1, 0, 367, 1, '{}', 'A set of Lamp Post 2', 0, 0.25),
	('lanterna', 'Lantern', 20, 1, 'item_standard', 1, 0, 368, 1, '{}', 'A lantern', 0, 0.25),
	('lead_ore', 'Bly', 200, 1, 'item_standard', 0, 0, 11328, 1, '{}', 'nice item', 0, 0.25),
	('leather', 'Leather', 50, 1, 'item_standard', 1, 0, 369, 1, '{}', 'Leather material', 0, 0.25),
	('leatherchair', 'Leather Chair', 20, 1, 'item_standard', 1, 0, 370, 1, '{}', 'A leather chair', 0, 0.25),
	('leather_chair', 'Leather Chair', 20, 1, 'item_standard', 1, 0, 371, 1, '{}', 'A leather chair', 0, 0.25),
	('leather_strip', 'Lærrem', 100, 1, 'item_standard', 0, 0, 11338, 1, '{}', 'nice item', 0, 0.25),
	('legalbook', 'Legal Book', 1, 1, 'item_standard', 1, 0, 372, 1, '{}', 'A legal book', 0, 0.25),
	('legaligators', 'Legendary Alligator pelt', 20, 1, 'item_standard', 1, 0, 373, 1, '{}', 'A legendary pelt from an alligator', 0, 0.25),
	('legaligators1', 'Legendary Teca Alligator pelt', 20, 1, 'item_standard', 1, 0, 374, 1, '{}', 'A legendary pelt from a Teca Alligator', 0, 0.25),
	('legaligators2', 'Legendary Sun Alligator pelt', 20, 1, 'item_standard', 1, 0, 375, 1, '{}', 'A legendary pelt from a Sun Alligator', 0, 0.25),
	('legaligators3', 'Legendary Banded Alligator pelt', 20, 1, 'item_standard', 1, 0, 376, 1, '{}', 'A legendary pelt from a Banded Alligator', 0, 0.25),
	('legalpaper', 'Legal Paper', 4, 1, 'item_standard', 1, 0, 377, 1, '{}', 'Legal paper', 0, 0.25),
	('legbears1', 'Legendary Deadly Bear pelt', 20, 1, 'item_standard', 1, 0, 378, 1, '{}', 'A legendary pelt from a Deadly Bear', 0, 0.25),
	('legbears2', 'Legendary Owiza Bear pelt', 20, 1, 'item_standard', 1, 0, 379, 1, '{}', 'A legendary pelt from an Owiza Bear', 0, 0.25),
	('legbears3', 'Legendary Ridgeback Spirit Bear pelt', 20, 1, 'item_standard', 1, 0, 380, 1, '{}', 'A legendary pelt from a Ridgeback Spirit Bear', 0, 0.25),
	('legbears4', 'Legendary Golden Spirit Bear pelt', 20, 1, 'item_standard', 1, 0, 381, 1, '{}', 'A legendary pelt from a Golden Spirit Bear', 0, 0.25),
	('legbeavers1', 'Legendary Grey Beaver pelt', 20, 1, 'item_standard', 1, 0, 382, 1, '{}', 'A legendary pelt from a Grey Beaver', 0, 0.25),
	('legbeavers2', 'Legendary White Beaver pelt', 20, 1, 'item_standard', 1, 0, 383, 1, '{}', 'A legendary pelt from a White Beaver', 0, 0.25),
	('legbeavers3', 'Legendary Black Beaver pelt', 20, 1, 'item_standard', 1, 0, 384, 1, '{}', 'A legendary pelt from a Black Beaver', 0, 0.25),
	('legbeawers', 'Legendary Beaver pelt', 20, 1, 'item_standard', 1, 0, 385, 1, '{}', 'A legendary pelt from a Beaver', 0, 0.25),
	('legbisonhorn', 'Legendary Bison Horns', 20, 1, 'item_standard', 1, 0, 386, 1, '{}', 'A pair of majestic horns from a legendary bison', 0, 0.25),
	('legbisons', 'Legendary Bison pelt', 20, 1, 'item_standard', 1, 0, 387, 1, '{}', 'A rare and valuable pelt from a legendary bison', 0, 0.25),
	('legbisons1', 'Legendary Tatanka Bison pelt', 20, 1, 'item_standard', 1, 0, 388, 1, '{}', 'An exquisite pelt from a legendary Tatanka Bison', 0, 0.25),
	('legbisons2', 'Legendary Winyan Bison pelt', 20, 1, 'item_standard', 1, 0, 389, 1, '{}', 'A beautiful pelt from a legendary Winyan Bison', 0, 0.25),
	('legbisons3', 'Legendary Payata Bison pelt', 20, 1, 'item_standard', 1, 0, 390, 1, '{}', 'A prized pelt from a legendary Payata Bison', 0, 0.25),
	('legbisonstak', 'Legendary Takanta Bison pelt', 20, 1, 'item_standard', 1, 0, 391, 1, '{}', 'An exceptional pelt from a legendary Takanta Bison', 0, 0.25),
	('legboars', 'Legendary Boar pelt', 20, 1, 'item_standard', 1, 0, 392, 1, '{}', 'A rare and sought-after pelt from a legendary boar', 0, 0.25),
	('legboars1', 'Legendary Cogi Boar pelt', 20, 1, 'item_standard', 1, 0, 393, 1, '{}', 'A magnificent pelt from a legendary Cogi Boar', 0, 0.25),
	('legboars2', 'Legendary Wakpa Boar pelt', 20, 1, 'item_standard', 1, 0, 394, 1, '{}', 'A formidable pelt from a legendary Wakpa Boar', 0, 0.25),
	('legboars3', 'Legendary Icahi Boar pelt', 20, 1, 'item_standard', 1, 0, 395, 1, '{}', 'A rare pelt from a legendary Icahi Boar', 0, 0.25),
	('legboars4', 'Legendary Wildhog pelt', 20, 1, 'item_standard', 1, 0, 396, 1, '{}', 'An untamed pelt from a legendary Wildhog', 0, 0.25),
	('legbucks', 'Legendary Buck skin', 20, 1, 'item_standard', 1, 0, 397, 1, '{}', 'A prized skin from a legendary buck', 0, 0.25),
	('legbucks1', 'Legendary Buck pelt', 20, 1, 'item_standard', 1, 0, 398, 1, '{}', 'A splendid pelt from a legendary buck', 0, 0.25),
	('legbucks2', 'Legendary Mudrunner Buck pelt', 20, 1, 'item_standard', 1, 0, 399, 1, '{}', 'A distinct pelt from a legendary Mudrunner Buck', 0, 0.25),
	('legbucks3', 'Legendary Snow Buck pelt', 20, 1, 'item_standard', 1, 0, 400, 1, '{}', 'A pristine pelt from a legendary Snow Buck', 0, 0.25),
	('legbucks4', 'Legendary Shadow Buck pelt', 20, 1, 'item_standard', 1, 0, 401, 1, '{}', 'A mysterious pelt from a legendary Shadow Buck', 0, 0.25),
	('legcougars', 'Legendary Cougar skin', 20, 1, 'item_standard', 1, 0, 402, 1, '{}', 'A rare and valuable skin from a legendary cougar', 0, 0.25),
	('legcougars1', 'Legendary Iguga Cougar pelt', 20, 1, 'item_standard', 1, 0, 403, 1, '{}', 'A striking pelt from a legendary Iguga Cougar', 0, 0.25),
	('legcougars2', 'Legendary Maza Cougar pelt', 20, 1, 'item_standard', 1, 0, 404, 1, '{}', 'An exceptional pelt from a legendary Maza Cougar', 0, 0.25),
	('legcougars3', 'Legendary Sapa Cougar pelt', 20, 1, 'item_standard', 1, 0, 405, 1, '{}', 'A majestic pelt from a legendary Sapa Cougar', 0, 0.25),
	('legcougars4', 'Legendary Black Cougar pelt', 20, 1, 'item_standard', 1, 0, 406, 1, '{}', 'A rare pelt from a legendary Black Cougar', 0, 0.25),
	('legcoyotes', 'Legendary Coyote skin', 20, 1, 'item_standard', 1, 0, 407, 1, '{}', 'A prized skin from a legendary coyote', 0, 0.25),
	('legcoyotes1', 'Legendary Red Streak Coyote pelt', 20, 1, 'item_standard', 1, 0, 408, 1, '{}', 'A vibrant pelt from a legendary Red Streak Coyote', 0, 0.25),
	('legcoyotes2', 'Legendary Midnight Paw Coyote pelt', 20, 1, 'item_standard', 1, 0, 409, 1, '{}', 'A dark and mysterious pelt from a legendary Midnight Paw Coyote', 0, 0.25),
	('legcoyotes3', 'Legendary Milk Coyote pelt', 20, 1, 'item_standard', 1, 0, 410, 1, '{}', 'A rare pelt from a legendary Milk Coyote', 0, 0.25),
	('legelkantler', 'Legendary Elk Antlers', 20, 1, 'item_standard', 1, 0, 411, 1, '{}', 'A magnificent set of antlers from a legendary elk', 0, 0.25),
	('legelks', 'Legendary Elk pelt', 20, 1, 'item_standard', 1, 0, 412, 1, '{}', 'An impressive pelt from a legendary elk', 0, 0.25),
	('legelks1', 'Legendary Katata Elk pelt', 20, 1, 'item_standard', 1, 0, 413, 1, '{}', 'An exceptional pelt from a legendary Katata Elk', 0, 0.25),
	('legelks2', 'Legendary Ozula Elk pelt', 20, 1, 'item_standard', 1, 0, 414, 1, '{}', 'A rare pelt from a legendary Ozula Elk', 0, 0.25),
	('legelks3', 'Legendary Inahme Elk pelt', 20, 1, 'item_standard', 1, 0, 415, 1, '{}', 'An exquisite pelt from a legendary Inahme Elk', 0, 0.25),
	('legendbuckantler', 'Legendary Buck Antlers', 20, 1, 'item_standard', 1, 0, 416, 1, '{}', 'A pair of majestic antlers from a legendary buck', 0, 0.25),
	('legendsnakes', 'Legendary Boa pelt', 20, 1, 'item_standard', 1, 0, 417, 1, '{}', 'A rare and valuable pelt from a legendary boa', 0, 0.25),
	('legfoxs2', 'Legendary Marble Fox pelt', 20, 1, 'item_standard', 1, 0, 418, 1, '{}', 'A beautiful pelt from a legendary Marble Fox', 0, 0.25),
	('legfoxs3', 'Legendary Cross Fox pelt', 20, 1, 'item_standard', 1, 0, 419, 1, '{}', 'An exquisite pelt from a legendary Cross Fox', 0, 0.25),
	('legfoxskin', 'Legendary Fox skin', 20, 1, 'item_standard', 1, 0, 420, 1, '{}', 'A valuable and versatile skin from a legendary fox', 0, 0.25),
	('leggbears', 'Legendary Bear skin', 20, 1, 'item_standard', 1, 0, 421, 1, '{}', 'A formidable and sought-after skin from a legendary bear', 0, 0.25),
	('legmooseantler', 'Legendary Moose Antlers', 20, 1, 'item_standard', 1, 0, 422, 1, '{}', 'A massive set of antlers from a legendary moose', 0, 0.25),
	('legmooses', 'Legendary Moose pelt', 20, 1, 'item_standard', 1, 0, 423, 1, '{}', 'A majestic pelt from a legendary moose', 0, 0.25),
	('legmooses1', 'Legendary Snowflake Moose pelt', 20, 1, 'item_standard', 1, 0, 424, 1, '{}', 'A pristine pelt from a legendary Snowflake Moose', 0, 0.25),
	('legmooses2', 'Legendary Knight Moose pelt', 20, 1, 'item_standard', 1, 0, 425, 1, '{}', 'An impressive pelt from a legendary Knight Moose', 0, 0.25),
	('legmooses3', 'Legendary Rudy Moose pelt', 20, 1, 'item_standard', 1, 0, 426, 1, '{}', 'A distinctive pelt from a legendary Rudy Moose', 0, 0.25),
	('legpanthers1', 'Legendary Nightwalker Panther pelt', 20, 1, 'item_standard', 1, 0, 427, 1, '{}', 'A dark and elusive pelt from a legendary Nightwalker Panther', 0, 0.25),
	('legpanthers2', 'Legendary Ghost Panther pelt', 20, 1, 'item_standard', 1, 0, 428, 1, '{}', 'An ethereal pelt from a legendary Ghost Panther', 0, 0.25),
	('legpanthers3', 'Legendary Iwakta Panther pelt', 20, 1, 'item_standard', 1, 0, 429, 1, '{}', 'A rare and valuable pelt from a legendary Iwakta Panther', 0, 0.25),
	('legprongs', 'Legendary Pronghorn skin', 20, 1, 'item_standard', 1, 0, 430, 1, '{}', 'A sleek and coveted skin from a legendary pronghorn', 0, 0.25),
	('legramhorn', 'Legendary Ram Horns', 20, 1, 'item_standard', 1, 0, 431, 1, '{}', 'Impressive horns from a legendary ram', 0, 0.25),
	('legrams', 'Legendary Ram pelt', 20, 1, 'item_standard', 1, 0, 432, 1, '{}', 'A distinctive pelt from a legendary ram', 0, 0.25),
	('legrams1', 'Legendary Gabbro Horn Ram pelt', 20, 1, 'item_standard', 1, 0, 433, 1, '{}', 'A rare and valuable pelt from a legendary Gabbro Horn Ram', 0, 0.25),
	('legrams2', 'Legendary Chalk Horn Ram pelt', 20, 1, 'item_standard', 1, 0, 434, 1, '{}', 'An exceptional pelt from a legendary Chalk Horn Ram', 0, 0.25),
	('legrams3', 'Legendary Rutile Horn Ram pelt', 20, 1, 'item_standard', 1, 0, 435, 1, '{}', 'An exquisite pelt from a legendary Rutile Horn Ram', 0, 0.25),
	('legrams4', 'Legendary GreatHorn Ram pelt', 20, 1, 'item_standard', 1, 0, 436, 1, '{}', 'An impressive pelt from a legendary GreatHorn Ram', 0, 0.25),
	('legwolfpelt', 'Legendary Wolf skin', 20, 1, 'item_standard', 1, 0, 437, 1, '{}', 'A prized and valuable skin from a legendary wolf', 0, 0.25),
	('legwolfs1', 'Legendary Emerald Wolf pelt', 20, 1, 'item_standard', 1, 0, 438, 1, '{}', 'A vibrant pelt from a legendary Emerald Wolf', 0, 0.25),
	('legwolfs2', 'Legendary Onyx Wolf pelt', 20, 1, 'item_standard', 1, 0, 439, 1, '{}', 'nice item', 0, 0.25),
	('legwolfs3', 'Legendary Moonstone Wolf pelt', 20, 1, 'item_standard', 1, 0, 440, 1, '{}', 'A magnificent pelt from a legendary Moonstone Wolf', 0, 0.25),
	('lizardl', 'Lizard foot', 20, 1, 'item_standard', 1, 0, 441, 1, '{}', 'A preserved foot of a lizard', 0, 0.25),
	('lizards', 'Lizard pelt', 20, 1, 'item_standard', 1, 0, 442, 1, '{}', 'A unique and scaly skin from a lizard', 0, 0.25),
	('lockpick', 'Lockpick', 5, 1, 'item_standard', 1, 0, 443, 1, '{}', 'A handy tool used for picking locks', 0, 0.25),
	('lockpickmold', 'Lockpick Mold', 5, 1, 'item_standard', 1, 0, 444, 1, '{}', 'A mold used for crafting lockpicks', 0, 0.25),
	('logbechs', 'Log Bench 2', 20, 1, 'item_standard', 1, 0, 445, 1, '{}', 'A sturdy and rustic log bench design', 0, 0.25),
	('logbench', 'Log Bench 1', 20, 1, 'item_standard', 1, 0, 446, 1, '{}', 'A simple and natural log bench', 0, 0.25),
	('log_bencha', 'Log Bench 1', 20, 1, 'item_standard', 1, 0, 447, 1, '{}', 'A comfortable log bench for outdoor seating', 0, 0.25),
	('log_benchb', 'Log Bench 2', 20, 1, 'item_standard', 1, 0, 448, 1, '{}', 'A spacious log bench for outdoor gatherings', 0, 0.25),
	('loonb', 'Common loon beak', 20, 1, 'item_standard', 1, 0, 449, 1, '{}', 'The beak of a common loon bird', 0, 0.25),
	('loonf', 'Common loon feather', 20, 1, 'item_standard', 1, 0, 450, 1, '{}', 'A beautiful feather from a common loon bird', 0, 0.25),
	('loungechair', 'Lounge Chair', 20, 1, 'item_standard', 1, 0, 451, 1, '{}', 'A comfortable and stylish lounge chair', 0, 0.25),
	('loungechair2', 'Lounge Chair 2', 20, 1, 'item_standard', 1, 0, 452, 1, '{}', 'A modern and luxurious lounge chair', 0, 0.25),
	('lumberaxe', 'Lumber Axe', 1, 1, 'item_standard', 1, 0, 453, 1, '{}', 'A sturdy axe designed for cutting lumber', 0, 0.25),
	('mackerel', 'Mackerel', 10, 1, 'item_standard', 0, 0, 454, 1, '{}', 'A small and silvery fish called mackerel', 0, 0.25),
	('marriagebook', 'Marriage Book', 1, 1, 'item_standard', 1, 0, 455, 1, '{}', 'A book containing the guidelines and rituals for marriage', 0, 0.25),
	('marriagecertification', 'Marriage Certify', 2, 1, 'item_standard', 1, 0, 456, 1, '{}', 'A legal document certifying a marriage', 0, 0.25),
	('mashalaskan', 'Alaskan Gin Mash', 20, 1, 'item_standard', 1, 0, 457, 1, '{}', 'A mixture of ingredients used in the production of Alaskan gin', 0, 0.25),
	('mashamerican', 'Alaskan Gin Mash', 20, 1, 'item_standard', 1, 0, 458, 1, '{}', 'A blend of ingredients used in the production of Alaskan gin', 0, 0.25),
	('mashapple', 'Apple Mash', 20, 1, 'item_standard', 1, 0, 459, 1, '{}', 'A mashed mixture of apples used for various recipes', 0, 0.25),
	('mashblackberry', 'Blackberry Mash', 20, 1, 'item_standard', 1, 0, 460, 1, '{}', 'A mashed mixture of blackberries used in cooking and beverages', 0, 0.25),
	('mashblackberry90p', 'Blackberry Mash 90p', 20, 1, 'item_standard', 1, 0, 461, 1, '{}', 'A concentrated blackberry mash used for crafting high-quality beverages', 0, 0.25),
	('mashpeach', 'Peach Mash', 20, 1, 'item_standard', 1, 0, 462, 1, '{}', 'A mashed mixture of peaches used in culinary preparations', 0, 0.25),
	('mashplum', 'Plum Mash', 20, 1, 'item_standard', 1, 0, 463, 1, '{}', 'A mashed mixture of plums used in cooking and distilling', 0, 0.25),
	('mashraspberry', 'Raspberry Mash', 20, 1, 'item_standard', 1, 0, 464, 1, '{}', 'A mashed mixture of raspberries used for culinary purposes', 0, 0.25),
	('mashraspberry90p', 'Raspberry Mash 90p', 20, 1, 'item_standard', 1, 0, 465, 1, '{}', 'A concentrated raspberry mash used for crafting potent beverages', 0, 0.25),
	('mashstrong', 'Strong Mash Batch', 20, 1, 'item_standard', 1, 0, 466, 1, '{}', 'A powerful and highly concentrated mash batch for advanced recipes', 0, 0.25),
	('meat', 'Meat', 20, 1, 'item_standard', 1, 0, 467, 1, '{}', 'Fresh and uncooked meat from various animals', 0, 0.25),
	('meat_stew', 'Kjøttgryte', 10, 1, 'item_standard', 0, 0, 11354, 1, '{}', 'nice item', 0, 0.25),
	('metal_gear', 'Metal gear', 10, 1, 'item_standard', 1, 0, 798, 1, '{}', 'A metal gear used in many machines.', 0, 0.25),
	('metal_plate', 'Metallplate', 100, 1, 'item_standard', 0, 0, 11342, 1, '{}', 'nice item', 0, 0.25),
	('mexitillas', 'Mexitillas', 10, 1, 'item_standard', 1, 0, 799, 1, '{}', 'A can of mixed mexcian beans.', 0, 0.25),
	('mexitillastaco', 'Taco', 10, 1, 'item_standard', 1, 0, 800, 1, '{}', 'A delicous taco.', 0, 0.25),
	('milk', 'Milk', 50, 1, 'item_standard', 1, 0, 468, 1, '{}', 'A nutritious and creamy dairy product', 0, 0.25),
	('Milk_Weed', 'Milk Weed', 10, 1, 'item_standard', 1, 0, 469, 1, '{}', 'A plant with milky sap used for medicinal purposes', 0, 0.25),
	('Milk_Weed_Seed', 'Milk Weed Seed', 10, 1, 'item_standard', 1, 0, 470, 1, '{}', 'Seeds of the milkweed plant for cultivation', 0, 0.25),
	('money_coin', 'Coin', 10, 1, 'item_standard', 1, 0, 801, 1, '{}', 'A simple metal coin', 0, 0.25),
	('money_coinpurse', 'Coin Purse', 10, 1, 'item_standard', 1, 0, 802, 1, '{}', 'A small coin purse.', 0, 0.25),
	('moonshine', 'Moonshine', 10, 1, 'item_standard', 1, 0, 471, 1, '{}', 'An illegally distilled and potent alcoholic beverage', 0, 0.25),
	('mooseantler', 'Moose Antlers', 20, 1, 'item_standard', 1, 0, 472, 1, '{}', 'Impressive antlers shed by a moose', 0, 0.25),
	('mooses', 'Moose pelt', 20, 1, 'item_standard', 1, 0, 473, 1, '{}', 'A large and thick fur coat from a moose', 0, 0.25),
	('morpcert', 'Morphine Prescription', 10, 1, 'item_standard', 1, 0, 474, 1, '{}', 'A medical prescription for morphine medication', 0, 0.25),
	('morphine', 'Morphine Dose', 5, 1, 'item_standard', 0, 0, 11368, 1, '{}', 'nice item', 0, 0.25),
	('mountainmen', 'Mountain Camp Set', 20, 1, 'item_standard', 1, 0, 476, 1, '{}', 'A set of equipment and supplies for a mountain camp', 0, 0.25),
	('mp001_p_mp_still02x', 'Brennerei', 1, 1, 'item_standard', 1, 0, 477, 1, '{}', 'A large still used for distilling alcoholic beverages', 0, 0.25),
	('mushroom', 'Mushroom', 50, 1, 'item_standard', 1, 0, 11388, 1, '{}', 'nice item', 0, 0.25),
	('muskrats', 'Muskrat skin', 20, 1, 'item_standard', 1, 0, 478, 1, '{}', 'The fur skin of a muskrat, commonly used for crafting', 0, 0.25),
	('Mutton', 'Mutton', 20, 1, 'item_standard', 1, 0, 479, 1, '{}', 'Meat from mature sheep used in cooking', 0, 0.25),
	('nails', 'Nails', 40, 1, 'item_standard', 1, 0, 480, 1, '{}', 'Small metal fasteners used for joining materials', 0, 0.25),
	('nail_box', 'Spikerboks', 50, 1, 'item_standard', 0, 0, 11343, 1, '{}', 'nice item', 0, 0.25),
	('nativebasket1', 'Native Basket 1', 20, 1, 'item_standard', 1, 0, 481, 1, '{}', 'A traditional native basket for carrying items', 0, 0.25),
	('nativebasket2', 'Native Basket 2', 20, 1, 'item_standard', 1, 0, 482, 1, '{}', 'A second variation of a traditional native basket', 0, 0.25),
	('nativedecor', 'Native Decor Set', 20, 1, 'item_standard', 1, 0, 483, 1, '{}', 'A set of decorative native items for display', 0, 0.25),
	('nativepot', 'Native Pot', 20, 1, 'item_standard', 1, 0, 484, 1, '{}', 'A traditional native pot for cooking and storage', 0, 0.25),
	('nativeskull', 'Native Decor 1', 20, 1, 'item_standard', 1, 0, 485, 1, '{}', 'A decorative native skull for ornamental purposes', 0, 0.25),
	('naturalwagon', 'Naturalists Wagon Set', 20, 1, 'item_standard', 1, 0, 486, 1, '{}', 'A wagon set equipped for naturalists and explorers', 0, 0.25),
	('newspaper', 'Newspaper', 20, 1, 'item_standard', 1, 0, 487, 1, '{}', 'A printed publication containing news and articles', 0, 0.25),
	('nightstand', 'Nightstand', 20, 1, 'item_standard', 1, 0, 488, 1, '{}', 'A small bedside table for holding personal items', 0, 0.25),
	('nitrite', 'Nitrite', 20, 1, 'item_standard', 1, 0, 489, 1, '{}', 'A chemical compound used in various industrial processes', 0, 0.25),
	('nitroglyserolia', 'Nitroglycerol', 30, 1, 'item_standard', 1, 0, 490, 1, '{}', 'A highly explosive liquid compound used in explosives', 0, 0.25),
	('normaltable', 'Table', 20, 1, 'item_standard', 1, 0, 491, 1, '{}', 'A standard table for dining or work purposes', 0, 0.25),
	('notebook', 'Notebook', 5, 1, 'item_standard', 1, 0, 492, 1, '{}', 'A small book with blank pages for writing or drawing', 0, 0.25),
	('obed', 'Old bed', 20, 1, 'item_standard', 1, 0, 493, 1, '{}', 'An old bed that has seen better days.', 0, 0.25),
	('Oleander_Sage', 'Oleander Sage', 10, 1, 'item_standard', 1, 0, 494, 1, '{}', 'A herb known for its medicinal properties.', 0, 0.25),
	('Oleander_Sage_Seed', 'Oleander Sage Seed', 10, 1, 'item_standard', 1, 0, 495, 1, '{}', 'A seed that can be planted to grow Oleander Sage.', 0, 0.25),
	('onion', 'Løk', 50, 1, 'item_standard', 0, 0, 11347, 1, '{}', 'nice item', 0, 0.25),
	('opium', 'Opium', 1, 1, 'item_standard', 1, 0, 11386, 1, '{}', 'nice item', 0, 0.25),
	('opium_paste', 'Opium-paste', 10, 1, 'item_standard', 0, 0, 11369, 1, '{}', 'nice item', 0, 0.25),
	('opossumc', 'Opossum claws', 20, 1, 'item_standard', 1, 0, 496, 1, '{}', 'Sharp claws from an opossum.', 0, 0.25),
	('opossums', 'Opossum skin', 20, 1, 'item_standard', 1, 0, 497, 1, '{}', 'The fur and skin of an opossum.', 0, 0.25),
	('orden_presidente', 'Order of the President', 10, 1, 'item_standard', 0, 0, 498, 1, '{}', 'A prestigious order awarded by the President.', 0, 0.25),
	('Oregano', 'Oregano', 10, 1, 'item_standard', 1, 0, 499, 1, '{}', 'A fragrant herb commonly used in cooking.', 0, 0.25),
	('Oregano_Seed', 'Oregano Seed', 10, 1, 'item_standard', 1, 0, 500, 1, '{}', 'A seed that can be planted to grow Oregano.', 0, 0.25),
	('oriole2_c', 'Hooded Oriole', 20, 1, 'item_standard', 1, 0, 501, 1, '{}', 'Brightly colored feathers from a Hooded Oriole.', 0, 0.25),
	('oriole_c', 'Oriole', 20, 1, 'item_standard', 1, 0, 502, 1, '{}', 'Vibrant feathers from an Oriole bird.', 0, 0.25),
	('owlf', 'Owl feather', 20, 1, 'item_standard', 1, 0, 503, 1, '{}', 'Feathers shed by an owl.', 0, 0.25),
	('owlt', 'Owl claws', 20, 1, 'item_standard', 1, 0, 504, 1, '{}', 'Sharp claws from an owl.', 0, 0.25),
	('oxhorn', 'Angus Bull horn', 20, 1, 'item_standard', 1, 0, 505, 1, '{}', 'A sturdy horn from an Angus Bull.', 0, 0.25),
	('oxs', 'Angus Bull pelt', 20, 1, 'item_standard', 1, 0, 506, 1, '{}', 'The thick fur and skin of an Angus Bull.', 0, 0.25),
	('painkiller', 'Smertestillende', 10, 1, 'item_standard', 0, 0, 11366, 1, '{}', 'nice item', 0, 0.25),
	('panthere', 'Panther eyes', 20, 1, 'item_standard', 1, 0, 507, 1, '{}', 'Intense and captivating eyes from a panther.', 0, 0.25),
	('panthers', 'Panther skin', 20, 1, 'item_standard', 1, 0, 508, 1, '{}', 'The sleek and supple skin of a panther.', 0, 0.25),
	('paper', 'Paper', 20, 1, 'item_standard', 1, 0, 509, 1, '{}', 'Sheets of paper for writing or drawing.', 0, 0.25),
	('parasol', 'Parasol', 1, 1, 'item_standard', 1, 0, 510, 1, '{}', 'A stylish and functional parasol to shield from the sun.', 0, 0.25),
	('Parasol_Mushroom', 'Parasol Mushroom', 10, 1, 'item_standard', 1, 0, 511, 1, '{}', 'A mushroom with a wide, umbrella-like cap.', 0, 0.25),
	('Parasol_Mushroom_Seed', 'Parasol Mushroom Seed', 10, 1, 'item_standard', 1, 0, 512, 1, '{}', 'A seed that can be planted to grow parasol mushrooms.', 0, 0.25),
	('peachseeds', 'Peach Seeds', 10, 1, 'item_standard', 1, 0, 513, 1, '{}', 'Seeds that can be planted to grow peach trees.', 0, 0.25),
	('pearl', 'Pearl', 10, 1, 'item_standard', 1, 0, 803, 1, '{}', 'A hard, glistening object produced within the soft tissue of a living shelled mollusk.', 0, 0.25),
	('peasantb', 'Peasant beak', 20, 1, 'item_standard', 1, 0, 514, 1, '{}', 'The beak of a peasant bird.', 0, 0.25),
	('peasantf', 'Peasant feather', 20, 1, 'item_standard', 1, 0, 515, 1, '{}', 'A feather from a peasant bird.', 0, 0.25),
	('pecaris', 'Peccary pelt', 20, 1, 'item_standard', 1, 0, 516, 1, '{}', 'The fur of a peccary, a pig-like mammal.', 0, 0.25),
	('pelicanb', 'Pelican beak', 20, 1, 'item_standard', 1, 0, 517, 1, '{}', 'The beak of a pelican bird.', 0, 0.25),
	('pelicanf', 'Pelican feather', 20, 1, 'item_standard', 1, 0, 518, 1, '{}', 'A feather from a pelican bird.', 0, 0.25),
	('pellets', 'Haglehaggel', 200, 1, 'item_standard', 0, 0, 11329, 1, '{}', 'nice item', 0, 0.25),
	('pen', 'Pen', 2, 1, 'item_standard', 0, 0, 519, 1, '{}', 'A writing instrument used to apply ink.', 0, 0.25),
	('pheasant_taxidermy', 'Pheasant Taxidermy', 20, 1, 'item_standard', 1, 0, 520, 1, '{}', 'A preserved mount of a pheasant bird for display.', 0, 0.25),
	('phestaxi', 'Pheasant Taxidermy', 20, 1, 'item_standard', 1, 0, 521, 1, '{}', 'A preserved mount of a pheasant bird for display.', 0, 0.25),
	('pickaxe', 'Pickaxe', 1, 1, 'item_standard', 1, 0, 522, 1, '{}', 'A tool with a pointed end and a handle, used for breaking up rocks and mining.', 0, 0.25),
	('pidgeon', 'Brevdue', 10, 1, 'item_standard', 1, 0, 999, 1, '{}', 'En duefugl.', 0, 0.25),
	('pigeon', 'Brevugle', 20, 1, 'item_standard', 1, 0, 523, 1, '{}', 'A pigeon bird.', 0, 0.25),
	('pigs', 'Pig pelt', 20, 1, 'item_standard', 1, 0, 524, 1, '{}', 'The skin and fur of a pig.', 0, 0.25),
	('pipe', 'Pipe', 5, 1, 'item_standard', 1, 0, 525, 1, '{}', 'A tubular device used for smoking tobacco or other substances.', 0, 0.25),
	('pipecopper', 'Copper Pipe', 5, 1, 'item_standard', 1, 0, 526, 1, '{}', 'A pipe made of copper.', 0, 0.25),
	('planttrimmer', 'Plant Trimmer', 10, 1, 'item_standard', 1, 0, 804, 1, '{}', 'A set plant trimmers to keep the weeds in check.', 0, 0.25),
	('pocket_watch', 'Pocket Watch', 5, 1, 'item_standard', 1, 0, 527, 1, '{}', 'A small timepiece designed to be carried in a pocket.', 0, 0.25),
	('pocket_watch_gold', 'Lommeur gull', 1, 1, 'item_standard', 1, 0, 11389, 1, '{}', 'nice item', 0, 0.25),
	('pocket_watch_platinum', 'Lommeur platinum', 1, 1, 'item_standard', 1, 0, 11390, 1, '{}', 'nice item', 0, 0.25),
	('pocket_watch_silver', 'Lommeur Sølv', 1, 1, 'item_standard', 1, 0, 11391, 1, '{}', 'nice item', 0, 0.25),
	('pokerset', 'Poker Table Set', 20, 1, 'item_standard', 1, 0, 528, 1, '{}', 'A complete set for playing poker, including a table and cards.', 0, 0.25),
	('pork', 'Pork', 20, 1, 'item_standard', 1, 0, 529, 1, '{}', 'The meat from a pig, commonly used for cooking and eating.', 0, 0.25),
	('porkfat', 'Pig fat', 20, 1, 'item_standard', 1, 0, 530, 1, '{}', 'The fat obtained from a pig, often used in cooking and making lard.', 0, 0.25),
	('pot', 'Distillery Pot', 1, 1, 'item_standard', 1, 0, 531, 1, '{}', 'A large pot used in the distillation process for making alcohol.', 0, 0.25),
	('pota', 'House Pot', 20, 1, 'item_standard', 1, 0, 532, 1, '{}', 'A pot typically used for cooking and boiling ingredients.', 0, 0.25),
	('potato', 'Potato', 20, 1, 'item_standard', 1, 0, 533, 1, '{}', 'An edible starchy tuber that is commonly used in cooking.', 0, 0.25),
	('potatoseed', 'Potato Seed', 10, 1, 'item_standard', 1, 0, 534, 1, '{}', 'A seed that can be planted to grow potato plants.', 0, 0.25),
	('potion', 'Potion', 5, 1, 'item_standard', 1, 0, 960, 1, '{}', 'A potion with magical healing properties.', 0, 0.25),
	('prairib', 'Prairie Chicken Beak', 20, 1, 'item_standard', 1, 0, 535, 1, '{}', 'The beak of a prairie chicken, a bird species found in grassland habitats.', 0, 0.25),
	('Prairie_Poppy', 'Prairie Poppy', 10, 1, 'item_standard', 1, 0, 536, 1, '{}', 'A type of poppy flower that is native to prairie regions.', 0, 0.25),
	('Prairie_Poppy_Seed', 'Prairie Poppy Seed', 10, 1, 'item_standard', 1, 0, 537, 1, '{}', 'A seed that can be planted to grow prairie poppy flowers.', 0, 0.25),
	('prairif', 'Prairie Chicken Feather', 20, 1, 'item_standard', 1, 0, 538, 1, '{}', 'A feather from a prairie chicken bird, often used in crafts and decorations.', 0, 0.25),
	('prison_clothes', 'Prison Clothes', 10, 1, 'item_standard', 1, 0, 1000, 1, '{}', 'nice item', 0, 0.25),
	('pronghornh', 'Pronghorn Horn', 20, 1, 'item_standard', 1, 0, 539, 1, '{}', 'The horn of a pronghorn, a mammal native to North America.', 0, 0.25),
	('prongs', 'Pronghorn Skin', 20, 1, 'item_standard', 1, 0, 540, 1, '{}', 'The skin of a pronghorn, known for its soft and durable fur.', 0, 0.25),
	('provision_arrowhead_agate', 'Agate Arrowhead', 10, 1, 'item_standard', 1, 0, 805, 1, '{}', 'A rare arrowhead fashioned from sharp, colorful agate.', 0, 0.25),
	('provision_arrowhead_bone', 'Bone Arrowhead', 10, 1, 'item_standard', 1, 0, 806, 1, '{}', 'A serrated arrowhead made from animal bone.', 0, 0.25),
	('provision_arrowhead_chipped', 'Chipped Arrowhead', 10, 1, 'item_standard', 1, 0, 807, 1, '{}', 'A hurriedly made arrowhead made from chiseled flint.', 0, 0.25),
	('provision_arrowhead_crude', 'Crude Arrowhead', 10, 1, 'item_standard', 1, 0, 808, 1, '{}', 'A clumsily made flint arrowhead, blunt from age.', 0, 0.25),
	('provision_arrowhead_feldspar', 'Feldspar Arrowhead', 10, 1, 'item_standard', 1, 0, 809, 1, '{}', 'A mysterious arrowhead made from some sort of feldspar.', 0, 0.25),
	('provision_arrowhead_granite', 'Flint Arrowhead', 10, 1, 'item_standard', 1, 0, 810, 1, '{}', 'A strong arrowhead made of flint.', 0, 0.25),
	('provision_arrowhead_obsidian', 'Obsidian Arrowhead', 10, 1, 'item_standard', 1, 0, 811, 1, '{}', 'A valuable arrowhead of smooth, gleaming obsidian.', 0, 0.25),
	('provision_arrowhead_quartz', 'Quartz Arrowhead', 10, 1, 'item_standard', 1, 0, 812, 1, '{}', 'An eye-catching arrowhead of cut quartz, in good condition.', 0, 0.25),
	('provision_arrowhead_raw', 'Raw Arrowhead', 10, 1, 'item_standard', 1, 0, 813, 1, '{}', 'A roughly hacked arrowhead made from pale stone.', 0, 0.25),
	('provision_arrowhead_rough', 'Rough Arrowhead', 10, 1, 'item_standard', 1, 0, 814, 1, '{}', 'A stone arrowhead, badly weathered over time.', 0, 0.25),
	('provision_arrowhead_slate', 'Slate Arrowhead', 10, 1, 'item_standard', 1, 0, 815, 1, '{}', 'A carefully made, well-preserved slate arrowhead.', 0, 0.25),
	('provision_arrowhead_splintered', 'Splintered Arrowhead', 10, 1, 'item_standard', 1, 0, 816, 1, '{}', 'A partially damaged, jagged arrowhead made of chert.', 0, 0.25),
	('provision_asteroid_chunk', 'Meteorite', 10, 1, 'item_standard', 1, 0, 817, 1, '{}', 'A rock that has fallen from space.', 0, 0.25),
	('provision_bracelet_gold', 'Gold Bracelet', 10, 1, 'item_standard', 1, 0, 818, 1, '{}', 'A gold bracelet.', 0, 0.25),
	('provision_bracelet_platinum', 'Platinum Bracelet', 10, 1, 'item_standard', 1, 0, 819, 1, '{}', 'A platinum bracelet', 0, 0.25),
	('provision_bracelet_silver', 'Silver Bracelet', 10, 1, 'item_standard', 1, 0, 820, 1, '{}', 'A silver bracelet.', 0, 0.25),
	('provision_bra_shield', 'Brass Shield', 10, 1, 'item_standard', 1, 0, 821, 1, '{}', 'An old brass shield. Probably valuable.', 0, 0.25),
	('provision_buckle_gold', 'Gold Buckle', 10, 1, 'item_standard', 1, 0, 822, 1, '{}', 'A gold belt buckle.', 0, 0.25),
	('provision_buckle_platinum', 'Platinum Buckle', 10, 1, 'item_standard', 1, 0, 823, 1, '{}', 'A platinum belt buckle.', 0, 0.25),
	('provision_buckle_silver', 'Silver Buckle', 10, 1, 'item_standard', 1, 0, 824, 1, '{}', 'A silver belt buckle.', 0, 0.25),
	('provision_calderon_cross', 'Wooden Cross', 10, 1, 'item_standard', 1, 0, 825, 1, '{}', 'A simple wooden cross. Often used by preists and clergymen.', 0, 0.25),
	('provision_capitale', 'Capitale', 10, 1, 'item_standard', 1, 0, 826, 1, '{}', 'Capitale. very valuable.', 0, 0.25),
	('provision_coin_1700_ny_tkn', '1700 New Yorke Token', 10, 1, 'item_standard', 1, 0, 827, 1, '{}', 'A rare 1700 New Yorke Token', 0, 0.25),
	('provision_coin_1787_cent_tkn', '1787 One cent Token', 10, 1, 'item_standard', 1, 0, 828, 1, '{}', 'A rare 1787 One cent Token', 0, 0.25),
	('provision_coin_1789_pny', '1789 Penny', 10, 1, 'item_standard', 1, 0, 829, 1, '{}', 'A rare 1789 Penny', 0, 0.25),
	('provision_coin_1792_lib_qtr', '1792 Liberty Quarter', 10, 1, 'item_standard', 1, 0, 830, 1, '{}', 'A rare 1792 Liberty Quarter', 0, 0.25),
	('provision_coin_1792_nickel', '1792 Nickel', 10, 1, 'item_standard', 1, 0, 831, 1, '{}', 'A rare 1792 Nickel', 0, 0.25),
	('provision_coin_1792_qtr', '1792 Quarter', 10, 1, 'item_standard', 1, 0, 832, 1, '{}', 'A rare 1792 Quarter', 0, 0.25),
	('provision_coin_1794_slv_dlr', '1794 Silver Dollar', 10, 1, 'item_standard', 1, 0, 833, 1, '{}', 'A rare 1794 Silver Dollar', 0, 0.25),
	('provision_coin_1795_hlf_eag', '1795 Half Eagle', 10, 1, 'item_standard', 1, 0, 834, 1, '{}', 'A rare 1795 Half Eagle', 0, 0.25),
	('provision_coin_1796_hlf_pny', '1796 Half Penny', 10, 1, 'item_standard', 1, 0, 835, 1, '{}', 'A rare 1796 Half Penny', 0, 0.25),
	('provision_coin_1797_gld_eag', '1797 Gold Eagle', 10, 1, 'item_standard', 1, 0, 836, 1, '{}', 'A rare 1797 Gold Eagle', 0, 0.25),
	('provision_coin_1798_slv_dlr', '1798 Silver Dollar', 10, 1, 'item_standard', 1, 0, 837, 1, '{}', 'A rare 1798 Silver Dollar', 0, 0.25),
	('provision_coin_1800_five_dlr', '1800 Five Dollar', 10, 1, 'item_standard', 1, 0, 838, 1, '{}', 'A rare 1800 Five Dollar', 0, 0.25),
	('provision_coin_1800_gld_dlr', '1800 Gold Dollar', 10, 1, 'item_standard', 1, 0, 839, 1, '{}', 'A rare 1800 Gold Dollar', 0, 0.25),
	('provision_coin_1800_gld_qtr', '1800 Gold Quarter', 10, 1, 'item_standard', 1, 0, 840, 1, '{}', 'A rare 1800 Gold Quarter', 0, 0.25),
	('provision_coin_1800_hlf_dime', '1800 Half Dime', 10, 1, 'item_standard', 1, 0, 841, 1, '{}', 'A rare 1800 Half Dime', 0, 0.25),
	('provision_db_finger_bone', 'Bone', 10, 1, 'item_standard', 1, 0, 842, 1, '{}', 'A small bone possibly from a finger.', 0, 0.25),
	('provision_diamond_ring', 'Diamond Ring', 10, 1, 'item_standard', 1, 0, 843, 1, '{}', 'A beautiful diamond ring.', 0, 0.25),
	('provision_disco_ammolite', 'Ammolite', 10, 1, 'item_standard', 1, 0, 844, 1, '{}', 'Fossilized shell of an ammonite.', 0, 0.25),
	('provision_disco_ancient_eagle', 'Ancient Eagle', 10, 1, 'item_standard', 1, 0, 845, 1, '{}', 'An ancient eagle statue.', 0, 0.25),
	('provision_disco_ancient_necklace', 'Ancient Necklace', 10, 1, 'item_standard', 1, 0, 846, 1, '{}', 'An ancient necklace.', 0, 0.25),
	('provision_disco_fertility_statue', 'Fertility Statue', 10, 1, 'item_standard', 1, 0, 847, 1, '{}', 'A statue that apparently possesses the power to grant fertility.', 0, 0.25),
	('provision_disco_fluorite', 'Fluorite', 10, 1, 'item_standard', 1, 0, 848, 1, '{}', 'The mineral form of calcium fluoride.', 0, 0.25),
	('provision_disco_shrunken_head', 'Shrunken Head', 10, 1, 'item_standard', 1, 0, 849, 1, '{}', 'A shurken head. possibly used in vodoo.', 0, 0.25),
	('provision_disco_urn', 'Urn', 10, 1, 'item_standard', 1, 0, 850, 1, '{}', 'A simple urn often used to hold things.', 0, 0.25),
	('provision_disco_viking_comb', 'Viking Comb', 10, 1, 'item_standard', 1, 0, 851, 1, '{}', 'A old viking comb.', 0, 0.25),
	('provision_dog_tag', 'Dog Tag', 10, 1, 'item_standard', 1, 0, 852, 1, '{}', 'A dog tag. Possibly from a soldier.', 0, 0.25),
	('provision_earring_gold', 'Gold Earring', 10, 1, 'item_standard', 1, 0, 853, 1, '{}', 'A gold earring.', 0, 0.25),
	('provision_earring_pearl', 'Pearl Earring', 10, 1, 'item_standard', 1, 0, 854, 1, '{}', 'A gold earring.', 0, 0.25),
	('provision_earring_platinum', 'Platinum Earring', 10, 1, 'item_standard', 1, 0, 855, 1, '{}', 'A beautiful pearl earring.', 0, 0.25),
	('provision_earring_silver', 'Silver Earring', 10, 1, 'item_standard', 1, 0, 856, 1, '{}', 'A silver earring.', 0, 0.25),
	('provision_generic_key', 'Key', 10, 1, 'item_standard', 1, 0, 857, 1, '{}', 'A simple key.', 0, 0.25),
	('provision_hrlm_brush_boar', 'Boar bristle Brush', 10, 1, 'item_standard', 1, 0, 858, 1, '{}', 'A beautifully made boar bristle brush.', 0, 0.25),
	('provision_hrlm_brush_ebony', 'Ebony Hairbrush', 10, 1, 'item_standard', 1, 0, 859, 1, '{}', 'A delicate and finely crafted ebony brush.', 0, 0.25),
	('provision_hrlm_brush_goathair', 'Goat Hair Brush', 10, 1, 'item_standard', 1, 0, 860, 1, '{}', 'A exquisite hand crafted goat hair brush.', 0, 0.25),
	('provision_hrlm_brush_horsehair', 'Horse Hair brush', 10, 1, 'item_standard', 1, 0, 861, 1, '{}', 'A finley made horse hair brush.', 0, 0.25),
	('provision_hrlm_brush_rosewood', 'Rosewood Hairbrush', 10, 1, 'item_standard', 1, 0, 862, 1, '{}', 'A hand carved rosewood brush.', 0, 0.25),
	('provision_hrlm_brush_rosewood_ng', 'New Guinea Rosewood Hairbrush', 10, 1, 'item_standard', 1, 0, 863, 1, '{}', 'An exotic new guinea rosewood hairbrush.', 0, 0.25),
	('provision_hrlm_comb_boxwood', 'Boxwood Comb', 10, 1, 'item_standard', 1, 0, 864, 1, '{}', 'A finley made boxwood comb.', 0, 0.25),
	('provision_hrlm_comb_cherrywood', 'Cherrywood Comb', 10, 1, 'item_standard', 1, 0, 865, 1, '{}', 'A exquisite cheerywood comb.', 0, 0.25),
	('provision_hrlm_comb_ivory', 'Ivory Comb', 10, 1, 'item_standard', 1, 0, 866, 1, '{}', 'A delicate ivory comb.', 0, 0.25),
	('provision_hrlm_comb_tortoiseshell', 'Tortoiseshell Comb', 10, 1, 'item_standard', 1, 0, 867, 1, '{}', 'A beautiful tortoiseshell comb.', 0, 0.25),
	('provision_hrlm_hairpin_ebony', 'Ebony Hairpin', 10, 1, 'item_standard', 1, 0, 868, 1, '{}', 'A exquisite ebony hairpin.', 0, 0.25),
	('provision_hrlm_hairpin_ivory', 'Ivory Hairpin', 10, 1, 'item_standard', 1, 0, 869, 1, '{}', 'A delicate ivory hairpin.', 0, 0.25),
	('provision_hrlm_hairpin_jade', 'Jade Hairpin', 10, 1, 'item_standard', 1, 0, 870, 1, '{}', 'A exotic jade hairpin.', 0, 0.25),
	('provision_hrlm_hairpin_metal', 'Meatl Hairpin', 10, 1, 'item_standard', 1, 0, 871, 1, '{}', 'A beautiful metal hairpin.', 0, 0.25),
	('provision_hrlm_hairpin_wooden', 'Wooden Hairpin', 10, 1, 'item_standard', 1, 0, 872, 1, '{}', 'A hand carved wooden hairpin.', 0, 0.25),
	('provision_jail_keys', 'Jail Keys', 10, 1, 'item_standard', 1, 0, 541, 1, '{}', 'A set of keys used to unlock jail cells and gates.', 0, 0.25),
	('provision_jewelry_amethyst_necklace', 'Richelieu Amethyst Necklace', 10, 1, 'item_standard', 1, 0, 873, 1, '{}', 'A delicate necklace featuring a duo of purple amethyst and silver pearl.', 0, 0.25),
	('provision_jewelry_blck_pearl_necklace', 'Tuamotu Pearl Necklace', 10, 1, 'item_standard', 1, 0, 874, 1, '{}', 'A silk strung necklace of magnificent black Tahitian pearls.', 0, 0.25),
	('provision_jewelry_box', 'Jewelry Box', 10, 1, 'item_standard', 1, 0, 875, 1, '{}', 'A small jewlery box.', 0, 0.25),
	('provision_jewelry_carved_bracelet', 'Elliston Carved Bracelet', 10, 1, 'item_standard', 1, 0, 876, 1, '{}', 'A solid gold bracelet with elegant etching.', 0, 0.25),
	('provision_jewelry_coral_dngl_earring', 'Emmeline Coral Earrings', 10, 1, 'item_standard', 1, 0, 877, 1, '{}', 'Drop hook earrings of polished pink coral set in gold.', 0, 0.25),
	('provision_jewelry_coral_ring', 'Harland Coral Ring', 10, 1, 'item_standard', 1, 0, 878, 1, '{}', 'A delicate gold ring featuring a large angel skin coral.', 0, 0.25),
	('provision_jewelry_dmnd_bngle_bracelet', 'Abelló Ruby Bangle Bracelet', 10, 1, 'item_standard', 1, 0, 879, 1, '{}', 'A hinged gold bangle with a series of claw set rubies.', 0, 0.25),
	('provision_jewelry_dmnd_pendt_earring', 'Orchidée Diamond Earrings', 10, 1, 'item_standard', 1, 0, 880, 1, '{}', 'Earrings set with clusters of brilliant cut diamonds in a floral pattern.', 0, 0.25),
	('provision_jewelry_elk_tooth_earring', 'Sterling Tooth Earrings', 10, 1, 'item_standard', 1, 0, 881, 1, '{}', 'A striking pair of elk teeth set into silver.', 0, 0.25),
	('provision_jewelry_emerald_earring', 'Duchess Emerald Earrings', 10, 1, 'item_standard', 1, 0, 882, 1, '{}', 'A famous set of oval cut emeralds fashioned into earrings.', 0, 0.25),
	('provision_jewelry_emerald_ring', 'Bosque Emerald Ring', 10, 1, 'item_standard', 1, 0, 883, 1, '{}', 'A gold band with an extravagant bezel set Columbian emerald.', 0, 0.25),
	('provision_jewelry_french_dmnd_ring', 'Beaulieux Diamond Ring', 10, 1, 'item_standard', 1, 0, 884, 1, '{}', 'A number of old mine cut diamonds claw set in a silver ring from France.', 0, 0.25),
	('provision_jewelry_gld_bngle_bracelet', 'Ojeda Rose Gold Bangle Bracelet', 10, 1, 'item_standard', 1, 0, 885, 1, '{}', 'A large bracelet of rose gold with elaborate cameo detailing.', 0, 0.25),
	('provision_jewelry_gld_cross_necklace', 'Ainsworth Cross Necklace', 10, 1, 'item_standard', 1, 0, 886, 1, '{}', 'A solid gold chain necklace with an etched gold cross.', 0, 0.25),
	('provision_jewelry_gld_pearl_necklace', 'Rou Pearl Necklace', 10, 1, 'item_standard', 1, 0, 887, 1, '{}', 'A necklace made of fine rose gold featuring a single pearl from the Orient.', 0, 0.25),
	('provision_jewelry_gld_pendt_necklace', 'Gosselin White Gold Necklace', 10, 1, 'item_standard', 1, 0, 888, 1, '{}', 'A lavalier style white gold necklace with a series of small diamonds.', 0, 0.25),
	('provision_jewelry_grnet_bracelet', 'Hajnal Garnet Bangle Bracelet', 10, 1, 'item_standard', 1, 0, 889, 1, '{}', 'A bohemian style silver bangle with numerous claw set garnets.', 0, 0.25),
	('provision_jewelry_grnet_post_earring', 'Harford Garnet Earrings', 10, 1, 'item_standard', 1, 0, 890, 1, '{}', 'Clustered garnet studs with silver posts and scrolls.', 0, 0.25),
	('provision_jewelry_moon_ring', 'Pilgrim Moonstone Ring', 10, 1, 'item_standard', 1, 0, 891, 1, '{}', 'A thick gold band with a single claw set moonstone.', 0, 0.25),
	('provision_jewelry_mthr_pearl_necklace', 'Pellé Pearl Necklace', 10, 1, 'item_standard', 1, 0, 892, 1, '{}', 'A beaded chain necklace with a fashionable mother of pearl pendant.', 0, 0.25),
	('provision_jewelry_onyx_ring', 'Aubrey Onyx Ring', 10, 1, 'item_standard', 1, 0, 893, 1, '{}', 'A rare white gold ring with a bezel set diamond surrounded by polished onyx.', 0, 0.25),
	('provision_jewelry_pearl_bracelet', 'Durant Pearl Bracelet', 10, 1, 'item_standard', 1, 0, 894, 1, '{}', 'An intricate link bracelet with natural pearls and gold filigree.', 0, 0.25),
	('provision_jewelry_pearl_earring', 'Josephine Pearl Earrings', 10, 1, 'item_standard', 1, 0, 895, 1, '{}', 'Fashionable pearl earrings with neat gold hooks.', 0, 0.25),
	('provision_jewelry_pearl_ring', 'Bonnard Pearl Ring', 10, 1, 'item_standard', 1, 0, 896, 1, '{}', 'A valuable pearl set into a white gold band.', 0, 0.25),
	('provision_jewelry_pers_turq_ring', 'Thorburn Turquoise Ring', 10, 1, 'item_standard', 1, 0, 897, 1, '{}', 'A delicately crafted rose gold ring with turquoise beads.', 0, 0.25),
	('provision_jewelry_porcelain_necklace', 'Braxton Amethyst Necklace', 10, 1, 'item_standard', 1, 0, 898, 1, '{}', 'A fashionable necklace with a porcelain hand painted miniature.', 0, 0.25),
	('provision_jewelry_qn_dmnd_earring', 'Royal Victoria Diamond Earrings', 10, 1, 'item_standard', 1, 0, 899, 1, '{}', 'A series of small diamonds claw set in a floral cluster on a white gold band.', 0, 0.25),
	('provision_jewelry_rudy_dngl_earring', 'Beauchêne Ruby Earrings', 10, 1, 'item_standard', 1, 0, 900, 1, '{}', 'Elaborate gold hook earrings with vivid rubies.', 0, 0.25),
	('provision_jewelry_slvr_pearl_necklace', 'Silver Pearl Necklace', 10, 1, 'item_standard', 1, 0, 901, 1, '{}', 'A necklace made of fine silver and pearls.', 0, 0.25),
	('provision_jewelry_sphr_bngle_bracelet', 'Greco Sapphire Bracelet', 10, 1, 'item_standard', 1, 0, 902, 1, '{}', 'A delicate gold bracelet with three small sapphires.', 0, 0.25),
	('provision_jewelry_sphr_bracelet', 'Helena Sapphire Bracelet', 10, 1, 'item_standard', 1, 0, 903, 1, '{}', 'A fine silver bracelet with claw set sapphires.', 0, 0.25),
	('provision_jewelry_topaz_necklace', 'Dane Topaz Necklace', 10, 1, 'item_standard', 1, 0, 904, 1, '{}', 'A precious platinum chain necklace with a small drop of topaz.', 0, 0.25),
	('provision_jewelry_topaz_ring', 'Banais Topaz Ring', 10, 1, 'item_standard', 1, 0, 905, 1, '{}', 'A neat silver wedding ring with brilliant cut topaz.', 0, 0.25),
	('provision_jewelry_turquoise_bracelet', 'Infanta Turquoise Bracelet', 10, 1, 'item_standard', 1, 0, 906, 1, '{}', 'A solid silver bracelet with a large turquoise stone.', 0, 0.25),
	('provision_jewelry_turquoise_ring', 'Magnate Turquoise Ring', 10, 1, 'item_standard', 1, 0, 907, 1, '{}', 'A solid gold ring with an oval of polished turquoise from Persia.', 0, 0.25),
	('provision_jewelry_turq_stud_earring', 'Calumet Turquoise Earrings', 10, 1, 'item_standard', 1, 0, 908, 1, '{}', 'Lavish gold studs with claw set turquoise stones.', 0, 0.25),
	('provision_jewelry_whtgld_dmnd_ring', 'Sackville Diamond Ring', 10, 1, 'item_standard', 1, 0, 909, 1, '{}', 'A series of small diamonds claw set in a floral cluster on a white gold band.', 0, 0.25),
	('provision_jewelry_wht_dmnd_earring', 'Endicott Diamond Earrings', 10, 1, 'item_standard', 1, 0, 910, 1, '{}', 'Exquisite pendant earrings with old mine cut diamonds.', 0, 0.25),
	('provision_jewelry_ylwgld_dmnd_ring', 'Yates Diamond Ring', 10, 1, 'item_standard', 1, 0, 911, 1, '{}', 'An intricate gold band with one cushion cut diamond.', 0, 0.25),
	('provision_ring_platinum', 'Platinum Ring', 10, 1, 'item_standard', 1, 0, 912, 1, '{}', 'A finely crafted platinum ring.', 0, 0.25),
	('provision_ro_flower_acunas_star', 'Acunas Star Orchid', 10, 1, 'item_standard', 1, 0, 913, 1, '{}', 'The Acunas Star Orchid an be identified by the branching of the stems, alternate leaves, and cream colored petals. The trailing plant is often found on the ground or growing around trees in swampland areas.', 0, 0.25),
	('provision_ro_flower_cigar', 'Cigar Orchid', 10, 1, 'item_standard', 1, 0, 914, 1, '{}', 'The Cigar Orchid can be identified by the inflorescence which can produce around five hundred bright yellow flowers with purple and brown markings.', 0, 0.25),
	('provision_ro_flower_clamshell', 'Clamshell Orchid', 10, 1, 'item_standard', 1, 0, 915, 1, '{}', 'The Clamshell Orchid can be identified by the deep purple and white petals with yellow streaks, and thin leaves.', 0, 0.25),
	('provision_ro_flower_dragons', 'Dragons Orchid', 10, 1, 'item_standard', 1, 0, 916, 1, '{}', 'Dragons Mouth Orchids can be recognized by their wild purple flowers which are said to resemble a dragon. The general size of this type of orchid is around six inches.', 0, 0.25),
	('provision_ro_flower_ghost', 'Ghost Orchid', 10, 1, 'item_standard', 1, 0, 917, 1, '{}', 'The Ghost Orchid is named after the white to pale pink flowers that can be seen in shaded habitats. This small orchid grows in shaded areas, such as woodlands, and under leaves and soil, with only the flower appearing above ground.', 0, 0.25),
	('provision_ro_flower_lady_of_night', 'Lady of Night Orchid', 10, 1, 'item_standard', 1, 0, 918, 1, '{}', 'Lady of the Night Orchid takes its name from the sweet citrus fragrance it produces during nightfall. The orchid can be identified by the white heart shaped flowers and long leaves.', 0, 0.25),
	('provision_ro_flower_lady_slipper', 'Lady Slipper Orchid', 10, 1, 'item_standard', 1, 0, 919, 1, '{}', 'Lady Slipper Orchid can be identified by the large bulbous purple flower and speckled purple leaves. This type of orchid can be seen growing in the ground of forests, meadows and woodland areas.', 0, 0.25),
	('provision_ro_flower_moccasin', 'Moccasin Orchid', 10, 1, 'item_standard', 1, 0, 920, 1, '{}', 'Moccasin Flower Orchid can be identified by the yellow pouch like petal, red sepals, and wide leaves. This orchid can be found growing near pines or conifers in woodlands and forests.', 0, 0.25),
	('provision_ro_flower_night_scented', 'Night Scented Orchid', 10, 1, 'item_standard', 1, 0, 921, 1, '{}', 'Night Scented Orchid can be identified by the alternate stems, the long sepals, and white petal flowers. This orchid can be found growing upon another plant, often draping down from trees.', 0, 0.25),
	('provision_ro_flower_queens', 'Queens Orchid', 10, 1, 'item_standard', 1, 0, 922, 1, '{}', 'The Queens Orchid can be identified by the white sepals, and purple and white curled petal.', 0, 0.25),
	('provision_ro_flower_rat_tail', 'Rat Tail Orchid', 10, 1, 'item_standard', 1, 0, 923, 1, '{}', 'The Rat Tail Orchid has long, thin hanging stems, pencil-like leaves and rigid flowering stems bearing up to twelve crowded white to cream-coloured flowers.', 0, 0.25),
	('provision_ro_flower_sparrows', 'Sparrows Orchid', 10, 1, 'item_standard', 1, 0, 924, 1, '{}', 'The Sparrows Orchid usually has 3 to 7 oval or lance-shaped leaves arranged alternately on the stem.', 0, 0.25),
	('provision_ro_flower_spider', 'Spider Orchid', 10, 1, 'item_standard', 1, 0, 925, 1, '{}', 'The Spider Orchid is Characterised by five long spreading petals and sepals around a broad down-curled lip.', 0, 0.25),
	('pulp', 'Pulp', 20, 1, 'item_standard', 0, 0, 542, 1, '{}', 'A soft and moist mass of plant fibers, typically obtained from crushing or processing plant materials.', 0, 0.25),
	('p_baitBread01x', 'Bread Bait', 20, 1, 'item_standard', 1, 0, 543, 1, '{}', 'A piece of bread used as bait for fishing.', 0, 0.25),
	('p_baitCheese01x', 'Cheese Bait', 10, 1, 'item_standard', 1, 0, 946, 1, '{}', 'A soft cheese bait, favored by fish with a strong sense of smell like catfish.', 0, 0.25),
	('p_baitCorn01x', 'Corn Bait', 10, 1, 'item_standard', 1, 0, 945, 1, '{}', 'A simple bait made from corn, commonly used to attract small freshwater fish.', 0, 0.25),
	('p_baitCricket01x', 'Cricket Bait', 10, 1, 'item_standard', 1, 0, 948, 1, '{}', 'A lively bait made from crickets, effective for attracting larger fish.', 0, 0.25),
	('p_baitWorm01x', 'Worm Bait', 10, 1, 'item_standard', 1, 0, 947, 1, '{}', 'A classic bait made from worms, ideal for catching a wide variety of fish species.', 0, 0.25),
	('p_barrelmoonshine', 'Barrel', 1, 1, 'item_standard', 1, 0, 544, 1, '{}', 'A container, typically made of wood, used for storing and aging moonshine.', 0, 0.25),
	('p_crawdad01x', 'Crawfish Bait', 10, 1, 'item_standard', 1, 0, 949, 1, '{}', 'A freshwater bait made from crawfish, used to catch larger predatory fish.', 0, 0.25),
	('p_FinisdFishlure01x', 'Fish Lure', 10, 1, 'item_standard', 1, 0, 951, 1, '{}', 'A versatile fish lure designed to attract a variety of freshwater species.', 0, 0.25),
	('p_finisdfishlurelegendary01x', 'Legendary Fish Lure', 10, 1, 'item_standard', 1, 0, 954, 1, '{}', 'A premium fish lure designed to catch elusive legendary fish.', 0, 0.25),
	('p_finishdcrawd01x', 'Crawfish Lure', 10, 1, 'item_standard', 1, 0, 952, 1, '{}', 'A lure that mimics the movement of a crawfish, enticing larger predatory fish.', 0, 0.25),
	('p_finishdcrawdlegendary01x', 'Legendary Crawfish Lure', 10, 1, 'item_standard', 1, 0, 955, 1, '{}', 'A specialized crawfish lure made for catching rare legendary fish.', 0, 0.25),
	('p_finishedragonfly01x', 'Dragonfly Lure', 10, 1, 'item_standard', 1, 0, 950, 1, '{}', 'A realistic dragonfly lure designed to mimic flying insects, perfect for catching surface-feeding fish.', 0, 0.25),
	('p_finishedragonflylegendary01x', 'Legendary Dragonfly Lure', 10, 1, 'item_standard', 1, 0, 953, 1, '{}', 'A high-quality dragonfly lure crafted to attract legendary fish in special locations.', 0, 0.25),
	('p_lgoc_spinner_v4', 'Spinner V4', 10, 1, 'item_standard', 1, 0, 956, 1, '{}', 'A high-speed spinner lure, perfect for attracting aggressive, fast-moving fish.', 0, 0.25),
	('p_lgoc_spinner_v6', 'Spinner V6', 10, 1, 'item_standard', 1, 0, 957, 1, '{}', 'An advanced spinner lure with enhanced spinning action, ideal for large, deep-water fish.', 0, 0.25),
	('quailb', 'Quail Beak', 20, 1, 'item_standard', 1, 0, 545, 1, '{}', 'The beak of a quail bird, often used for crafts and decorative purposes.', 0, 0.25),
	('quailf', 'Quail Feather', 20, 1, 'item_standard', 1, 0, 546, 1, '{}', 'A feather from a quail bird, known for its small size and distinctive patterns.', 0, 0.25),
	('quartz', 'Quartz', 20, 1, 'item_standard', 1, 0, 547, 1, '{}', 'A hard mineral often used in jewelry and decorative items.', 0, 0.25),
	('rabbitpaw', 'Rabbitfoot', 20, 1, 'item_standard', 1, 0, 548, 1, '{}', 'The foot of a rabbit, sometimes considered a good luck charm.', 0, 0.25),
	('rabbits', 'Rabbit Skin', 20, 1, 'item_standard', 1, 0, 549, 1, '{}', 'The skin of a rabbit, commonly used in making fur garments and accessories.', 0, 0.25),
	('raccoons', 'Raccoon Skin', 20, 1, 'item_standard', 1, 0, 550, 1, '{}', 'The skin of a raccoon, known for its distinctive ringed tail and soft fur.', 0, 0.25),
	('raccoont', 'Raccoon Tooth', 20, 1, 'item_standard', 1, 0, 551, 1, '{}', 'A tooth from a raccoon, often used in crafts and jewelry.', 0, 0.25),
	('raisin', 'Raisin', 10, 1, 'item_standard', 1, 0, 926, 1, '{}', 'A dried grape that makes good eating.', 0, 0.25),
	('rajahdysoljy', 'Explosive Oil', 30, 1, 'item_standard', 1, 0, 552, 1, '{}', 'An explosive oil used for various purposes, such as creating dynamite and explosives.', 0, 0.25),
	('ramhorn', 'Ram Horn', 20, 1, 'item_standard', 1, 0, 553, 1, '{}', 'The horn of a ram, a male sheep, often used in crafting and decoration.', 0, 0.25),
	('rams', 'Ram Pelt', 20, 1, 'item_standard', 1, 0, 554, 1, '{}', 'The fur and skin of a ram, known for its warmth and durability.', 0, 0.25),
	('Rams_Head', 'Rams Head', 10, 1, 'item_standard', 1, 0, 555, 1, '{}', 'The preserved head of a ram, often used as a hunting trophy or decorative item.', 0, 0.25),
	('Rams_Head_Seed', 'Rams Head Seed', 10, 1, 'item_standard', 1, 0, 556, 1, '{}', 'A seed that can be planted to grow plants resembling a rams head.', 0, 0.25),
	('raspberryale', 'Raspberry Ale', 10, 1, 'item_standard', 1, 0, 557, 1, '{}', 'A type of ale infused with the flavor of raspberries.', 0, 0.25),
	('rat_c', 'Rat', 20, 1, 'item_standard', 1, 0, 558, 1, '{}', 'A small rodent known for its agility and ability to adapt to various environments.', 0, 0.25),
	('ravenc', 'Raven Claws', 20, 1, 'item_standard', 1, 0, 559, 1, '{}', 'The claws of a raven bird, often used for crafts and jewelry.', 0, 0.25),
	('ravenf', 'Raven Feather', 20, 1, 'item_standard', 1, 0, 560, 1, '{}', 'A feather from a raven bird, known for its glossy black color and sleek appearance.', 0, 0.25),
	('raw_bacon', 'Raw Bacon', 10, 1, 'item_standard', 1, 0, 927, 1, '{}', 'Raw uncooked bacon.', 0, 0.25),
	('raw_meat', 'Rått kjøtt', 50, 1, 'item_standard', 0, 0, 11344, 1, '{}', 'nice item', 0, 0.25),
	('raw_venison', 'Rått hjortekjøtt', 50, 1, 'item_standard', 0, 0, 11345, 1, '{}', 'nice item', 0, 0.25),
	('rectable', 'Rectangle Table', 20, 1, 'item_standard', 1, 0, 561, 1, '{}', 'A rectangular-shaped table, suitable for various purposes such as dining or work.', 0, 0.25),
	('rectangle_table', 'Rectangle Table', 20, 1, 'item_standard', 1, 0, 562, 1, '{}', 'A table with a rectangular shape, often used for dining or as a work surface.', 0, 0.25),
	('Red_Raspberry', 'Red Raspberry', 10, 1, 'item_standard', 1, 0, 563, 1, '{}', 'A type of raspberry with a red color, commonly used in desserts and preserves.', 0, 0.25),
	('Red_Raspberry_Seed', 'Red Raspberry Seed', 10, 1, 'item_standard', 1, 0, 564, 1, '{}', 'A seed that can be planted to grow red raspberry plants.', 0, 0.25),
	('Red_Sage', 'Red Sage', 10, 1, 'item_standard', 1, 0, 565, 1, '{}', 'A type of sage plant with red-colored flowers, often used in herbal remedies and smudging ceremonies.', 0, 0.25),
	('Red_Sage_Seed', 'Red Sage Seed', 10, 1, 'item_standard', 1, 0, 566, 1, '{}', 'A seed that can be planted to grow red sage plants.', 0, 0.25),
	('repeaterbarrel', 'Repeater Barrel', 5, 1, 'item_standard', 1, 0, 567, 1, '{}', 'A replacement barrel for a repeater firearm, used for improving accuracy and performance.', 0, 0.25),
	('repeatermold', 'Repeater Mold', 5, 1, 'item_standard', 1, 0, 568, 1, '{}', 'A mold used for casting the components of a repeater firearm.', 0, 0.25),
	('repeaterreceiver', 'Repeater Receiver', 5, 1, 'item_standard', 1, 0, 569, 1, '{}', 'A replacement receiver for a repeater firearm, which houses the firing mechanism.', 0, 0.25),
	('repeaterrecmold', 'Repeater Receiver Mold', 5, 1, 'item_standard', 1, 0, 570, 1, '{}', 'A mold used for casting the receiver of a repeater firearm.', 0, 0.25),
	('repeaterstock', 'Repeater Stock', 5, 1, 'item_standard', 1, 0, 571, 1, '{}', 'A replacement stock for a repeater firearm, providing stability and control.', 0, 0.25),
	('revolverbarrel', 'Revolver Barrel', 5, 1, 'item_standard', 1, 0, 572, 1, '{}', 'A replacement barrel for a revolver firearm, used for improving accuracy and performance.', 0, 0.25),
	('revolvercylinder', 'Revolver Cylinder', 5, 1, 'item_standard', 1, 0, 573, 1, '{}', 'A replacement cylinder for a revolver firearm, which holds the ammunition.', 0, 0.25),
	('revolverhandle', 'Revolver Handle', 5, 1, 'item_standard', 1, 0, 574, 1, '{}', 'A replacement handle for a revolver firearm, providing grip and control.', 0, 0.25),
	('revolvermold', 'Revolver Mold', 5, 1, 'item_standard', 1, 0, 575, 1, '{}', 'A mold used for casting the components of a revolver firearm.', 0, 0.25),
	('riflebarrel', 'Rifle Barrel', 5, 1, 'item_standard', 1, 0, 576, 1, '{}', 'A replacement barrel for a rifle firearm, used for improving accuracy and performance.', 0, 0.25),
	('riflemold', 'Rifle Mold', 5, 1, 'item_standard', 1, 0, 577, 1, '{}', 'A mold used for casting the components of a rifle firearm.', 0, 0.25),
	('riflereceiver', 'Rifle Receiver', 5, 1, 'item_standard', 1, 0, 578, 1, '{}', 'A replacement receiver for a rifle firearm, which houses the firing mechanism.', 0, 0.25),
	('riflerecmold', 'Rifle Receiver Mold', 5, 1, 'item_standard', 1, 0, 579, 1, '{}', 'A mold used for casting the receiver of a rifle firearm.', 0, 0.25),
	('riflestock', 'Rifle Stock', 5, 1, 'item_standard', 1, 0, 580, 1, '{}', 'A replacement stock for a rifle firearm, providing stability and control.', 0, 0.25),
	('roach', 'Roach', 10, 1, 'item_standard', 0, 0, 581, 1, '{}', 'A small insect commonly found in households and other environments.', 0, 0.25),
	('robberyplanning', 'Robbery Planning Set', 20, 1, 'item_standard', 1, 0, 582, 1, '{}', 'A set of tools and materials used for planning a robbery or heist.', 0, 0.25),
	('robin_c', 'Robin', 20, 1, 'item_standard', 1, 0, 583, 1, '{}', 'A small songbird known for its red breast and melodious voice.', 0, 0.25),
	('rock', 'Rock', 30, 1, 'item_standard', 1, 0, 584, 1, '{}', 'A solid mineral material that forms the Earths crust, commonly found in various shapes and sizes.', 0, 0.25),
	('rollingpaper', 'Rolling paper', 30, 1, 'item_standard', 1, 0, 585, 1, '{}', 'A thin, lightweight paper used for rolling cigarettes or other smoking materials.', 0, 0.25),
	('roundtable', 'Round Table', 20, 1, 'item_standard', 1, 0, 586, 1, '{}', 'A circular table with a flat top surface, often used for dining or discussions.', 0, 0.25),
	('round_table', 'Round Table', 20, 1, 'item_standard', 1, 0, 587, 1, '{}', 'A table with a round top surface, typically used for dining or meetings.', 0, 0.25),
	('rspoonb', 'Roseta Spoonbill beak', 20, 1, 'item_standard', 1, 0, 588, 1, '{}', 'The long, slender beak of a Roseta Spoonbill bird, known for its distinctive shape and color.', 0, 0.25),
	('rspoonf', 'Roseta Spoonbill feather', 20, 1, 'item_standard', 1, 0, 589, 1, '{}', 'A feather from a Roseta Spoonbill bird, often used in crafts and decorative items.', 0, 0.25),
	('rubber', 'Rubber', 20, 1, 'item_standard', 0, 0, 590, 1, '{}', 'A flexible, elastic material derived from the sap of certain plants or synthesized chemically.', 0, 0.25),
	('rubbertube', 'Rubber Tube', 5, 1, 'item_standard', 0, 0, 591, 1, '{}', 'A cylindrical tube made of rubber, commonly used for various applications such as plumbing or medical procedures.', 0, 0.25),
	('Rucksack', 'Ryggesekk', 1, 1, 'item_standard', 1, 0, 11392, 1, '{}', 'nice item', 0, 0.25),
	('salamelle', 'Fresh Pork ', 20, 1, 'item_standard', 1, 0, 592, 1, '{}', 'Fresh pork salamelle', 0, 0.25),
	('salmon', 'Salmon', 10, 1, 'item_standard', 0, 0, 593, 1, '{}', 'Fresh salmon', 0, 0.25),
	('salt', 'Salt', 20, 1, 'item_standard', 1, 0, 594, 1, '{}', 'Common salt', 0, 0.25),
	('Saltbush', 'Saltbush', 10, 1, 'item_standard', 1, 0, 595, 1, '{}', 'Saltbush plant', 0, 0.25),
	('Saltbush_Seed', 'Saltbush Seed', 10, 1, 'item_standard', 1, 0, 596, 1, '{}', 'Seed of Saltbush plant', 0, 0.25),
	('sandbag', 'Sandbag', 10, 1, 'item_standard', 1, 0, 928, 1, '{}', 'A bag of sand. often used in construction.', 0, 0.25),
	('sandpaper', 'Sandpaper', 10, 1, 'item_standard', 1, 0, 929, 1, '{}', 'A sheet of sandpaper used for smoothing wood.', 0, 0.25),
	('sap', 'Sap', 20, 1, 'item_standard', 0, 0, 597, 1, '{}', 'Sticky sap', 0, 0.25),
	('sarsaparilla', 'Sarsaparilla', 10, 1, 'item_standard', 1, 0, 598, 1, '{}', 'Medicinal sarsaparilla', 0, 0.25),
	('scale', 'Scale', 5, 1, 'item_standard', 1, 0, 599, 1, '{}', 'Measuring scale', 0, 0.25),
	('scentg', 'Scent glad', 20, 1, 'item_standard', 1, 0, 600, 1, '{}', 'Scented glad', 0, 0.25),
	('screws', 'Skruer', 200, 1, 'item_standard', 0, 0, 11335, 1, '{}', 'nice item', 0, 0.25),
	('seagullb', 'Seagull beak', 20, 1, 'item_standard', 1, 0, 601, 1, '{}', 'Beak of a seagull', 0, 0.25),
	('seagullf', 'Seagull feather', 20, 1, 'item_standard', 1, 0, 602, 1, '{}', 'Feather from a seagull', 0, 0.25),
	('secondchance', 'Second Chance', 10, 1, 'item_standard', 1, 0, 603, 1, '{}', 'Opportunity for a second chance', 0, 0.25),
	('sheephead', 'Sheep head', 20, 1, 'item_standard', 1, 0, 604, 1, '{}', 'Head of a sheep', 0, 0.25),
	('shellcasing', 'Shell Casing', 40, 1, 'item_standard', 1, 0, 605, 1, '{}', 'Empty shell casing', 0, 0.25),
	('shootingtarget', 'Shooting Target', 20, 1, 'item_standard', 1, 0, 606, 1, '{}', 'Target for shooting practice', 0, 0.25),
	('shotgunbarrel', 'Shotgun Barrel', 5, 1, 'item_standard', 1, 0, 607, 1, '{}', 'Barrel for a shotgun', 0, 0.25),
	('shotgunmold', 'Shotgun Mold', 5, 1, 'item_standard', 1, 0, 608, 1, '{}', 'Mold for a shotgun', 0, 0.25),
	('shotgunstock', 'Shotgun Stock', 5, 1, 'item_standard', 1, 0, 609, 1, '{}', 'Stock for a shotgun', 0, 0.25),
	('shrimps', 'Shrimp Stew', 1, 1, 'item_standard', 1, 0, 610, 1, '{}', 'Delicious shrimp stew', 0, 0.25),
	('sidetable', 'side table 1', 20, 1, 'item_standard', 1, 0, 611, 1, '{}', 'Functional side table', 0, 0.25),
	('sidetablea', 'side table 2', 20, 1, 'item_standard', 1, 0, 612, 1, '{}', 'Stylish side table', 0, 0.25),
	('sidetableb', 'side table 3', 20, 1, 'item_standard', 1, 0, 613, 1, '{}', 'A beautiful side table', 0, 0.25),
	('side_table', 'side table 1', 20, 1, 'item_standard', 1, 0, 614, 1, '{}', 'A stylish side table', 0, 0.25),
	('side_tablea', 'side table 2', 20, 1, 'item_standard', 1, 0, 615, 1, '{}', 'An elegant side table', 0, 0.25),
	('side_tableb', 'side table 3', 20, 1, 'item_standard', 1, 0, 616, 1, '{}', 'A modern side table', 0, 0.25),
	('singlebed', 'single bed', 20, 1, 'item_standard', 1, 0, 617, 1, '{}', 'A comfortable single bed', 0, 0.25),
	('skullpost', 'Skull Post', 20, 1, 'item_standard', 1, 0, 618, 1, '{}', 'A decorative skull post', 0, 0.25),
	('smallchest', 'Small Chest', 1, 1, 'item_standard', 1, 0, 619, 1, '{}', 'A small storage chest', 0, 0.25),
	('smallmcandle', 'Small Melted Candle', 20, 1, 'item_standard', 1, 0, 620, 1, '{}', 'A small melted candle', 0, 0.25),
	('Small_Leather', 'Small Leather', 10, 1, 'item_standard', 1, 0, 621, 1, '{}', 'A small piece of leather', 0, 0.25),
	('smith_hammer', 'Smedhammer', 5, 1, 'item_standard', 0, 0, 11370, 1, '{}', 'nice item', 0, 0.25),
	('SnakeSkin', 'Snake Skin', 20, 1, 'item_standard', 1, 0, 622, 1, '{}', 'A snake skin', 0, 0.25),
	('snaket', 'Snake tooth', 20, 1, 'item_standard', 1, 0, 623, 1, '{}', 'A tooth from a snake', 0, 0.25),
	('Snake_Poison', 'Snake Poison', 10, 1, 'item_standard', 1, 0, 624, 1, '{}', 'Poison extracted from a snake', 0, 0.25),
	('snake_venom', 'Slangegift (renset)', 50, 1, 'item_standard', 0, 0, 11367, 1, '{}', 'nice item', 0, 0.25),
	('soborno', 'Soborno Alcohol', 15, 1, 'item_standard', 0, 0, 625, 1, '{}', 'A bottle of Soborno alcohol', 0, 0.25),
	('songbird2_c', 'Scarlet songbird', 20, 1, 'item_standard', 1, 0, 626, 1, '{}', 'A beautiful scarlet songbird', 0, 0.25),
	('songbird_c', 'Songbird', 20, 1, 'item_standard', 1, 0, 627, 1, '{}', 'A lovely songbird', 0, 0.25),
	('sparrow0_c', 'Common Sparrow', 20, 1, 'item_standard', 1, 0, 628, 1, '{}', 'A common sparrow', 0, 0.25),
	('sparrow1_c', 'Sparrow', 20, 1, 'item_standard', 1, 0, 629, 1, '{}', 'A sparrow', 0, 0.25),
	('sparrow2_c', 'Golden Sparrow', 20, 1, 'item_standard', 1, 0, 630, 1, '{}', 'A golden sparrow', 0, 0.25),
	('spool', 'Spool', 10, 1, 'item_standard', 1, 0, 930, 1, '{}', 'A empty spool. often used to wrap wire around.', 0, 0.25),
	('spring', 'Fjærer', 100, 1, 'item_standard', 0, 0, 11336, 1, '{}', 'nice item', 0, 0.25),
	('squirrel_black_c', 'Black Squirrel', 20, 1, 'item_standard', 1, 0, 631, 1, '{}', 'A black squirrel', 0, 0.25),
	('squirrel_grey_c', 'Gray Squirrel', 20, 1, 'item_standard', 1, 0, 632, 1, '{}', 'A gray squirrel', 0, 0.25),
	('squirrel_red_c', 'Red Squirrel', 20, 1, 'item_standard', 1, 0, 633, 1, '{}', 'A Red squirrel', 0, 0.25),
	('stamp', 'Frimerke', 50, 1, 'item_standard', 1, 0, 998, 1, '{}', 'Et Frimerke', 0, 0.25),
	('standard_table', 'Table', 20, 1, 'item_standard', 1, 0, 634, 1, '{}', 'A standard table for various uses.', 0, 0.25),
	('standingtorch', 'Standing Torch', 20, 1, 'item_standard', 1, 0, 635, 1, '{}', 'A standing torch to provide light.', 0, 0.25),
	('steak', 'Steak', 10, 1, 'item_standard', 1, 0, 636, 1, '{}', 'A delicious steak for a hearty meal.', 0, 0.25),
	('steakveg', 'Steak with Veggies', 10, 1, 'item_standard', 1, 0, 637, 1, '{}', 'A balanced meal with steak and vegetables.', 0, 0.25),
	('steel_bar', 'Stålstang', 100, 1, 'item_standard', 0, 0, 11331, 1, '{}', 'nice item', 0, 0.25),
	('stillkit', 'Still Kit', 5, 1, 'item_standard', 1, 0, 638, 1, '{}', 'A kit for setting up a still to make distilled spirits.', 0, 0.25),
	('stim', 'Horse Stimulant', 2, 1, 'item_standard', 1, 0, 639, 1, '{}', 'A stimulant to boost a horses performance.', 0, 0.25),
	('stolenmerch', 'Stolen Items', 10, 1, 'item_standard', 0, 0, 640, 1, '{}', 'Various stolen items of questionable origin.', 0, 0.25),
	('stonehammer', 'Stone Hammer', 5, 1, 'item_standard', 1, 0, 641, 1, '{}', 'A durable hammer made of stone.', 0, 0.25),
	('string', 'String', 10, 1, 'item_standard', 1, 0, 931, 1, '{}', 'A bundle of string with many uses.', 0, 0.25),
	('stringy', 'Stringy Meat', 20, 1, 'item_standard', 1, 0, 642, 1, '{}', 'Tough and chewy meat that requires thorough cooking.', 0, 0.25),
	('sugar', 'Sugar', 20, 1, 'item_standard', 0, 0, 643, 1, '{}', 'A sweet and granulated substance used for sweetening.', 0, 0.25),
	('sugarcaneseed', 'Sugarcane Seed', 10, 1, 'item_standard', 1, 0, 644, 1, '{}', 'Seeds for growing sugarcane.', 0, 0.25),
	('sugarcube', 'Sugar Cube', 10, 1, 'item_standard', 1, 0, 645, 1, '{}', 'A compact form of sugar for easy use.', 0, 0.25),
	('sulfur', 'Sulfur', 30, 1, 'item_standard', 0, 0, 646, 1, '{}', 'A yellow chemical element often used in manufacturing.', 0, 0.25),
	('sweet_biscuits', 'Søte kjeks', 20, 1, 'item_standard', 0, 0, 11357, 1, '{}', 'nice item', 0, 0.25),
	('syn', 'Syn', 50, 1, 'item_standard', 1, 0, 647, 1, '{}', 'A synthetic substance used for various purposes.', 0, 0.25),
	('synpackage', 'Syn Package', 10, 1, 'item_standard', 1, 0, 648, 1, '{}', 'A package containing synthetic substances.', 0, 0.25),
	('syringe', 'Syringe', 20, 1, 'item_standard', 1, 0, 649, 1, '{}', 'A medical instrument used for injecting fluids.', 0, 0.25),
	('syringecert', 'Syringe Cert', 10, 1, 'item_standard', 1, 0, 651, 1, '{}', 'A certification for the proper use of syringes.', 0, 0.25),
	('syringe_2', 'Syringe', 20, 1, 'item_standard', 1, 0, 650, 1, '{}', 'A medical instrument used for injecting fluids.', 0, 0.25),
	('td_document', 'Dokument', 1, 1, 'item_standard', 1, 0, 1002, 1, '{}', 'Ett revet dokument med tekst fra notatboken.', 0, 0.25),
	('td_drawing', 'Tegning', 1, 1, 'item_standard', 1, 0, 1399, 1, '{}', 'Et revet ark med en tegning.', 0, 0.25),
	('td_notebook_book', 'Notatbok', 1, 1, 'item_standard', 1, 0, 1001, 1, '{}', 'En slitt notatbok med mange sider.', 0, 0.25),
	('teabag', 'Teabag', 10, 1, 'item_standard', 1, 0, 932, 1, '{}', 'A teabag for making that perfect cup.', 0, 0.25),
	('tealeaf', 'Tealeaf', 10, 1, 'item_standard', 1, 0, 933, 1, '{}', 'Used to make tea or teabags.', 0, 0.25),
	('tea_herbal', 'Urte-te', 20, 1, 'item_standard', 0, 0, 11359, 1, '{}', 'nice item', 0, 0.25),
	('tent', 'Tent', 1, 1, 'item_standard', 1, 0, 652, 1, '{}', 'A portable shelter for camping or temporary use.', 0, 0.25),
	('tent2', 'Trader Tent', 20, 1, 'item_standard', 1, 0, 653, 1, '{}', 'A tent specifically designed for trading purposes.', 0, 0.25),
	('tent3', 'Simple Tent', 20, 1, 'item_standard', 1, 0, 654, 1, '{}', 'A basic tent for camping.', 0, 0.25),
	('tent4', 'Canvas Shade', 20, 1, 'item_standard', 1, 0, 655, 1, '{}', 'A canvas shade for shelter.', 0, 0.25),
	('tequila', 'Tequila', 10, 1, 'item_standard', 1, 0, 656, 1, '{}', 'A bottle of tequila.', 0, 0.25),
	('Texas_Bonnet', 'Texas Bonnet', 10, 1, 'item_standard', 1, 0, 657, 1, '{}', 'A traditional Texas bonnet.', 0, 0.25),
	('Texas_Bonnet_Seed', 'Texas Bonnet Seed', 10, 1, 'item_standard', 1, 0, 658, 1, '{}', 'Seeds to grow Texas Bonnet flowers.', 0, 0.25),
	('timber', 'Timber', 10, 1, 'item_standard', 1, 0, 934, 1, '{}', 'A sturdy chunck of timber.', 0, 0.25),
	('timbertable', 'Timber Table', 20, 1, 'item_standard', 1, 0, 659, 1, '{}', 'A sturdy table made of timber.', 0, 0.25),
	('timber_table', 'Timber Table', 20, 1, 'item_standard', 1, 0, 660, 1, '{}', 'A table made of timber.', 0, 0.25),
	('tipi', 'Native Tipi', 20, 1, 'item_standard', 1, 0, 661, 1, '{}', 'A traditional Native American tipi.', 0, 0.25),
	('toaddesert_c', 'Desert Toad', 20, 1, 'item_standard', 1, 0, 662, 1, '{}', 'A toad found in the desert.', 0, 0.25),
	('toadpoison_c', 'Poisoned Toad', 20, 1, 'item_standard', 1, 0, 663, 1, '{}', 'A toad that carries poison.', 0, 0.25),
	('toad_c', 'Toad', 20, 1, 'item_standard', 1, 0, 664, 1, '{}', 'A common toad.', 0, 0.25),
	('token', 'Camp License', 5, 1, 'item_standard', 1, 0, 665, 1, '{}', 'A license for setting up a camp.', 0, 0.25),
	('tonic_base', 'Tonic-base', 50, 1, 'item_standard', 0, 0, 11352, 1, '{}', 'nice item', 0, 0.25),
	('toolbarrel', 'Tool Barrel', 20, 1, 'item_standard', 1, 0, 666, 1, '{}', 'A barrel for storing tools.', 0, 0.25),
	('tool_barrel', 'Tool Barrel', 20, 1, 'item_standard', 1, 0, 667, 1, '{}', 'A barrel used for storing tools.', 0, 0.25),
	('trainkey', 'Train Key', 1, 1, 'item_standard', 1, 0, 668, 1, '{}', 'A key to unlock a train.', 0, 0.25),
	('trayoffood', 'Serving Table', 20, 1, 'item_standard', 1, 0, 669, 1, '{}', 'A table used for serving food.', 0, 0.25),
	('tropicalPunchMash', 'Ginseng Mash', 10, 1, 'item_standard', 0, 0, 670, 1, '{}', 'A mash made from ginseng.', 0, 0.25),
	('tropicalPunchMoonshine', 'Ginseng Moonshine', 10, 1, 'item_standard', 1, 0, 671, 1, '{}', 'Moonshine infused with ginseng.', 0, 0.25),
	('trout', 'Trout', 10, 1, 'item_standard', 0, 0, 672, 1, '{}', 'A fish of the trout family.', 0, 0.25),
	('turkeyb', 'Turkey beak', 20, 1, 'item_standard', 1, 0, 673, 1, '{}', 'The beak of a turkey.', 0, 0.25),
	('turkeyf', 'Turkey feather', 20, 1, 'item_standard', 1, 0, 674, 1, '{}', 'A feather from a turkey.', 0, 0.25),
	('TurtleShell', 'Turtle Shell', 20, 1, 'item_standard', 1, 0, 675, 1, '{}', 'The shell of a turtle.', 0, 0.25),
	('turtlet', 'Turtle tooth', 20, 1, 'item_standard', 1, 0, 676, 1, '{}', 'A tooth extracted from a turtle.', 0, 0.25),
	('tylenol', 'Tylenol', 10, 1, 'item_standard', 1, 0, 677, 1, '{}', 'A medication called Tylenol.', 0, 0.25),
	('undertaker1', 'Coffin', 20, 1, 'item_standard', 1, 0, 678, 1, '{}', 'A wooden coffin.', 0, 0.25),
	('undertaker2', 'Flower Coffin', 20, 1, 'item_standard', 1, 0, 679, 1, '{}', 'A coffin decorated with flowers.', 0, 0.25),
	('unique_brad_horsesugar', 'Brad Horse Sugar', 5, 1, 'item_standard', 1, 0, 680, 1, '{}', 'Sugar used for horses owned by Brad.', 0, 0.25),
	('unique_horse_feed', 'Horse Feed', 5, 1, 'item_standard', 1, 0, 681, 1, '{}', 'Feed for horses.', 0, 0.25),
	('vanillacake', 'Vanilla Cake', 10, 1, 'item_standard', 1, 0, 935, 1, '{}', 'A tasty vanilla flavored cake.', 0, 0.25),
	('vanillaFlower', 'Vanille Flower', 20, 1, 'item_standard', 0, 0, 682, 1, '{}', 'A flower known as Vanille.', 0, 0.25),
	('varnish', 'Varnish', 10, 1, 'item_standard', 1, 0, 936, 1, '{}', 'A typical wood finish made from oils and resins.', 0, 0.25),
	('venison', 'Venison', 20, 1, 'item_standard', 1, 0, 683, 1, '{}', 'Lean meat obtained from deer.', 0, 0.25),
	('venison_stew', 'Hjortegryte', 10, 1, 'item_standard', 0, 0, 11355, 1, '{}', 'nice item', 0, 0.25),
	('Violet_Snowdrop', 'Violet Snowdrop', 10, 1, 'item_standard', 1, 0, 684, 1, '{}', 'A delicate flower called Violet Snowdrop.', 0, 0.25),
	('Violet_Snowdrop_Seed', 'Violet Snowdrop Seed', 10, 1, 'item_standard', 1, 0, 685, 1, '{}', 'Seeds to grow Violet Snowdrop flowers.', 0, 0.25),
	('vodka', 'Vodka', 10, 1, 'item_standard', 1, 0, 686, 1, '{}', 'A strong alcoholic beverage known as Vodka.', 0, 0.25),
	('Volture_Egg', 'Volture Egg', 10, 1, 'item_standard', 1, 0, 687, 1, '{}', 'An egg laid by a Volture bird.', 0, 0.25),
	('vulturetaxi', 'Vulture Taxidermy', 20, 1, 'item_standard', 1, 0, 688, 1, '{}', 'A taxidermy of a vulture bird.', 0, 0.25),
	('vulture_taxidermy', 'Vulture Taxidermy', 20, 1, 'item_standard', 1, 0, 689, 1, '{}', 'A preserved vulture bird for display.', 0, 0.25),
	('washtub', 'Wash Tub', 20, 1, 'item_standard', 1, 0, 690, 1, '{}', 'A tub used for washing clothes or other items.', 0, 0.25),
	('water', 'Water', 15, 1, 'item_standard', 1, 0, 691, 1, '{}', 'Clean drinking water.', 0, 0.25),
	('waterbarrel', 'Water Barrel', 20, 1, 'item_standard', 1, 0, 692, 1, '{}', 'A large barrel used for storing water.', 0, 0.25),
	('wateringcan', 'Water Jug', 10, 1, 'item_standard', 1, 0, 693, 1, '{}', 'A bucket of clean water.', 0, 0.25),
	('wateringcan_dirtywater', 'Dirty Water Jug', 10, 1, 'item_standard', 1, 0, 694, 1, '{}', 'A bucket filled with dirty water.', 0, 0.25),
	('wateringcan_empty', 'Empty Watering Jug', 10, 1, 'item_standard', 1, 0, 695, 1, '{}', 'An empty water bucket.', 0, 0.25),
	('waterpump', 'Water Pump', 20, 1, 'item_standard', 1, 0, 696, 1, '{}', 'A device used for pumping water.', 0, 0.25),
	('water_bottle', 'Vannflaske', 50, 1, 'item_standard', 1, 0, 1003, 1, '{}', 'nice item', 0, 0.25),
	('water_pump', 'Water Pump', 20, 1, 'item_standard', 1, 0, 697, 1, '{}', 'A pump designed to move water.', 0, 0.25),
	('wedding_chain_ring', 'Wedding Ring on chain', 10, 1, 'item_standard', 1, 0, 937, 1, '{}', 'A wedding ring on chain. usally worn this way so they dont get lost.', 0, 0.25),
	('wedding_ring', 'Wedding Ring', 10, 1, 'item_standard', 1, 0, 938, 1, '{}', 'A beautiful wedding ring.', 0, 0.25),
	('wheat', 'Wheat', 10, 1, 'item_standard', 1, 0, 939, 1, '{}', 'Often ground up into flour to used in cooking and baking', 0, 0.25),
	('wheatseed', 'Wheat Seed', 10, 1, 'item_standard', 1, 0, 940, 1, '{}', 'When planted will grow into wheat.', 0, 0.25),
	('whisky', 'Whisky', 10, 1, 'item_standard', 1, 0, 698, 1, '{}', 'An alcoholic beverage known as whisky.', 0, 0.25),
	('wicker', 'Wicker', 10, 1, 'item_standard', 1, 0, 941, 1, '{}', 'A natural material made from woven branches or reeds', 0, 0.25),
	('wickerbench', 'Wicker Bench', 20, 1, 'item_standard', 1, 0, 699, 1, '{}', 'A bench made from wicker material.', 0, 0.25),
	('wicker_bench', 'Wicker Bench', 20, 1, 'item_standard', 1, 0, 700, 1, '{}', 'A bench constructed with wicker material.', 0, 0.25),
	('wildCiderMash', 'Black Berry Mash', 10, 1, 'item_standard', 0, 0, 701, 1, '{}', 'Mashed blackberries used for making cider.', 0, 0.25),
	('wildCiderMoonshine', 'Black Berry Moonshine', 10, 1, 'item_standard', 1, 0, 702, 1, '{}', 'Homemade moonshine crafted from blackberries.', 0, 0.25),
	('Wild_Carrot', 'Wild Carrot', 10, 1, 'item_standard', 1, 0, 703, 1, '{}', 'A type of carrot that grows in the wild.', 0, 0.25),
	('Wild_Carrot_Seed', 'Wild Carrot Seed', 10, 1, 'item_standard', 1, 0, 704, 1, '{}', 'Seeds to cultivate wild carrots.', 0, 0.25),
	('Wild_Feverfew', 'Wild Feverfew', 10, 1, 'item_standard', 1, 0, 705, 1, '{}', 'A wild plant known as Feverfew.', 0, 0.25),
	('Wild_Feverfew_Seed', 'Wild Feverfew Seed', 10, 1, 'item_standard', 1, 0, 706, 1, '{}', 'Seeds to grow Feverfew plants.', 0, 0.25),
	('Wild_Mint', 'Wild Mint', 10, 1, 'item_standard', 1, 0, 707, 1, '{}', 'A type of mint that grows in the wild.', 0, 0.25),
	('Wild_Mint_Seed', 'Wild Mint Seed', 10, 1, 'item_standard', 1, 0, 708, 1, '{}', 'Seeds to cultivate wild mint.', 0, 0.25),
	('Wild_Rhubarb', 'Wild Rhubarb', 10, 1, 'item_standard', 1, 0, 709, 1, '{}', 'A rhubarb plant that grows in the wild.', 0, 0.25),
	('Wild_Rhubarb_Seed', 'Wild Rhubarb Seed', 10, 1, 'item_standard', 1, 0, 710, 1, '{}', 'Seeds to grow wild rhubarb.', 0, 0.25),
	('wine', 'Wine', 10, 1, 'item_standard', 1, 0, 711, 1, '{}', 'An alcoholic beverage made from fermented grapes.', 0, 0.25),
	('Wintergreen_Berry', 'Wintergreen Berry', 10, 1, 'item_standard', 1, 0, 712, 1, '{}', 'Berries from the wintergreen plant.', 0, 0.25),
	('Wintergreen_Berry_Seed', 'Wintergreen Berry Seed', 10, 1, 'item_standard', 1, 0, 713, 1, '{}', 'Seeds to cultivate wintergreen berries.', 0, 0.25),
	('Wisteria', 'Wisteria', 10, 1, 'item_standard', 1, 0, 714, 1, '{}', 'A flowering plant called Wisteria.', 0, 0.25),
	('Wisteria_Seed', 'Wisteria Seed', 10, 1, 'item_standard', 1, 0, 715, 1, '{}', 'Seeds to grow Wisteria plants.', 0, 0.25),
	('wojape', 'Wojape', 5, 1, 'item_standard', 1, 0, 716, 1, '{}', 'A traditional Native American sauce made from berries.', 0, 0.25),
	('wolfheart', 'Wolf heart', 20, 1, 'item_standard', 1, 0, 717, 1, '{}', 'The heart of a wolf.', 0, 0.25),
	('wolfpelt', 'Wolf skin', 20, 1, 'item_standard', 1, 0, 718, 1, '{}', 'The skin of a wolf.', 0, 0.25),
	('wolftooth', 'Wolf tooth', 20, 1, 'item_standard', 1, 0, 719, 1, '{}', 'A tooth extracted from a wolf.', 0, 0.25),
	('wood', 'Soft Wood', 20, 1, 'item_standard', 0, 0, 720, 1, '{}', 'A type of wood that is soft and easy to work with.', 0, 0.25),
	('woodbench', 'Wooden Bench', 20, 1, 'item_standard', 1, 0, 721, 1, '{}', 'A bench made from wood material.', 0, 0.25),
	('woodchair', 'Wood Chair', 20, 1, 'item_standard', 1, 0, 722, 1, '{}', 'A chair made from wood material.', 0, 0.25),
	('wooden_bench', 'Wooden Bench', 20, 1, 'item_standard', 1, 0, 723, 1, '{}', 'A bench constructed with wooden material.', 0, 0.25),
	('wooden_boards', 'Wooden Boards', 25, 1, 'item_standard', 0, 0, 724, 1, '{}', 'Boards made from wood material.', 0, 0.25),
	('woodpeck01_c', 'Woodpecker', 20, 1, 'item_standard', 1, 0, 725, 1, '{}', 'The skin and feathers of a woodpecker.', 0, 0.25),
	('woodpeck02_c', 'Woodpecker 2', 20, 1, 'item_standard', 1, 0, 726, 1, '{}', 'The skin and feathers of a woodpecker.', 0, 0.25),
	('woodsaw', 'Woodsaw', 10, 1, 'item_standard', 1, 0, 942, 1, '{}', 'Used to cut wood.', 0, 0.25),
	('wood_chair', 'Wood Chair', 20, 1, 'item_standard', 1, 0, 727, 1, '{}', 'A chair made from wood material.', 0, 0.25),
	('wood_grip', 'Treskaft', 50, 1, 'item_standard', 0, 0, 11334, 1, '{}', 'nice item', 0, 0.25),
	('wood_plane', 'Wood Plane', 10, 1, 'item_standard', 1, 0, 943, 1, '{}', 'A wood plane used for shaping wood.', 0, 0.25),
	('wood_plank', 'Treplanke', 200, 1, 'item_standard', 0, 0, 11332, 1, '{}', 'nice item', 0, 0.25),
	('wood_plank_flex', 'Fleksibelt treverk', 100, 1, 'item_standard', 0, 0, 11333, 1, '{}', 'nice item', 0, 0.25),
	('wool', 'Wool', 50, 1, 'item_standard', 1, 0, 728, 1, '{}', 'Fiber obtained from the fleece of sheep.', 0, 0.25),
	('wrench', 'Wrench', 10, 1, 'item_standard', 1, 0, 944, 1, '{}', 'A wrech used to tighten bolts and other things.', 0, 0.25),
	('wsnakes', 'Western rattlesnake pelt', 20, 1, 'item_standard', 1, 0, 729, 1, '{}', 'The skin of a western rattlesnake.', 0, 0.25),
	('wsnakeskin', 'Watersnake pelt', 20, 1, 'item_standard', 1, 0, 730, 1, '{}', 'The skin of a watersnake.', 0, 0.25),
	('Yarrow', 'Yarrow', 10, 1, 'item_standard', 1, 0, 731, 1, '{}', 'A flowering plant known as Yarrow.', 0, 0.25),
	('Yarrow_Seed', 'Yarrow Seed', 10, 1, 'item_standard', 1, 0, 732, 1, '{}', 'Seeds to grow Yarrow plants.', 0, 0.25),
	('yeast', 'Gjær', 100, 1, 'item_standard', 0, 0, 11348, 1, '{}', 'nice item', 0, 0.25);

-- Dumping data for table vorpcore_0cfb9f.items_crafted: ~88 rows (approximately)
INSERT INTO `items_crafted` (`id`, `character_id`, `item_id`, `item_name`, `updated_at`, `metadata`) VALUES
	(1, 1, 209, 'consumable_raspberrywater', '2025-11-06 20:14:32', '[]'),
	(2, 1, 39, 'ammorevolvernormal', '2025-11-06 20:14:32', '[]'),
	(4, 2, 39, 'ammorevolvernormal', '2025-11-06 21:17:09', '[]'),
	(14, 2, 190, 'consumable_bluegil', '2025-11-08 03:47:58', '[]'),
	(15, 2, 209, 'consumable_raspberrywater', '2025-11-08 03:48:32', '[]'),
	(16, 2, 332, 'handcuffs', '2025-11-08 04:21:30', '[]'),
	(17, 2, 959, 'handcuffkey', '2025-11-08 04:21:56', '[]'),
	(25, 4, 12, 'ammoarrownormal', '2025-11-18 20:51:51', '[]'),
	(32, 3, 998, 'stamp', '2025-11-19 21:24:36', '[]'),
	(33, 4, 998, 'stamp', '2025-11-19 21:26:19', '[]'),
	(34, 4, 125, 'blueberry', '2025-11-19 21:29:00', '[]'),
	(49, 5, 998, 'stamp', '2025-11-20 10:58:49', '[]'),
	(53, 5, 44, 'ammoriflenormal', '2025-11-20 11:31:09', '[]'),
	(60, 5, 691, 'water', '2025-11-20 12:15:54', '[]'),
	(61, 5, 50, 'ammoshotgunslug', '2025-11-20 12:17:26', '[]'),
	(75, 5, 191, 'consumable_breakfast', '2025-11-20 14:06:11', '[]'),
	(77, 5, 209, 'consumable_raspberrywater', '2025-11-20 14:06:41', '[]'),
	(78, 5, 999, 'pidgeon', '2025-11-20 14:19:02', '{"brevdue_granted_at":1763636327,"brevdue_expires_at":1766228327}'),
	(89, 3, 999, 'pidgeon', '2025-11-20 16:37:31', '{"brevdue_granted_at":1763656651,"brevdue_expires_at":1766248651}'),
	(94, 3, 691, 'water', '2025-11-21 19:37:31', '[]'),
	(98, 6, 238, 'Crows_Garlic', '2025-11-21 21:05:06', '[]'),
	(99, 6, 40, 'ammorevolversplitpoint', '2025-11-21 21:13:37', '[]'),
	(100, 3, 271, 'empty_bottle', '2025-11-21 21:31:20', '[]'),
	(102, 6, 999, 'pidgeon', '2025-11-21 22:01:50', '{"brevdue_granted_at":1763762510}'),
	(103, 6, 961, 'hk_1', '2025-11-21 22:08:58', '[]'),
	(105, 6, 998, 'stamp', '2025-11-21 22:42:09', '[]'),
	(106, 6, 565, 'Red_Sage', '2025-11-21 22:42:56', '[]'),
	(107, 6, 499, 'Oregano', '2025-11-21 22:43:16', '[]'),
	(111, 7, 999, 'pidgeon', '2025-11-22 17:55:45', '{"brevdue_granted_at":1763834145}'),
	(112, 7, 998, 'stamp', '2025-11-22 17:55:58', '[]'),
	(116, 3, 1001, 'td_notebook_book', '2025-11-22 20:52:31', '{"pages":"[\\"\\"]"}'),
	(117, 6, 1001, 'td_notebook_book', '2025-11-22 21:05:53', '{"pages":"[\\"fdfhdfgbdfvgdstertwefsdcvszdfv\\\\n\\\\n\\\\n\\\\nwefsfsdf\\\\nefsaefsef\\\\n\\\\n\\\\n\\"]"}'),
	(121, 3, 1002, 'td_document', '2025-11-22 22:16:58', '{"pages":"[\\"<span style=\\\\\\"color: rgb(141, 17, 17);\\\\\\"><span style=\\\\\\"color: rgb(172, 21, 21);\\\\\\"><span style=\\\\\\"color: rgb(177, 22, 22);\\\\\\"><span style=\\\\\\"color: rgb(193, 21, 21);\\\\\\"><span style=\\\\\\"color: rgb(194, 20, 20);\\\\\\"><span style=\\\\\\"color: rgb(200, 20, 20);\\\\\\"><span style=\\\\\\"color: rgb(206, 18, 18);\\\\\\"><span style=\\\\\\"color: rgb(213, 16, 16);\\\\\\"><span style=\\\\\\"color: rgb(216, 14, 14);\\\\\\"><span style=\\\\\\"color: rgb(222, 13, 13);\\\\\\"><span style=\\\\\\"color: rgb(231, 4, 4);\\\\\\">dette er en test</span></span></span></span></span></span></span></span></span></span></span>\\"]"}'),
	(122, 3, 45, 'ammoriflesplitpoint', '2025-11-22 22:32:43', '[]'),
	(126, 8, 1001, 'td_notebook_book', '2025-11-22 22:59:10', '{"pages":"[\\"<div style=\\\\\\"text-align: left;\\\\\\"><span style=\\\\\\"background-color: transparent; font-weight: bold;\\\\\\">dette er en <span style=\\\\\\"color: rgb(164, 65, 65);\\\\\\"><span style=\\\\\\"color: rgb(167, 68, 68);\\\\\\"><span style=\\\\\\"color: rgb(180, 65, 65);\\\\\\"><span style=\\\\\\"color: rgb(189, 61, 61);\\\\\\"><span style=\\\\\\"color: rgb(228, 33, 33);\\\\\\"><span style=\\\\\\"color: rgb(255, 0, 0);\\\\\\"><span style=\\\\\\"color: rgb(247, 2, 2);\\\\\\"><span style=\\\\\\"color: rgb(242, 13, 13);\\\\\\"><span style=\\\\\\"color: rgb(228, 17, 17);\\\\\\"><span style=\\\\\\"color: rgb(222, 23, 23);\\\\\\"><span style=\\\\\\"color: rgb(215, 25, 25);\\\\\\"><span style=\\\\\\"color: rgb(213, 26, 26);\\\\\\"><span style=\\\\\\"color: rgb(218, 27, 27);\\\\\\"><span style=\\\\\\"color: rgb(222, 27, 27);\\\\\\"><span style=\\\\\\"color: rgb(224, 26, 26);\\\\\\"><span style=\\\\\\"color: rgb(226, 24, 24);\\\\\\"><span style=\\\\\\"color: rgb(236, 19, 19);\\\\\\"><span style=\\\\\\"color: rgb(243, 18, 18);\\\\\\"><span style=\\\\\\"color: rgb(248, 13, 13);\\\\\\"><span style=\\\\\\"color: rgb(249, 11, 11);\\\\\\"><span style=\\\\\\"color: rgb(251, 4, 4);\\\\\\"><span style=\\\\\\"color: rgb(255, 0, 0);\\\\\\">test</span></span></span></span></span></sp\\"]"}'),
	(133, 7, 1001, 'td_notebook_book', '2025-11-23 19:06:07', '{"pages":"[\\"\\",\\"\\",\\"\\",\\"\\",\\"\\",\\"\\",\\"\\",\\"\\",\\"\\",\\"\\",\\"\\",\\"\\",\\"\\",\\"\\",\\"\\",\\"\\",\\"\\"]"}'),
	(135, 6, 1002, 'td_document', '2025-11-24 02:21:16', '{"pages":"[\\"fdfhdfgbdfvgdstertwefsdcvszdfv\\\\n\\\\n\\\\n\\\\nwefsfsdf\\\\nefsaefsef\\\\n\\\\n\\\\n<div><br></div><div><br></div><div><br></div><div style=\\\\\\"text-align: center;\\\\\\">tfrgdfghdgdg</div>\\"]"}'),
	(138, 8, 44, 'ammoriflenormal', '2025-11-25 12:50:50', '[]'),
	(156, 8, 10007, 'bcc_empty_bottle', '2025-11-26 13:16:38', '[]'),
	(157, 8, 998, 'stamp', '2025-11-26 13:42:03', '[]'),
	(158, 8, 999, 'pidgeon', '2025-11-26 13:43:01', '[]'),
	(159, 8, 1002, 'td_document', '2025-11-26 13:45:27', '{"pages":"[\\"<div style=\\\\\\"text-align: left;\\\\\\"><span style=\\\\\\"background-color: transparent; font-weight: bold;\\\\\\">dette er en <span style=\\\\\\"color: rgb(164, 65, 65);\\\\\\"><span style=\\\\\\"color: rgb(167, 68, 68);\\\\\\"><span style=\\\\\\"color: rgb(180, 65, 65);\\\\\\"><span style=\\\\\\"color: rgb(189, 61, 61);\\\\\\"><span style=\\\\\\"color: rgb(228, 33, 33);\\\\\\"><span style=\\\\\\"color: rgb(255, 0, 0);\\\\\\"><span style=\\\\\\"color: rgb(247, 2, 2);\\\\\\"><span style=\\\\\\"color: rgb(242, 13, 13);\\\\\\"><span style=\\\\\\"color: rgb(228, 17, 17);\\\\\\"><span style=\\\\\\"color: rgb(222, 23, 23);\\\\\\"><span style=\\\\\\"color: rgb(215, 25, 25);\\\\\\"><span style=\\\\\\"color: rgb(213, 26, 26);\\\\\\"><span style=\\\\\\"color: rgb(218, 27, 27);\\\\\\"><span style=\\\\\\"color: rgb(222, 27, 27);\\\\\\"><span style=\\\\\\"color: rgb(224, 26, 26);\\\\\\"><span style=\\\\\\"color: rgb(226, 24, 24);\\\\\\"><span style=\\\\\\"color: rgb(236, 19, 19);\\\\\\"><span style=\\\\\\"color: rgb(243, 18, 18);\\\\\\"><span style=\\\\\\"color: rgb(248, 13, 13);\\\\\\"><span style=\\\\\\"color: rgb(249, 11, 11);\\\\\\"><span style=\\\\\\"color: rgb(251, 4, 4);\\\\\\"><span style=\\\\\\"color: rgb(255, 0, 0);\\\\\\">test</span></span></span></span></span></sp\\"]"}'),
	(161, 9, 209, 'consumable_raspberrywater', '2025-11-26 22:37:19', '[]'),
	(175, 7, 525, 'pipe', '2025-11-27 13:30:08', '[]'),
	(179, 7, 527, 'pocket_watch', '2025-11-27 13:57:55', '[]'),
	(183, 7, 356, 'Indian_Tobbaco', '2025-11-27 14:00:41', '[]'),
	(184, 7, 171, 'cigar', '2025-11-27 14:01:44', '[]'),
	(187, 9, 11328, 'lead_ore', '2025-11-27 14:15:55', '[]'),
	(188, 9, 11370, 'smith_hammer', '2025-11-27 14:17:11', '[]'),
	(206, 7, 10003, 'canteen', '2025-12-01 11:20:45', '[]'),
	(209, 7, 771, 'consumable_donut', '2025-12-01 11:44:13', '[]'),
	(210, 7, 698, 'whisky', '2025-12-01 11:44:57', '[]'),
	(211, 7, 209, 'consumable_raspberrywater', '2025-12-01 11:44:57', '[]'),
	(212, 9, 21, 'ammobolla', '2025-12-01 11:45:18', '[]'),
	(215, 9, 1001, 'td_notebook_book', '2025-12-01 13:03:52', '{"pages":"[\\"\\",\\"\\",\\"\\",\\"\\",\\"\\",\\"\\",\\"\\",\\"\\",\\"\\",\\"\\",\\"\\",\\"\\"]"}'),
	(218, 9, 11327, 'brass', '2025-12-01 17:58:26', '[]'),
	(227, 9, 998, 'stamp', '2025-12-02 07:36:09', '[]'),
	(228, 9, 1065, 'pigeon', '2025-12-02 07:36:27', '{"brevdue_granted_at":1764660987}'),
	(231, 9, 11326, 'gunpowder', '2025-12-02 09:08:28', '[]'),
	(233, 9, 1002, 'td_document', '2025-12-02 09:48:32', '{"pages":"[\\"<div style=\\\\\\"text-align: center;\\\\\\"><span style=\\\\\\"background-color: transparent;\\\\\\"><span style=\\\\\\"color: rgb(223, 98, 98);\\\\\\"><span style=\\\\\\"color: rgb(252, 59, 59);\\\\\\"><span style=\\\\\\"color: rgb(251, 19, 19);\\\\\\"><span style=\\\\\\"color: rgb(253, 13, 13);\\\\\\"><span style=\\\\\\"color: rgb(225, 25, 25);\\\\\\"><span style=\\\\\\"color: rgb(235, 15, 15);\\\\\\"><span style=\\\\\\"color: rgb(240, 0, 0);\\\\\\"><span style=\\\\\\"color: rgb(239, 1, 1);\\\\\\"><span style=\\\\\\"color: rgb(237, 2, 2);\\\\\\"><span style=\\\\\\"color: rgb(234, 6, 6);\\\\\\"><span style=\\\\\\"color: rgb(237, 7, 7);\\\\\\"><span style=\\\\\\"color: rgb(244, 6, 6);\\\\\\"><span style=\\\\\\"color: rgb(245, 5, 5);\\\\\\"><span style=\\\\\\"color: rgb(247, 2, 2);\\\\\\"><span style=\\\\\\"color: rgb(250, 0, 0);\\\\\\"><span style=\\\\\\"color: rgb(255, 0, 0); font-weight: bold;\\\\\\">test</span></span></span></span></span></span></span></span></span></span></span></span></span></span></span></span></span></div>\\"]"}'),
	(239, 9, 52, 'ammovarmint', '2025-12-02 18:35:48', '[]'),
	(240, 10, 209, 'consumable_raspberrywater', '2025-12-02 20:09:38', '[]'),
	(241, 10, 39, 'ammorevolvernormal', '2025-12-02 20:09:38', '[]'),
	(242, 11, 39, 'ammorevolvernormal', '2025-12-02 20:39:57', '[]'),
	(243, 11, 209, 'consumable_raspberrywater', '2025-12-02 20:39:57', '[]'),
	(244, 11, 52, 'ammovarmint', '2025-12-02 20:45:17', '[]'),
	(245, 12, 209, 'consumable_raspberrywater', '2025-12-02 22:31:26', '[]'),
	(250, 7, 21, 'ammobolla', '2025-12-03 08:46:56', '[]'),
	(269, 7, 22, 'ammodynamite', '2025-12-03 11:25:21', '[]'),
	(272, 12, 11327, 'brass', '2025-12-03 12:05:08', '[]'),
	(274, 12, 11370, 'smith_hammer', '2025-12-03 12:05:58', '[]'),
	(276, 12, 11326, 'gunpowder', '2025-12-03 12:16:54', '[]'),
	(278, 12, 1001, 'td_notebook_book', '2025-12-04 18:27:59', '{"pages":"[{\\"content\\":\\"data:image/png;base64,[encoded data, 23516 characters]\\",\\"type\\":\\"drawing\\"},{\\"content\\":\\"\\",\\"type\\":\\"text\\"},{\\"content\\":\\"\\",\\"type\\":\\"text\\"},{\\"content\\":\\"\\",\\"type\\":\\"text\\"},{\\"content\\":\\"\\",\\"type\\":\\"text\\"},{\\"content\\":\\"\\",\\"type\\":\\"text\\"},{\\"content\\":\\"\\",\\"type\\":\\"text\\"},{\\"content\\":\\"\\",\\"type\\":\\"text\\"},{\\"content\\":\\"\\",\\"type\\":\\"text\\"},{\\"content\\":\\"\\",\\"type\\":\\"text\\"},{\\"content\\":\\"\\",\\"type\\":\\"text\\"},{\\"content\\":\\"\\",\\"type\\":\\"text\\"},{\\"content\\":\\"\\",\\"type\\":\\"text\\"},{\\"content\\":\\"\\",\\"type\\":\\"text\\"},{\\"content\\":\\"\\",\\"type\\":\\"text\\"},{\\"content\\":\\"\\",\\"type\\":\\"text\\"},{\\"content\\":\\"\\",\\"type\\":\\"text\\"},{\\"content\\":\\"\\",\\"type\\":\\"text\\"},{\\"content\\":\\"\\",\\"type\\":\\"text\\"},{\\"content\\":\\"\\",\\"type\\":\\"text\\"},{\\"content\\":\\"\\",\\"type\\":\\"text\\"},{\\"content\\":\\"\\",\\"type\\":\\"text\\"}]"}'),
	(284, 7, 111, 'bird', '2025-12-05 15:06:37', '[]'),
	(285, 7, 674, 'turkeyf', '2025-12-05 15:06:37', '[]'),
	(286, 7, 673, 'turkeyb', '2025-12-05 15:06:37', '[]'),
	(287, 7, 1002, 'td_document', '2025-12-07 13:58:38', '{"pages":"[\\"<div style=\\\\\\"text-align: center;\\\\\\"><span style=\\\\\\"color: rgb(177, 165, 165); background-color: transparent;\\\\\\">dgsdgsgsd</span></div>\\"]"}'),
	(289, 12, 11391, 'pocket_watch_silver', '2025-12-12 08:59:56', '[]'),
	(296, 12, 1065, 'pigeon', '2025-12-12 17:23:40', '{"brevdue_granted_at":1765560220}'),
	(298, 12, 88, 'bandage', '2025-12-12 17:38:34', '[]'),
	(299, 12, 11328, 'lead_ore', '2025-12-12 19:55:36', '[]'),
	(307, 12, 11399, 'td_drawing', '2025-12-13 00:22:49', '{"imageData":"data:image/png;base64,[encoded data, 28600 characters]"}'),
	(323, 12, 35, 'ammorepeatersplitpoint', '2025-12-16 10:30:19', '[]'),
	(325, 12, 998, 'stamp', '2025-12-16 10:38:15', '[]'),
	(327, 12, 499, 'Oregano', '2025-12-20 19:59:17', '[]'),
	(332, 7, 523, 'pigeon', '2026-01-13 20:17:32', '{"brevdue_granted_at":1768329067}'),
	(334, 7, 88, 'bandage', '2026-01-13 20:47:26', '[]'),
	(337, 12, 523, 'pigeon', '2026-01-15 08:43:57', '{"brevdue_granted_at":1768466637}');

-- Dumping data for table vorpcore_0cfb9f.loadout: ~46 rows (approximately)
INSERT INTO `loadout` (`id`, `identifier`, `charidentifier`, `name`, `ammo`, `components`, `dirtlevel`, `mudlevel`, `conditionlevel`, `rustlevel`, `used`, `used2`, `dropped`, `comps`, `label`, `curr_inv`, `serial_number`, `custom_label`, `custom_desc`) VALUES
	(1, 'steam:11000010c3d728e', 1, 'WEAPON_MELEE_KNIFE', '[]', '[]', 0, 0, 0, 0, 0, 0, 0, '[]', 'Knife', 'default', '', 'Knife', NULL),
	(2, 'steam:11000010c3d728e', 2, 'WEAPON_MELEE_KNIFE', '[]', '[]', 0, 0, 0, 0, 1, 0, 0, '[]', 'Knife', 'default', '', 'Knife', NULL),
	(4, 'steam:110000101efe2ae', 4, 'WEAPON_MELEE_KNIFE', '[]', '[]', 0, 0, 0, 0, 1, 0, 0, '[]', 'Knife', 'default', '', 'Knife', NULL),
	(5, 'steam:110000101efe2ae', 4, 'WEAPON_REVOLVER_SCHOFIELD', '[]', '[]', 0, 0, 0, 0, 1, 0, 0, '[]', 'Revolver Schofield', 'default', '1763498742-3705', 'Revolver Schofield', NULL),
	(6, 'steam:110000101efe2ae', 4, 'WEAPON_LASSO_REINFORCED', '[]', '[]', 0, 0, 0, 0, 0, 0, 0, '[]', 'Reinforced Lasso', 'default', '', 'Reinforced Lasso', NULL),
	(7, 'steam:110000101efe2ae', 4, 'WEAPON_BOW', '[]', '[]', 0, 0, 0, 0, 1, 0, 0, '[]', 'Bow', 'default', '', 'Bow', NULL),
	(11, 'steam:110000100aba649', 5, 'WEAPON_REVOLVER_CATTLEMAN', '[]', '[]', 0, 0, 0, 0, 1, 0, 0, '[]', 'Revolver Cattleman', 'default', '1763637017-7575', 'Revolver Cattleman', NULL),
	(12, 'steam:110000100aba649', 5, 'WEAPON_REVOLVER_CATTLEMAN', '[]', '[]', 0, 0, 0, 0, 1, 1, 0, '[]', 'Revolver Cattleman', 'default', '1763637017-7236', 'Revolver Cattleman', NULL),
	(13, 'steam:110000100aba649', 5, 'WEAPON_SNIPERRIFLE_ROLLINGBLOCK', '[]', '[]', 0, 0, 0, 0, 1, 0, 0, '[]', 'Rolling Block Rifle', 'default', '1763638350-2863', 'Rolling Block Rifle', NULL),
	(16, 'steam:110000100aba649', 5, 'WEAPON_LASSO', '[]', '[]', 0, 0, 0, 0, 1, 0, 0, '[]', 'Lasso', 'default', '', 'Lasso', NULL),
	(17, 'steam:110000100aba649', 5, 'WEAPON_SHOTGUN_DOUBLEBARREL', '[]', '[]', 0, 0, 0, 0, 1, 0, 0, '[]', 'Double Barrel Shotgun', 'default', '1763641022-6352', 'Double Barrel Shotgun', NULL),
	(18, 'steam:110000100aba649', 5, 'WEAPON_MELEE_KNIFE', '[]', '[]', 0, 0, 0, 0, 1, 0, 0, '[]', 'Knife', 'default', '', 'Knife', NULL),
	(20, 'steam:110000100aba649', 5, 'WEAPON_RIFLE_ELEPHANT', '{"nothing":0}', '["nothing"]', 0, 0, 0, 0, 0, 0, 0, '[]', 'Elephant Rifle', 'default', '1763636971-7169', 'Elephant Rifle', NULL),
	(21, 'steam:1100001019ec551', 3, 'WEAPON_SHOTGUN_REPEATING', '[]', '[]', 0, 0, 0, 0, 0, 0, 0, '[]', 'Repeating Shotgun', 'default', '1763645556-6221', 'Repeating Shotgun', NULL),
	(23, 'steam:1100001019ec551', 3, 'WEAPON_LASSO', '[]', '[]', 0, 0, 0, 0, 1, 0, 0, '[]', 'Lasso', 'default', '', 'Lasso', NULL),
	(24, 'steam:110000101efe2ae', 6, 'WEAPON_MELEE_KNIFE', '[]', '[]', 0, 0, 0, 0, 1, 0, 0, '[]', 'Knife', 'default', '', 'Knife', NULL),
	(25, 'steam:110000101efe2ae', 6, 'WEAPON_REVOLVER_SCHOFIELD', '[]', '[]', 0, 0, 0, 0, 1, 0, 0, '[]', 'Revolver Schofield', 'default', '1763759566-5015', 'Revolver Schofield', NULL),
	(26, 'steam:110000101efe2ae', 6, 'WEAPON_REVOLVER_SCHOFIELD', '[]', '[]', 0, 0, 0, 0, 1, 1, 0, '[]', 'Revolver Schofield', 'default', '1763759566-5223', 'Revolver Schofield', NULL),
	(27, 'steam:110000101efe2ae', 6, 'WEAPON_LASSO_REINFORCED', '[]', '[]', 0, 0, 0, 0, 1, 0, 0, '[]', 'Reinforced Lasso', 'default', '', 'Reinforced Lasso', NULL),
	(28, 'steam:110000100aba649', 7, 'WEAPON_MELEE_KNIFE', '[]', '[]', 0, 0, 0, 0, 1, 0, 0, '[]', 'Knife', 'default', '', 'Knife', NULL),
	(31, 'steam:110000100aba649', 7, 'WEAPON_THROWN_BOLAS', '[]', '[]', 0, 0, 0, 0, 1, 0, 0, '[]', 'Bolas', 'default', '1763834276-1443', 'Bolas', NULL),
	(32, 'steam:110000100aba649', 7, 'WEAPON_SNIPERRIFLE_CARCANO', '[]', '[]', 0, 0, 0, 0, 1, 0, 0, '[]', 'Carcano Rifle', 'default', '1763834277-8587', 'Carcano Rifle', NULL),
	(33, 'steam:1100001019ec551', 3, 'WEAPON_MELEE_MACHETE', '[]', '[]', 0, 0, 0, 0, 0, 0, 0, '[]', 'Machete', 'default', '', 'Machete', NULL),
	(34, 'steam:1100001019ec551', 3, 'WEAPON_THROWN_POISONBOTTLE', '[]', '[]', 0, 0, 0, 0, 1, 0, 0, '[]', 'Poison Bottle', 'default', '1763850826-4217', 'Poison Bottle', NULL),
	(35, 'steam:1100001019ec551', 3, 'WEAPON_SNIPERRIFLE_ROLLINGBLOCK', '[]', '[]', 0, 0, 0, 0, 1, 0, 0, '[]', 'Rolling Block Rifle', 'default', '1763850827-1806', 'Rolling Block Rifle', NULL),
	(36, 'steam:1100001019ec551', 8, 'WEAPON_MELEE_KNIFE', '[]', '[]', 0, 0, 0, 0, 1, 0, 0, '[]', 'Knife', 'default', '', 'Knife', NULL),
	(38, 'steam:1100001019ec551', 8, 'WEAPON_LASSO', '[]', '[]', 0, 0, 0, 0, 1, 0, 0, '[]', 'Lasso', 'default', '', 'Lasso', NULL),
	(39, 'steam:1100001019ec551', 8, 'WEAPON_RIFLE_BOLTACTION', '[]', '[]', 0, 0, 0, 0, 1, 0, 0, '[]', 'BoltAction Rifle', 'default', '1763917638-4655', 'BoltAction Rifle', NULL),
	(40, 'steam:1100001019ec551', 9, 'WEAPON_MELEE_KNIFE', '[]', '[]', 0, 0, 0, 0, 1, 0, 0, '[]', 'Knife', 'default', '', 'Knife', NULL),
	(42, 'steam:1100001019ec551', 9, 'WEAPON_RIFLE_VARMINT', '[]', '[]', 0, 0, 0, 0, 1, 0, 0, '[]', 'Varmint Rifle', 'default', '1764230481-6545', 'Varmint Rifle', NULL),
	(43, 'steam:1100001019ec551', 9, 'WEAPON_LASSO', '[]', '[]', 0, 0, 0, 0, 1, 0, 0, '[]', 'Lasso', 'default', '', 'Lasso', NULL),
	(44, 'steam:1100001019ec551', 9, 'WEAPON_LASSO_REINFORCED', '[]', '[]', 0, 0, 0, 0, 1, 0, 0, '[]', 'Reinforced Lasso', 'default', '', 'Reinforced Lasso', NULL),
	(46, 'steam:1100001019ec551', 9, 'WEAPON_THROWN_BOLAS', '[]', '[]', 0, 0, 0, 0, 0, 0, 0, '[]', 'Bolas', 'default', '1764588445-9579', 'Bolas', NULL),
	(47, 'steam:110000100aba649', 7, 'WEAPON_LASSO', '[]', '[]', 0, 0, 0, 0, 1, 0, 0, '[]', 'Lasso', 'default', '', 'Lasso', NULL),
	(48, 'steam:1100001019ec551', 10, 'WEAPON_MELEE_KNIFE', '[]', '[]', 0, 0, 0, 0, 0, 0, 0, '[]', 'Knife', 'default', '', 'Knife', NULL),
	(49, 'steam:1100001019ec551', 11, 'WEAPON_MELEE_KNIFE', '[]', '[]', 0, 0, 0, 0, 0, 0, 0, '[]', 'Knife', 'default', '', 'Knife', NULL),
	(50, 'steam:1100001019ec551', 11, 'WEAPON_RIFLE_VARMINT', '[]', '[]', 0, 0, 0, 0, 1, 0, 0, '[]', 'Varmint Rifle', 'default', '1764708281-3707', 'Varmint Rifle', NULL),
	(51, 'steam:1100001019ec551', 11, 'WEAPON_LASSO', '[]', '[]', 0, 0, 0, 0, 1, 0, 0, '[]', 'Lasso', 'default', '', 'Lasso', NULL),
	(52, 'steam:1100001019ec551', 12, 'WEAPON_MELEE_KNIFE', '[]', '[]', 0, 0, 0, 0, 1, 0, 0, '[]', 'Knife', 'default', '', 'Knife', NULL),
	(54, 'steam:1100001019ec551', 12, 'WEAPON_RIFLE_VARMINT', '[]', '[]', 0, 0, 0, 0, 1, 0, 0, '[]', 'Varmint Rifle', 'default', '1764750799-2704', 'Varmint Rifle', NULL),
	(55, 'steam:1100001019ec551', 12, 'WEAPON_LASSO_REINFORCED', '[]', '[]', 0, 0, 0, 0, 1, 0, 0, '[]', 'Reinforced Lasso', 'default', '', 'Reinforced Lasso', NULL),
	(57, 'steam:110000100aba649', 7, 'WEAPON_THROWN_DYNAMITE', '[]', '[]', 0, 0, 0, 0, 1, 0, 0, '[]', 'Dynamite', 'default', '1764757554-8517', 'Dynamite', NULL),
	(58, 'steam:110000100aba649', 7, 'WEAPON_BOW_IMPROVED', '[]', '[]', 0, 0, 0, 0, 1, 0, 0, '[]', 'Improved Bow', 'default', '', 'Improved Bow', NULL),
	(59, 'steam:1100001019ec551', 12, 'WEAPON_THROWN_DYNAMITE', '[]', '[]', 0, 0, 0, 0, 1, 0, 0, '[]', 'Dynamite', 'default', '1764758503-1540', 'Dynamite', NULL);

-- Dumping data for table vorpcore_0cfb9f.mailbox_mails: ~0 rows (approximately)

-- Dumping data for table vorpcore_0cfb9f.mailboxes: ~0 rows (approximately)

-- Dumping data for table vorpcore_0cfb9f.mdt_arrests: ~0 rows (approximately)

-- Dumping data for table vorpcore_0cfb9f.mdt_injuries: ~0 rows (approximately)

-- Dumping data for table vorpcore_0cfb9f.mdt_logs: ~0 rows (approximately)
INSERT INTO `mdt_logs` (`id`, `identifier`, `name`, `steam`, `action`, `details`, `time`) VALUES
	(1, 'steam:1100001019ec551', 'Frida Fredrikson', 'steam:1100001019ec551', 'search_person', '', '2025-11-23 00:03:51');

-- Dumping data for table vorpcore_0cfb9f.mdt_medical_notes: ~0 rows (approximately)

-- Dumping data for table vorpcore_0cfb9f.mdt_person_notes: ~0 rows (approximately)

-- Dumping data for table vorpcore_0cfb9f.mdt_warrants: ~0 rows (approximately)

-- Dumping data for table vorpcore_0cfb9f.mms_backpack: ~0 rows (approximately)

-- Dumping data for table vorpcore_0cfb9f.outfits: ~0 rows (approximately)

-- Dumping data for table vorpcore_0cfb9f.resource_migrations: ~0 rows (approximately)
INSERT INTO `resource_migrations` (`resource`, `version`) VALUES
	('bcc-water', 1);

-- Dumping data for table vorpcore_0cfb9f.rooms: ~0 rows (approximately)
INSERT INTO `rooms` (`id`, `name`, `identifier`, `charidentifier`, `key`) VALUES
	(1, 'Room 2A', 'steam:110000101efe2ae', 6, 'hk_1');

-- Dumping data for table vorpcore_0cfb9f.stables: ~6 rows (approximately)
INSERT INTO `stables` (`id`, `identifier`, `charidentifier`, `name`, `modelname`, `type`, `status`, `xp`, `injured`, `gear`, `isDefault`, `inventory`) VALUES
	(1, 'steam:', 5, 'bølla', 'A_C_HorseMule_01', 'horse', NULL, 0, 4, '{"Saddles":387267141,"Saddlebags":691935155,"Bedrolls":1943099316}', 1, NULL),
	(2, 'steam:', 8, 'Luna', 'A_C_Horse_AmericanStandardbred_Black', 'horse', NULL, 0, 0, '{"Saddles":2105105778,"Saddlebags":491707272}', 1, NULL),
	(3, 'steam:', 7, 'gogo', 'coach2', 'cart', NULL, 0, 0, NULL, 1, NULL),
	(4, 'steam:', 7, 'pikk', 'A_C_Horse_Shire_DarkBay', 'horse', NULL, 0, 0, '{"Blankets":1486158628,"Saddles":3218117906,"Bedrolls":2089424026,"Masks":3012940229}', 1, NULL),
	(5, 'steam:', 7, 'pakk', 'A_C_Horse_Shire_DarkBay', 'horse', NULL, 0, 0, NULL, 0, NULL),
	(6, 'steam:', 7, 'fitte', 'A_C_Horse_Shire_DarkBay', 'horse', NULL, 0, 0, NULL, 0, NULL);

-- Dumping data for table vorpcore_0cfb9f.users: ~3 rows (approximately)
INSERT INTO `users` (`identifier`, `group`, `warnings`, `banned`, `banneduntil`, `char`, `max_jobs`) VALUES
	('steam:110000100aba649', 'user', 0, 0, 0, 5, 1),
	('steam:1100001019ec551', 'user', 0, 0, 0, 5, 5),
	('steam:110000101efe2ae', 'user', 0, 0, 0, 5, 1);

-- Dumping data for table vorpcore_0cfb9f.wagons: ~0 rows (approximately)

-- Dumping data for table vorpcore_0cfb9f.whitelist: ~0 rows (approximately)

