-- --------------------------------------------------------
-- Server OS:                    Win64
-- HeidiSQL Version:             12.13.0.7147
-- --------------------------------------------------------


-- Dumping data for table thvs_mindmap.activity_log: ~0 rows (approximately)

-- Dumping data for table thvs_mindmap.calendar_events: ~0 rows (approximately)

-- Dumping data for table thvs_mindmap.code_files: ~0 rows (approximately)

-- Dumping data for table thvs_mindmap.file_explorer_items: ~0 rows (approximately)
INSERT INTO `file_explorer_items` (`id`, `user_id`, `name`, `item_type`, `parent_id`, `content`, `file_type`, `file_size`, `created_at`, `updated_at`, `storage_path`, `storage_fullpath`) VALUES
	('file-1765453118-c4e9503000e9', 1, 'paperwork.pdf', 'file', NULL, '', 'application/pdf', 88468, '2025-12-11 11:38:38', '2025-12-11 11:38:38', 'uploads/1/paperwork-1765453118-eae3329fd66a.pdf', 'C:\\xampp\\htdocs\\THVS-Mindmap\\public\\uploads\\1\\paperwork-1765453118-eae3329fd66a.pdf'),
	('file-1765453129-ee9f05e39cef', 1, 'paperwork.pdf', 'file', NULL, '', 'application/pdf', 88468, '2025-12-11 11:38:49', '2025-12-11 11:38:49', 'uploads/1/paperwork-1765453129-4aa755107906.pdf', 'C:\\xampp\\htdocs\\THVS-Mindmap\\public\\uploads\\1\\paperwork-1765453129-4aa755107906.pdf'),
	('file-1765780944-8133ef1ba630', 1, 'Garanti.docx', 'file', 'folder-1765779782-88555c832ce3', '', 'application/vnd.openxmlformats-officedocument.wordprocessingml.document', 13681, '2025-12-15 06:42:24', '2025-12-15 06:42:24', 'uploads/1/Central_Idea/Garanti-1765780944-7a70bdb44bd3.docx', 'C:\\xampp\\htdocs\\THVS-Mindmap\\public\\uploads\\1\\Central_Idea\\Garanti-1765780944-7a70bdb44bd3.docx'),
	('file-1765780952-18f9f91a7b76', 1, 'Garanti.docx', 'file', 'folder-1765779782-88555c832ce3', '', 'application/vnd.openxmlformats-officedocument.wordprocessingml.document', 13681, '2025-12-15 06:42:32', '2025-12-15 06:42:32', 'uploads/1/Central_Idea/Garanti-1765780952-b2747f05d3bb.docx', 'C:\\xampp\\htdocs\\THVS-Mindmap\\public\\uploads\\1\\Central_Idea\\Garanti-1765780952-b2747f05d3bb.docx'),
	('file-1765781335-bfcd3b301c35', 1, 'Garanti.docx', 'file', 'folder-1765779782-88555c832ce3', '', 'application/vnd.openxmlformats-officedocument.wordprocessingml.document', 13681, '2025-12-15 06:48:55', '2025-12-15 06:48:55', 'uploads/1/Central_Idea/Garanti-1765781335-9e47ffa8edff.docx', 'C:\\xampp\\htdocs\\THVS-Mindmap\\public\\uploads\\1\\Central_Idea\\Garanti-1765781335-9e47ffa8edff.docx'),
	('file-1765781996-99132aece639', 1, 'Garanti.docx', 'file', 'folder-1765779782-88555c832ce3', '', 'application/vnd.openxmlformats-officedocument.wordprocessingml.document', 13681, '2025-12-15 06:59:56', '2025-12-15 06:59:56', 'uploads/1/Central_Idea/Garanti-1765781996-bdd6e9eed8f9.docx', 'C:\\xampp\\htdocs\\THVS-Mindmap\\public\\uploads\\1\\Central_Idea\\Garanti-1765781996-bdd6e9eed8f9.docx'),
	('folder-1765453150-5b98147d4b70', 1, 'Ny Node', 'folder', NULL, NULL, NULL, 0, '2025-12-11 11:39:10', '2025-12-11 11:39:10', NULL, NULL),
	('folder-1765453157-5a54f9a182c7', 1, 'Ny Node', 'folder', NULL, NULL, NULL, 0, '2025-12-11 11:39:17', '2025-12-11 11:39:17', NULL, NULL),
	('folder-1765779782-88555c832ce3', 1, 'Central Idea', 'folder', NULL, NULL, NULL, 0, '2025-12-15 06:23:02', '2025-12-15 06:23:02', NULL, NULL),
	('folder-1765780373-6589731bf83e', 1, 'Central Idea', 'folder', NULL, NULL, NULL, 0, '2025-12-15 06:32:53', '2025-12-15 06:32:53', NULL, NULL),
	('folder-1765780427-b4ee1f70dcfc', 1, 'Central Idea', 'folder', NULL, NULL, NULL, 0, '2025-12-15 06:33:47', '2025-12-15 06:33:47', NULL, NULL),
	('folder-1765780502-142b535d7095', 1, 'Central Idea', 'folder', NULL, NULL, NULL, 0, '2025-12-15 06:35:02', '2025-12-15 06:35:02', NULL, NULL);

-- Dumping data for table thvs_mindmap.file_processing_queue: ~0 rows (approximately)
INSERT INTO `file_processing_queue` (`id`, `file_id`, `user_id`, `status`, `attempts`, `tool_used`, `error`, `created_at`, `updated_at`) VALUES
	(1, 'file-1765453118-c4e9503000e9', 1, 'pending', 0, NULL, NULL, '2025-12-11 11:38:38', '2025-12-11 11:38:38'),
	(2, 'file-1765453129-ee9f05e39cef', 1, 'pending', 0, NULL, NULL, '2025-12-11 11:38:49', '2025-12-11 11:38:49'),
	(3, 'file-1765780944-8133ef1ba630', 1, 'pending', 0, NULL, NULL, '2025-12-15 06:42:24', '2025-12-15 06:42:24'),
	(4, 'file-1765780952-18f9f91a7b76', 1, 'pending', 0, NULL, NULL, '2025-12-15 06:42:32', '2025-12-15 06:42:32'),
	(5, 'file-1765781335-bfcd3b301c35', 1, 'pending', 0, NULL, NULL, '2025-12-15 06:48:55', '2025-12-15 06:48:55'),
	(6, 'file-1765781996-99132aece639', 1, 'pending', 0, NULL, NULL, '2025-12-15 06:59:56', '2025-12-15 06:59:56');

-- Dumping data for table thvs_mindmap.group_members: ~0 rows (approximately)

-- Dumping data for table thvs_mindmap.groups: ~0 rows (approximately)

-- Dumping data for table thvs_mindmap.mindmap_edges: ~0 rows (approximately)

-- Dumping data for table thvs_mindmap.mindmap_nodes: ~0 rows (approximately)

-- Dumping data for table thvs_mindmap.notifications: ~4 rows (approximately)
INSERT INTO `notifications` (`id`, `user_id`, `actor_id`, `item_type`, `item_id`, `type`, `message`, `is_read`, `created_at`) VALUES
	(1, 2, 1, 'mindmap', 'mindmap-1765118310233', 'share', ' shared a mindmap with you', 1, '2025-12-07 13:50:26'),
	(2, 2, 1, 'mindmap', 'mindmap-1765118310233', 'share', ' shared a mindmap with you', 1, '2025-12-07 13:51:01'),
	(3, 2, 1, 'mindmap', 'mindmap-1765118310233', 'share', ' shared a mindmap with you', 1, '2025-12-07 13:53:36'),
	(4, 2, 1, 'mindmap', 'mindmap-1765118310233', 'share', ' shared a mindmap with you', 0, '2025-12-07 14:03:24');

-- Dumping data for table thvs_mindmap.projects: ~0 rows (approximately)

-- Dumping data for table thvs_mindmap.quick_notes: ~8 rows (approximately)
INSERT INTO `quick_notes` (`id`, `user_id`, `content`, `color`, `position_x`, `position_y`, `width`, `height`, `created_at`, `updated_at`) VALUES
	('note_1765033316129', 1, 'test', '#ffedd5', 0, 0, 200, 200, '2025-12-06 15:01:54', '2025-12-10 08:28:00'),
	('note_1765033724303', 1, 'test', '#ffedd5', 0, 0, 200, 200, '2025-12-06 15:08:43', '2025-12-10 08:28:12'),
	('note_1765033865543', 1, 'test', '#ffedd5', 0, 0, 200, 200, '2025-12-06 15:11:04', '2025-12-08 07:10:19'),
	('note_1765033893727', 1, 'test', '#ffedd5', 0, 0, 200, 200, '2025-12-06 15:11:32', '2025-12-08 07:10:19'),
	('note_1765034149807', 1, 'test', '#ffedd5', 0, 0, 200, 200, '2025-12-06 15:15:48', '2025-12-08 07:10:19'),
	('note_1765052502941', 1, '', '#ffedd5', 0, 0, 200, 200, '2025-12-06 20:21:42', '2025-12-08 07:10:19'),
	('note_1765177806837', 1, 'test2', '#fed7aa', 0, 0, 200, 200, '2025-12-08 07:10:06', '2025-12-09 09:05:55'),
	('note_1765218289055', 1, '', '#fed7aa', 0, 0, 200, 200, '2025-12-08 18:24:48', '2025-12-08 18:24:51');

-- Dumping data for table thvs_mindmap.quiz_questions: ~21 rows (approximately)
INSERT INTO `quiz_questions` (`id`, `quiz_id`, `question_text`, `image_url`, `image_reveal_mode`, `puzzle_grid_size`, `options`, `correct_answers`, `time_limit`, `points`, `question_order`, `created_at`, `question_type`, `pins`) VALUES
	('q-1765301278656', 'quiz-1765302081-6c1a5471', 'test', 'http://217.170.204.84:5173/THVS-Mindmap/public/quiz_images/user-1/img_69385e31b43967.84013377.jpg', 'none', 4, '["","","",""]', '[]', 20, 1000, 0, '2025-12-09 17:56:25', 'pin_answer', '[{"id":"pin-1765302903968","x":76.1,"y":56.5,"isCorrect":false}]'),
	('q-1765791617894', 'quiz-1765793909-ee166fce', 'Hvilken spill er populært i HeyTek?', NULL, 'none', 4, '["FC 26","Fortnite","Rocket League","Fall Guys"]', '[0,1]', 45, 1000, 0, '2025-12-15 10:18:29', 'multiple', '[]'),
	('q-1765792088103', 'quiz-1765793909-ee166fce', 'Kan man spise på HeyTek?', NULL, 'none', 4, '["True","False","",""]', '[1]', 45, 1000, 1, '2025-12-15 10:18:29', 'true_false', '[]'),
	('q-1765793102180', 'quiz-1765793909-ee166fce', 'Hvor mange timer har HeyTek spilt mest av på PS5?', NULL, 'none', 4, '["FC 26","Fifa 23","The Crew 2","WRC"]', '[1]', 45, 1500, 2, '2025-12-15 10:18:29', 'multiple', '[]'),
	('q-1768209773877', 'quiz-1768210947-09f0f12e', 'Hva står forkortelsen IKT for?', NULL, 'none', 4, '["Informasjon, kommunikasjon og teknologi","Internett, kunnskap og teknikk","Informasjonskontrollteknologi","Industriell kommunikasjons\\u00adteknologi"]', '[0]', 20, 1000, 0, '2026-01-12 12:36:40', 'multiple', '[]'),
	('q-1768209823190', 'quiz-1768210947-09f0f12e', 'Hva brukes et operativsystem til?', NULL, 'none', 4, '["Lage nettsider","Styre maskinvare og programvare","Lagring av filer p\\u00e5 internett","Kryptering av data"]', '[1]', 20, 1000, 1, '2026-01-12 12:36:40', 'multiple', '[]'),
	('q-1768209852455', 'quiz-1768210947-09f0f12e', 'Hvilken enhet brukes hovedsakelig til midlertidig lagring?', NULL, 'none', 4, '["Harddisk","SSD","RAM","USB-minne"]', '[2]', 20, 1000, 2, '2026-01-12 12:36:40', 'multiple', '[]'),
	('q-1768209881623', 'quiz-1768210947-09f0f12e', 'Hva er en nettleser?', NULL, 'none', 4, '["Et operativsystem","Et sikkerhetsprogram","Et program for \\u00e5 surfe p\\u00e5 internett","En database"]', '[1]', 20, 1000, 3, '2026-01-12 12:36:40', 'multiple', '[]'),
	('q-1768210116539', 'quiz-1768210947-09f0f12e', 'Hvilken av disse er et filformat for tekst?', NULL, 'none', 4, '["mp3","jpg","txt","exe"]', '[2]', 20, 1000, 4, '2026-01-12 12:36:40', 'multiple', '[]'),
	('q-1768210186664', 'quiz-1768210947-09f0f12e', 'Hva er IP-adresser brukt til?', NULL, 'none', 4, '["\\u00c5 lagre passord","\\u00c5 identifisere enheter i et nettverk","\\u00c5 kryptere filer","\\u00c5 m\\u00e5le internetthastighet"]', '[1]', 20, 1000, 5, '2026-01-12 12:36:40', 'multiple', '[]'),
	('q-1768210217940', 'quiz-1768210947-09f0f12e', 'Hva er forskjellen på maskinvare og programvare?', NULL, 'none', 4, '["Maskinvare er gratis","Programvare er fysisk","Maskinvare er fysisk, programvare er ikke","Ingen forskjell"]', '[2]', 20, 1000, 7, '2026-01-12 12:36:40', 'multiple', '[]'),
	('q-1768210256640', 'quiz-1768210947-09f0f12e', 'Hva er en brannmur (firewall)?', NULL, 'none', 4, '["Et antivirusprogram","Et nettverkssikkerhetssystem","En type server","En lagringsenhet"]', '[1]', 20, 1000, 6, '2026-01-12 12:36:40', 'multiple', '[]'),
	('q-1768210290195', 'quiz-1768210947-09f0f12e', 'Hva gjør en database?', NULL, 'none', 4, '["Kj\\u00f8rer programmer","Lagrer og organiserer data","Beskytter nettverk","Lager nettsider"]', '[1]', 20, 1000, 8, '2026-01-12 12:36:40', 'multiple', '[]'),
	('q-1768210338315', 'quiz-1768210947-09f0f12e', 'Hvilken av disse er et programmeringsspråk?', NULL, 'none', 4, '["HTML","HTTP","CPU","RAM"]', '[0]', 20, 1000, 9, '2026-01-12 12:36:40', 'multiple', '[]'),
	('q-1768210377871', 'quiz-1768210947-09f0f12e', 'Hva er hovedforskjellen på TCP og UDP?', NULL, 'none', 4, '["TCP er raskere enn UDP","UDP er sikrere enn TCP","TCP er p\\u00e5litelig, UDP er ikke-p\\u00e5litelig","Ingen forskjell"]', '[2]', 20, 1000, 10, '2026-01-12 12:36:40', 'multiple', '[]'),
	('q-1768210406078', 'quiz-1768210947-09f0f12e', 'Hva brukes DNS til?', NULL, 'none', 4, '["Kryptere nettsider","Oversette domenenavn til IP-adresser","Laste ned filer","Sikre passord"]', '[1]', 20, 1000, 11, '2026-01-12 12:36:40', 'multiple', '[]'),
	('q-1768210436498', 'quiz-1768210947-09f0f12e', 'Hva betyr begrepet «open source»?', NULL, 'none', 4, '["Programmet er gratis","Koden er tilgjengelig for alle","Programmet er ulovlig","Kun store selskaper kan bruke det"]', '[1]', 20, 1000, 12, '2026-01-12 12:36:40', 'multiple', '[]'),
	('q-1768210471830', 'quiz-1768210947-09f0f12e', 'Hva er formålet med kryptering?', NULL, 'none', 4, '["\\u00d8ke hastighet","Komprimere filer","Beskytte data mot uautorisert tilgang","Lage sikkerhetskopier"]', '[0]', 20, 1000, 13, '2026-01-12 12:36:40', 'multiple', '[]'),
	('q-1768210505787', 'quiz-1768210947-09f0f12e', 'Hva er en server?', NULL, 'none', 4, '["En privat PC","En maskin som tilbyr tjenester til klienter","Et operativsystem","Et programmeringsspr\\u00e5k"]', '[0]', 20, 1000, 14, '2026-01-12 12:36:40', 'multiple', '[]'),
	('q-1768210526843', 'quiz-1768210947-09f0f12e', 'Hva betyr begrepet «phishing»?', NULL, 'none', 4, '["Virus i e-post","Fors\\u00f8k p\\u00e5 \\u00e5 lure til seg sensitiv informasjon","Overbelastningsangrep","Kryptering av filer"]', '[1]', 20, 1000, 15, '2026-01-12 12:36:40', 'multiple', '[]'),
	('q-1768210576451', 'quiz-1768210947-09f0f12e', 'Hva er et API?', NULL, 'none', 4, '["Et virus","Et brukergrensesnitt for mennesker","Et grensesnitt for kommunikasjon mellom programmer","En database"]', '[2]', 20, 1000, 16, '2026-01-12 12:36:40', 'multiple', '[]'),
	('q-1768210598071', 'quiz-1768210947-09f0f12e', 'Hva er et etisk problem innen IKT?', NULL, 'none', 4, '["Langsom internettforbindelse","Datainnbrudd og personvern","Utdatert maskinvare","Lav skjermoppl\\u00f8sning"]', '[1]', 20, 1000, 17, '2026-01-12 12:36:40', 'multiple', '[]'),
	('q-1768210638789', 'quiz-1768210947-09f0f12e', 'Hva er en fordel med skybaserte tjenester?', NULL, 'none', 4, '["Ingen behov for internett","Ingen sikkerhetsrisiko","Lokal lagring","Tilgang fra flere enheter"]', '[3]', 20, 1000, 18, '2026-01-12 12:36:40', 'multiple', '[]'),
	('q-1768210675726', 'quiz-1768210947-09f0f12e', 'TCP garanterer både at datapakker kommer frem i riktig rekkefølge og at de kommer frem uten tap.', NULL, 'none', 4, '["True","False","",""]', '[0]', 20, 1000, 19, '2026-01-12 12:36:40', 'true_false', '[]'),
	('q-1768210738077', 'quiz-1768210947-09f0f12e', 'HTTPS betyr at hele nettsiden, inkludert IP-adresse og domenenavn, er fullstendig skjult for tredjeparter.', NULL, 'none', 4, '["True","False","",""]', '[1]', 20, 1000, 20, '2026-01-12 12:36:40', 'true_false', '[]'),
	('q-1768210744120', 'quiz-1768210947-09f0f12e', 'En hash-funksjon kan brukes til å rekonstruere originaldataen dersom man kjenner algoritmen.', NULL, 'none', 4, '["True","False","",""]', '[1]', 20, 1000, 21, '2026-01-12 12:36:40', 'true_false', '[]'),
	('q-1768210764967', 'quiz-1768210947-09f0f12e', 'Virtualisering gjør det mulig å kjøre flere operativsystemer på samme fysiske maskinvare samtidig.', NULL, 'none', 4, '["True","False","",""]', '[0]', 20, 1000, 22, '2026-01-12 12:36:40', 'true_false', '[]'),
	('q-1768210774356', 'quiz-1768210947-09f0f12e', 'En SQL-injeksjon utnytter svakheter i nettverkets brannmur.', NULL, 'none', 4, '["True","False","",""]', '[1]', 20, 1000, 23, '2026-01-12 12:36:40', 'true_false', '[]'),
	('q-1768210788462', 'quiz-1768210947-09f0f12e', 'RAM mister innholdet sitt når datamaskinen slås av, fordi det er flyktig (volatile) minne.', NULL, 'none', 4, '["True","False","",""]', '[0]', 20, 1000, 24, '2026-01-12 12:36:40', 'true_false', '[]'),
	('q-1768210798601', 'quiz-1768210947-09f0f12e', 'To-faktor-autentisering er alltid sikrere enn passord alene, uansett hvordan det er implementert.', NULL, 'none', 4, '["True","False","",""]', '[1]', 20, 1000, 25, '2026-01-12 12:36:40', 'true_false', '[]'),
	('q-1768210812050', 'quiz-1768210947-09f0f12e', 'Et DDoS-angrep har som hovedmål å stjele data fra en server.', NULL, 'none', 4, '["True","False","",""]', '[1]', 20, 1000, 26, '2026-01-12 12:36:40', 'true_false', '[]'),
	('q-1768210830776', 'quiz-1768210947-09f0f12e', 'IPv6 ble utviklet blant annet for å løse problemet med mangel på IP-adresser.', NULL, 'none', 4, '["True","False","",""]', '[0]', 20, 1000, 27, '2026-01-12 12:36:40', 'true_false', '[]'),
	('q-1768210838095', 'quiz-1768210947-09f0f12e', 'Open source-programvare kan ikke brukes kommersielt.', NULL, 'none', 4, '["True","False","",""]', '[1]', 20, 1000, 28, '2026-01-12 12:36:40', 'true_false', '[]'),
	('q-1768210925592', 'quiz-1768210947-09f0f12e', 'Hvis to brukere har samme hash av passordet sitt, betyr det at de har samme passord.', NULL, 'none', 4, '["True","False","",""]', '[0]', 20, 1000, 29, '2026-01-12 12:36:40', 'true_false', '[]'),
	('q-1768217417279', 'quiz-1768218520-4b899d28', 'Hva er det største dyret som noen gang har levd på jorda?', NULL, 'none', 4, '["Afrikansk elefant","Bl\\u00e5hval","Dinosaur (T-rex)","Hvalhai"]', '[1]', 20, 1000, 0, '2026-01-12 11:51:46', 'multiple', '[]'),
	('q-1768217461004', 'quiz-1768218520-4b899d28', 'Hva kalles prosessen der planter lager næring ved hjelp av sollys?', NULL, 'none', 4, '["Fordamping","Respirasjon","Fotosyntese","Nedbrytning"]', '[2]', 20, 1000, 1, '2026-01-12 11:51:46', 'multiple', '[]'),
	('q-1768217494806', 'quiz-1768218520-4b899d28', 'Hvilket dyr kan sove stående?', NULL, 'none', 4, '["Hest","Katt","Ku","Hund"]', '[0]', 20, 1000, 2, '2026-01-12 11:51:46', 'multiple', '[]'),
	('q-1768217527154', 'quiz-1768218520-4b899d28', 'Hva kjennetegner et pattedyr?', NULL, 'none', 4, '["Legger egg","Har skjell","Gir melk til ungene sine","Lever bare i vann"]', '[2]', 20, 1000, 3, '2026-01-12 11:51:46', 'multiple', '[]'),
	('q-1768217562726', 'quiz-1768218520-4b899d28', 'Hvilket dyr er raskest på land?', NULL, 'none', 4, '["L\\u00f8ve","Antilope","Gepard","Ulv"]', '[2]', 20, 1000, 4, '2026-01-12 11:51:46', 'multiple', '[]'),
	('q-1768217650460', 'quiz-1768218520-4b899d28', 'Hva er et rovdyr?', NULL, 'none', 4, '["Et dyr som spiser planter","Et dyr som lever i flokk","Et dyr som lever i vann","Et dyr som jakter og spiser andre dyr"]', '[3]', 20, 1000, 5, '2026-01-12 11:51:46', 'multiple', '[]'),
	('q-1768217697566', 'quiz-1768218520-4b899d28', 'Hvor mange bein har en edderkopp?', NULL, 'none', 4, '["6","8","10","12"]', '[1]', 20, 1000, 6, '2026-01-12 11:51:46', 'multiple', '[]'),
	('q-1768217716912', 'quiz-1768218520-4b899d28', 'Hva er et økosystem?', NULL, 'none', 4, '["Et klimaomr\\u00e5de","Et omr\\u00e5de der levende og ikke-levende faktorer virker sammen","En dyregruppe","Et plantesamfunn"]', '[0,1]', 20, 1000, 7, '2026-01-12 11:51:46', 'multiple', '[]'),
	('q-1768217756100', 'quiz-1768218520-4b899d28', 'Hvilket dyr er kjent for å endre farge for kamuflasje?', NULL, 'none', 4, '["Slange","Frosk","Kameleon","\\u00d8gle"]', '[2]', 20, 1000, 8, '2026-01-12 11:51:46', 'multiple', '[]'),
	('q-1768217784473', 'quiz-1768218520-4b899d28', 'Hvor lever isbjørner naturlig?', NULL, 'none', 4, '["Antarktis","Gr\\u00f8nland og Arktis","Sibir","Nord-Amerika"]', '[1]', 20, 1000, 9, '2026-01-12 11:51:46', 'multiple', '[]'),
	('q-1768217822040', 'quiz-1768218520-4b899d28', 'Hva heter hovedfiguren i Super Mario-spillene?', NULL, 'none', 4, '["Luigi","Yoshi","Mario","Bowser"]', '[2]', 20, 1000, 10, '2026-01-12 11:51:46', 'multiple', '[]'),
	('q-1768217849860', 'quiz-1768218520-4b899d28', 'Hvilken type spill er Minecraft?', NULL, 'none', 4, '["Sportsspill","Skytespill","Bygge- og overlevelsesspill","Rollespill"]', '[2]', 20, 1000, 11, '2026-01-12 11:51:46', 'multiple', '[]'),
	('q-1768217874990', 'quiz-1768218520-4b899d28', 'Hvilket selskap lager PlayStation?', NULL, 'none', 4, '["Nintendo","Microsoft","Sony","Sega"]', '[2]', 20, 1000, 12, '2026-01-12 11:51:46', 'multiple', '[]'),
	('q-1768217923838', 'quiz-1768218520-4b899d28', 'Hva betyr det at et spill er «online»?', NULL, 'none', 4, '["Man spiller via internett","Man spiller uten internett","Man spiller alene","Man spiller p\\u00e5 konsoll"]', '[0]', 20, 1000, 13, '2026-01-12 11:51:46', 'multiple', '[]'),
	('q-1768217994880', 'quiz-1768218520-4b899d28', 'Hva er en NPC i et spill?', NULL, 'none', 4, '["En ekte spiller","En sjef (boss)","En datastyrt figur","Et v\\u00e5pen"]', '[0,2]', 20, 1000, 14, '2026-01-12 11:51:46', 'multiple', '[]'),
	('q-1768218018211', 'quiz-1768218520-4b899d28', 'Hva er e-sport?', NULL, 'none', 4, '["Dataspill for trening","Konkurranser i dataspill","Sport p\\u00e5 nett","L\\u00e6ringsspill"]', '[1]', 20, 1000, 15, '2026-01-12 11:51:46', 'multiple', '[]'),
	('q-1768218044177', 'quiz-1768218520-4b899d28', 'Hva betyr «quest» i spill?', NULL, 'none', 4, '["Et kart","En oppgave","Et v\\u00e5pen","En karakter"]', '[1]', 20, 1000, 17, '2026-01-12 11:51:46', 'multiple', '[]'),
	('q-1768218057428', 'quiz-1768218520-4b899d28', 'Hvilket spill handler om å fange og trene digitale skapninger?', NULL, 'none', 4, '["Fortnite","FIFA","Digimon","Pok\\u00e9mon"]', '[3,2]', 20, 1000, 16, '2026-01-12 11:51:46', 'multiple', '[]'),
	('q-1768218137222', 'quiz-1768218520-4b899d28', 'Hva var vikingene mest kjent for?', NULL, 'none', 4, '["Jordbruk","Handel, oppdagelser og krigf\\u00f8ring","Filosofi og pyramider","krigf\\u00f8ring"]', '[1]', 20, 1000, 18, '2026-01-12 11:51:46', 'multiple', '[]'),
	('q-1768218191792', 'quiz-1768218520-4b899d28', 'Når startet andre verdenskrig?', NULL, 'none', 4, '["1914","1939","1941","1945"]', '[1]', 20, 1000, 19, '2026-01-12 11:51:46', 'multiple', '[]'),
	('q-1768218212372', 'quiz-1768218520-4b899d28', 'Hvem var konge i Norge under andre verdenskrig?', NULL, 'none', 4, '["Kong Harald V","Kong Olav V","Kong Haakon VII","Kong Karl Johan"]', '[2]', 20, 1000, 20, '2026-01-12 11:51:46', 'multiple', '[]'),
	('q-1768218258662', 'quiz-1768218520-4b899d28', 'Hva var middelalderen?', NULL, 'none', 4, '["Tiden etter 1900","Tiden mellom antikken og nyere tid","Steinalderen","Renessansen"]', '[1]', 20, 1000, 21, '2026-01-12 11:51:46', 'multiple', '[]'),
	('q-1768218287073', 'quiz-1768218520-4b899d28', 'Hva betyr demokrati?', NULL, 'none', 4, '["Styre av kongen","Styre av \\u00e9n leder","Styre av milit\\u00e6ret","Folkestyre"]', '[3]', 20, 1000, 22, '2026-01-12 11:51:46', 'multiple', '[]'),
	('q-1768218332235', 'quiz-1768218520-4b899d28', 'Hva er byttehandel?', NULL, 'none', 4, '["Handel med penger","Handel via bank","Utveksling av varer og tjenester","Utenrikshandel"]', '[2]', 20, 1000, 23, '2026-01-12 11:51:46', 'multiple', '[]'),
	('q-1768218365521', 'quiz-1768218520-4b899d28', 'Hva var den industrielle revolusjon?', NULL, 'none', 4, '["En krig","Overgangen til maskiner og fabrikker","En oppdagelsesreise","En politisk reform"]', '[1]', 20, 1000, 24, '2026-01-12 11:51:46', 'multiple', '[]'),
	('q-1768218395050', 'quiz-1768218520-4b899d28', 'Hvor oppstod de olympiske leker?', NULL, 'none', 4, '["Roma","Egypt","Hellas","Kina"]', '[2]', 20, 1000, 25, '2026-01-12 11:51:46', 'multiple', '[]'),
	('q-1768218427412', 'quiz-1768218520-4b899d28', 'Gullfisk har bare tre sekunders hukommelse?', NULL, 'none', 4, '["True","False","",""]', '[1]', 20, 1000, 26, '2026-01-12 11:51:46', 'true_false', '[]'),
	('q-1768218440695', 'quiz-1768218520-4b899d28', 'Mennesker deler over 98 % av DNA-et sitt med sjimpanser?', NULL, 'none', 4, '["True","False","",""]', '[0]', 20, 1000, 27, '2026-01-12 11:51:46', 'true_false', '[]'),
	('q-1768218461396', 'quiz-1768218520-4b899d28', 'Vikinghjelmer hadde horn?', NULL, 'none', 4, '["True","False","",""]', '[1]', 20, 1000, 28, '2026-01-12 11:51:46', 'true_false', '[]'),
	('q-1768218472217', 'quiz-1768218520-4b899d28', 'Det finnes flere trær på jorda enn stjerner i Melkeveien?', NULL, 'none', 4, '["True","False","",""]', '[0]', 20, 1000, 29, '2026-01-12 11:51:46', 'true_false', '[]'),
	('q-1768218497066', 'quiz-1768218520-4b899d28', 'Strutsen kan ikke stikke hodet i sanden', NULL, 'none', 4, '["True","False","",""]', '[0]', 20, 1000, 30, '2026-01-12 11:51:46', 'true_false', '[]'),
	('q-1768218505623', 'quiz-1768218520-4b899d28', 'Moderat gaming kan forbedre reaksjonsevne?', NULL, 'none', 4, '["True","False","",""]', '[0]', 20, 1000, 31, '2026-01-12 11:51:46', 'true_false', '[]');

-- Dumping data for table thvs_mindmap.quizzes: ~2 rows (approximately)
INSERT INTO `quizzes` (`id`, `title`, `subject`, `description`, `created_by`, `created_at`, `updated_at`, `times_played`, `average_score`, `is_public`, `allow_custom_names`) VALUES
	('quiz-1765302081-6c1a5471', 'test', 'Matematikk', 'test', NULL, '2025-12-09 17:41:21', '2025-12-09 18:09:26', 3, 0.00, 0, 0),
	('quiz-1765793909-ee166fce', 'HeyTek', 'Norwegian', '', NULL, '2025-12-15 10:18:29', '2025-12-15 10:18:29', 0, 0.00, 0, 1),
	('quiz-1768210947-09f0f12e', 'IT Quiz', '', '', NULL, '2026-01-12 09:42:27', '2026-01-12 12:30:34', 1, 7964.33, 0, 1),
	('quiz-1768218520-4b899d28', 'den store quiz-en', '', '', NULL, '2026-01-12 11:48:40', '2026-01-12 11:48:40', 0, 0.00, 0, 1);

-- Dumping data for table thvs_mindmap.resources: ~0 rows (approximately)

-- Dumping data for table thvs_mindmap.shared_items: ~0 rows (approximately)

-- Dumping data for table thvs_mindmap.sharing_links: ~0 rows (approximately)

-- Dumping data for table thvs_mindmap.user_data: ~14 rows (approximately)
INSERT INTO `user_data` (`id`, `user_id`, `data_type`, `data_key`, `data_value`, `created_at`, `updated_at`) VALUES
	(1567, 1, 'fileexplorer', 'default', '{"files":[{"id":"system-mindmaps","name":"\\ud83e\\udde0 Mindmaps","type":"folder","parentId":null,"createdAt":"2025-12-08T16:47:47.845Z","updatedAt":"2025-12-08T16:47:47.845Z","isSystemFolder":true,"moduleType":"mindmap","isLocked":true},{"id":"system-notes","name":"\\ud83d\\udcdd Notes","type":"folder","parentId":null,"createdAt":"2025-12-08T16:47:47.845Z","updatedAt":"2025-12-08T16:47:47.845Z","isSystemFolder":true,"moduleType":"note","isLocked":true},{"id":"system-documents","name":"\\ud83d\\udcc4 Documents","type":"folder","parentId":null,"createdAt":"2025-12-08T16:47:47.845Z","updatedAt":"2025-12-08T16:47:47.845Z","isSystemFolder":true,"moduleType":"document","isLocked":true},{"id":"system-writing","name":"\\u270d\\ufe0f Writing","type":"folder","parentId":null,"createdAt":"2025-12-08T16:47:47.845Z","updatedAt":"2025-12-08T16:47:47.845Z","isSystemFolder":true,"moduleType":"writing","isLocked":true},{"id":"system-calendar","name":"\\ud83d\\udcc5 Calendar","type":"folder","parentId":null,"createdAt":"2025-12-08T16:47:47.845Z","updatedAt":"2025-12-08T16:47:47.845Z","isSystemFolder":true,"moduleType":"calendar","isLocked":true},{"id":"system-flashcards","name":"\\ud83c\\udfb4 Flashcards","type":"folder","parentId":null,"createdAt":"2025-12-08T16:47:47.845Z","updatedAt":"2025-12-08T16:47:47.845Z","isSystemFolder":true,"moduleType":"flashcard","isLocked":true},{"id":"system-quizzes","name":"\\u2753 Quiz","type":"folder","parentId":null,"createdAt":"2025-12-08T16:47:47.845Z","updatedAt":"2025-12-08T16:47:47.845Z","isSystemFolder":true,"moduleType":"quiz","isLocked":true},{"id":"system-code","name":"\\ud83d\\udcbb Code","type":"folder","parentId":null,"createdAt":"2025-12-08T16:47:47.845Z","updatedAt":"2025-12-08T16:47:47.845Z","isSystemFolder":true,"moduleType":"code","isLocked":true},{"id":"system-whiteboard","name":"\\ud83c\\udfa8 Whiteboard","type":"folder","parentId":null,"createdAt":"2025-12-08T16:47:47.845Z","updatedAt":"2025-12-08T16:47:47.845Z","isSystemFolder":true,"moduleType":"whiteboard","isLocked":true},{"id":"file-1765213132279-yqp8hkgtd","name":"main.js","type":"file","parentId":"system-code","createdAt":"2025-12-08T16:58:52.279Z","updatedAt":"2026-01-19T10:37:04.145Z","moduleType":"code","moduleItemId":"1","description":"JavaScript fil","mimeType":"application\\/x-thvs-code"},{"id":"file-1765213354221-posc7sb5m","name":"jegerdeg","type":"file","parentId":"system-mindmaps","createdAt":"2025-12-08T17:02:34.221Z","updatedAt":"2026-01-19T10:53:18.890Z","moduleType":"mindmap","moduleItemId":"mindmap-1765132011453","metadata":{"nodeCount":5,"shared":false},"mimeType":"application\\/x-thvs-mindmap"},{"id":"file-1765215206122-9vaavzis3","name":"Untitled board","type":"file","parentId":"system-whiteboard","createdAt":"2025-12-08T17:33:26.122Z","updatedAt":"2025-12-08T17:35:03.277Z","moduleType":"whiteboard","moduleItemId":"whiteboard-1765214565697","description":"0 items","metadata":{"elementCount":0},"mimeType":"application\\/x-thvs-whiteboard"},{"id":"file-1765215303919-1nw1shefw","name":"Min Kalender","type":"file","parentId":"system-calendar","createdAt":"2025-12-08T17:35:03.919Z","updatedAt":"2025-12-11T11:40:10.450Z","moduleType":"calendar","moduleItemId":"calendar-main","description":"0 hendelser totalt, 0 denne m\\u00e5neden","mimeType":"application\\/x-thvs-calendar"},{"id":"file-1765216810743-9l2pzzpgg","name":"Untitled board","type":"file","parentId":"system-whiteboard","createdAt":"2025-12-08T18:00:10.742Z","updatedAt":"2025-12-08T18:00:10.807Z","moduleType":"whiteboard","moduleItemId":"whiteboard-1765216243226","description":"0 items","metadata":{"elementCount":0},"mimeType":"application\\/x-thvs-whiteboard"},{"id":"file-1765225683302-50ozsspz9","name":"Uten navn","type":"file","parentId":"system-mindmaps","createdAt":"2025-12-08T20:28:03.301Z","updatedAt":"2026-01-19T10:53:18.890Z","moduleType":"mindmap","moduleItemId":"mindmap-1765225679419","metadata":{"nodeCount":0,"shared":false},"mimeType":"application\\/x-thvs-mindmap"},{"id":"file-1765226746071-x889moijy","name":"Untitled Note","type":"file","parentId":"system-notes","createdAt":"2025-12-08T20:45:46.071Z","updatedAt":"2025-12-15T06:54:10.132Z","moduleType":"note","moduleItemId":"note_1765218289055","description":"","metadata":{"wordCount":0},"mimeType":"application\\/x-thvs-note"},{"id":"file-1765268024606-ed3mhyaut","name":"Uten navn","type":"file","parentId":"system-mindmaps","createdAt":"2025-12-09T08:13:44.605Z","updatedAt":"2026-01-19T10:53:18.891Z","moduleType":"mindmap","moduleItemId":"mindmap-1765268023878","metadata":{"nodeCount":0,"shared":false},"mimeType":"application\\/x-thvs-mindmap"},{"id":"file-1765268026512-y174p9w43","name":"Uten tittel","type":"file","parentId":"system-whiteboard","createdAt":"2025-12-09T08:13:46.512Z","updatedAt":"2025-12-09T08:13:46.552Z","moduleType":"whiteboard","moduleItemId":"whiteboard-1765268023879","description":"0 elementer","metadata":{"elementCount":0},"mimeType":"application\\/x-thvs-whiteboard"},{"id":"file-1765271274694-wtoqoowv4","name":"Untitled board","type":"file","parentId":"system-whiteboard","createdAt":"2025-12-09T09:07:54.694Z","updatedAt":"2025-12-09T09:07:54.746Z","moduleType":"whiteboard","moduleItemId":"whiteboard-1765270940715","description":"0 items","metadata":{"elementCount":0},"mimeType":"application\\/x-thvs-whiteboard"},{"id":"file-1765302081596-del6us5p9","name":"test","type":"file","parentId":"system-quizzes","createdAt":"2025-12-09T17:41:21.596Z","updatedAt":"2026-01-12T12:36:40.087Z","moduleType":"quiz","moduleItemId":"quiz-1765302081-6c1a5471","description":"test","mimeType":"application\\/x-thvs-quiz","metadata":{"quizCount":1,"quizMinutes":0,"quizSubject":"Matematikk"}},{"id":"file-1765355275472-plk7cpvwb","name":"Notat 9.12.2025","type":"file","parentId":"system-notes","createdAt":"2025-12-10T08:27:55.472Z","updatedAt":"2025-12-15T06:54:10.131Z","moduleType":"note","moduleItemId":"note_1765177806837","description":"test2","metadata":{"wordCount":1},"mimeType":"application\\/x-thvs-note"},{"id":"file-1765355291147-v3phvbrx7","name":"Notat 10.12.2025","type":"file","parentId":"system-notes","createdAt":"2025-12-10T08:28:11.147Z","updatedAt":"2025-12-15T06:54:10.131Z","moduleType":"note","moduleItemId":"note_1765033316129","description":"test","metadata":{"wordCount":1},"mimeType":"application\\/x-thvs-note"},{"id":"file-1765355326182-1cv0bhydp","name":"Uten tittel","type":"file","parentId":"system-whiteboard","createdAt":"2025-12-10T08:28:46.182Z","updatedAt":"2025-12-10T08:28:46.218Z","moduleType":"whiteboard","moduleItemId":"whiteboard-1765354904003","description":"0 elementer","metadata":{"elementCount":0},"mimeType":"application\\/x-thvs-whiteboard"},{"id":"file-1765355344288-24cq3ivou","name":"Uten tittel","type":"file","parentId":"system-whiteboard","createdAt":"2025-12-10T08:29:04.288Z","updatedAt":"2025-12-10T08:29:04.359Z","moduleType":"whiteboard","moduleItemId":"whiteboard-1765355343507","description":"0 elementer","metadata":{"elementCount":0},"mimeType":"application\\/x-thvs-whiteboard"},{"id":"file-1765369964485-kqbou3kgi","name":"Untitled board","type":"file","parentId":"system-whiteboard","createdAt":"2025-12-10T12:32:44.484Z","updatedAt":"2025-12-10T12:32:44.549Z","moduleType":"whiteboard","moduleItemId":"whiteboard-1765368593537","description":"0 items","metadata":{"elementCount":0},"mimeType":"application\\/x-thvs-whiteboard"},{"id":"file-1765453192937-7sy6fitc9","name":"Uten tittel","type":"file","parentId":"system-whiteboard","createdAt":"2025-12-11T11:39:52.937Z","updatedAt":"2025-12-11T11:39:52.993Z","moduleType":"whiteboard","moduleItemId":"whiteboard-1765453039169","description":"0 elementer","metadata":{"elementCount":0},"mimeType":"application\\/x-thvs-whiteboard"},{"id":"file-1765453227042-cla7364jo","name":"Notat 10.12.2025","type":"file","parentId":"system-notes","createdAt":"2025-12-11T11:40:27.042Z","updatedAt":"2025-12-15T06:54:10.132Z","moduleType":"note","moduleItemId":"note_1765033724303","description":"test","metadata":{"wordCount":1},"mimeType":"application\\/x-thvs-note"},{"id":"file-1765781592915-zr4k8ofmv","name":"Untitled board","type":"file","parentId":"system-whiteboard","createdAt":"2025-12-15T06:53:12.915Z","updatedAt":"2025-12-15T06:53:12.965Z","moduleType":"whiteboard","moduleItemId":"whiteboard-1765781487152","description":"0 items","metadata":{"elementCount":0},"mimeType":"application\\/x-thvs-whiteboard"},{"id":"file-1767062595598-9sb555109","name":"HeyTek","type":"file","parentId":"system-quizzes","createdAt":"2025-12-30T02:43:15.598Z","updatedAt":"2026-01-12T12:36:40.088Z","moduleType":"quiz","moduleItemId":"quiz-1765793909-ee166fce","metadata":{"quizCount":3,"quizMinutes":2,"quizSubject":"Norwegian"},"mimeType":"application\\/x-thvs-quiz"},{"id":"file-1768210946458-slmpkgou7","name":"IT Quiz","type":"file","parentId":"system-quizzes","createdAt":"2026-01-12T09:42:26.458Z","updatedAt":"2026-01-12T12:36:40.088Z","moduleType":"quiz","moduleItemId":"quiz-1768210947-09f0f12e","metadata":{"quizCount":30,"quizMinutes":10},"mimeType":"application\\/x-thvs-quiz"},{"id":"file-1768218520241-dbw08zmqw","name":"den store quiz-en","type":"file","parentId":"system-quizzes","createdAt":"2026-01-12T11:48:40.241Z","updatedAt":"2026-01-12T12:36:40.088Z","moduleType":"quiz","moduleItemId":"quiz-1768218520-4b899d28","metadata":{"quizCount":32,"quizMinutes":11},"mimeType":"application\\/x-thvs-quiz"}],"sortBy":"name","sortOrder":"asc","viewMode":"grid","deletedModuleIds":["mindmap-1765212479489"]}', '2025-12-06 15:29:08', '2026-01-19 10:53:20'),
	(1570, 1, 'notes', 'default', '{"notes":[{"id":"note_1765033316129","title":"Notat 10.12.2025","content":"test","createdAt":"2025-12-10T08:27:56.922Z","updatedAt":"2025-12-10T08:28:00.694Z","color":"#ffedd5","position":{"x":100,"y":100},"width":250,"height":200,"groupId":null},{"id":"note_1765177806837","title":"Notat 9.12.2025","content":"test2","createdAt":"2025-12-09T09:05:55.370Z","updatedAt":"2025-12-09T09:05:55.370Z","color":"#fed7aa","position":{"x":100,"y":100},"width":250,"height":200,"groupId":null},{"id":"note_1765218289055","title":"Untitled Note","content":"","createdAt":"2025-12-08T18:24:49.056Z","updatedAt":"2025-12-08T18:24:51.935Z","color":"#fed7aa","position":{"x":100,"y":100},"width":250,"height":200,"groupId":null},{"id":"note_1765033724303","title":"Notat 10.12.2025","content":"test","createdAt":"2025-12-10T08:28:12.409Z","updatedAt":"2025-12-10T08:28:12.409Z","color":"#ffedd5","position":{"x":100,"y":100},"width":250,"height":200,"groupId":null}],"groups":[],"viewport":{"x":0,"y":0,"zoom":1}}', '2025-12-06 16:37:19', '2025-12-10 08:28:12'),
	(1824, 1, 'whiteboard', 'whiteboard-1765055286450', '{"nodes":[{"id":"shape-1765055755429","type":"shapeNode","position":{"x":200.5,"y":117.40625},"data":{"type":"rectangle","color":"#000000","strokeWidth":2,"width":261,"height":182},"draggable":true,"selectable":true,"measured":{"width":261,"height":198},"selected":true,"dragging":false}],"edges":[],"selectedColor":"#000000","strokeWidth":2,"name":"","description":""}', '2025-12-06 21:15:58', '2025-12-06 21:15:58'),
	(1831, 1, 'editor', 'default', '{"content":{"type":"doc","content":[{"type":"paragraph","attrs":{"textAlign":null},"content":[{"type":"text","text":"eeffee"}]}]},"nodeReferences":[],"pageOrientation":"portrait","pageColor":""}', '2025-12-06 22:59:01', '2025-12-11 11:39:51'),
	(1898, 1, 'editor', 'editor-1765117290583', '{"content":{"type":"doc","content":[{"type":"paragraph","attrs":{"textAlign":null},"content":[{"type":"text","marks":[{"type":"textStyle","attrs":{"color":"#000000","fontFamily":null}}],"text":"Test"}]}]},"nodeReferences":[],"pageOrientation":"portrait","pageColor":""}', '2025-12-07 13:21:28', '2025-12-07 13:26:24'),
	(1947, 2, 'fileexplorer', 'default', '{"files":[{"id":"system-mindmaps","name":"\\ud83e\\udde0 Mindmaps","type":"folder","parentId":null,"createdAt":"2025-12-07T14:51:28.980Z","updatedAt":"2025-12-07T14:51:28.980Z","isSystemFolder":true,"moduleType":"mindmap","isLocked":true},{"id":"system-notes","name":"\\ud83d\\udcdd Notes","type":"folder","parentId":null,"createdAt":"2025-12-07T14:51:28.980Z","updatedAt":"2025-12-07T14:51:28.980Z","isSystemFolder":true,"moduleType":"note","isLocked":true},{"id":"system-documents","name":"\\ud83d\\udcc4 Documents","type":"folder","parentId":null,"createdAt":"2025-12-07T14:51:28.980Z","updatedAt":"2025-12-07T14:51:28.980Z","isSystemFolder":true,"moduleType":"document","isLocked":true},{"id":"system-writing","name":"\\u270d\\ufe0f Writing","type":"folder","parentId":null,"createdAt":"2025-12-07T14:51:28.980Z","updatedAt":"2025-12-07T14:51:28.980Z","isSystemFolder":true,"moduleType":"writing","isLocked":true},{"id":"system-calendar","name":"\\ud83d\\udcc5 Calendar","type":"folder","parentId":null,"createdAt":"2025-12-07T14:51:28.980Z","updatedAt":"2025-12-07T14:51:28.980Z","isSystemFolder":true,"moduleType":"calendar","isLocked":true},{"id":"system-flashcards","name":"\\ud83c\\udfb4 Flashcards","type":"folder","parentId":null,"createdAt":"2025-12-07T14:51:28.980Z","updatedAt":"2025-12-07T14:51:28.980Z","isSystemFolder":true,"moduleType":"flashcard","isLocked":true},{"id":"system-quizzes","name":"\\u2753 Quiz","type":"folder","parentId":null,"createdAt":"2025-12-07T14:51:28.980Z","updatedAt":"2025-12-07T14:51:28.980Z","isSystemFolder":true,"moduleType":"quiz","isLocked":true},{"id":"system-code","name":"\\ud83d\\udcbb Code","type":"folder","parentId":null,"createdAt":"2025-12-07T14:51:28.980Z","updatedAt":"2025-12-07T14:51:28.980Z","isSystemFolder":true,"moduleType":"code","isLocked":true},{"id":"system-whiteboard","name":"\\ud83c\\udfa8 Whiteboard","type":"folder","parentId":null,"createdAt":"2025-12-07T14:51:28.980Z","updatedAt":"2025-12-07T14:51:28.980Z","isSystemFolder":true,"moduleType":"whiteboard","isLocked":true},{"id":"file-1765119180911-ayldb0iyt","name":"Min Kalender","type":"file","parentId":"system-calendar","createdAt":"2025-12-07T14:53:00.911Z","updatedAt":"2025-12-07T14:53:00.911Z","moduleType":"calendar","moduleItemId":"calendar-main","description":"0 hendelser totalt, 0 denne m\\u00e5neden","mimeType":"application\\/x-thvs-calendar"},{"id":"file-1765119901059-yjljlo8oi","name":"testing","type":"file","parentId":"system-mindmaps","createdAt":"2025-12-07T15:05:01.059Z","updatedAt":"2025-12-07T15:05:01.059Z","moduleType":"mindmap","moduleItemId":"mindmap-1765119892923","description":"0 noder","metadata":{"nodeCount":0},"mimeType":"application\\/x-thvs-mindmap"}],"sortBy":"name","sortOrder":"asc","viewMode":"grid","deletedModuleIds":["0","mindmap-1765119822044"]}', '2025-12-07 13:51:28', '2025-12-07 14:07:24'),
	(2076, 1, 'mindmap', 'mindmap-1765132011453', '{"nodes":[{"id":"group-1765137939186","type":"groupNode","position":{"x":240,"y":165},"data":{"label":"test","color":"#10b981","isGroup":true},"draggable":true,"selectable":true,"style":{"width":425,"height":311},"measured":{"width":485,"height":326},"selected":false,"dragging":false,"width":485,"height":326,"resizing":false},{"id":"root","type":"mindmapNode","position":{"x":120,"y":150},"data":{"label":"test","color":"#6366f1","parentGroup":"group-1765137939186","zIndex":187},"measured":{"width":140,"height":26},"selected":true,"dragging":false,"parentId":"group-1765137939186","extent":"parent","expandParent":true},{"id":"node-1765132012297","type":"mindmapNode","position":{"x":279,"y":9},"data":{"label":"test","color":"#60a5fa","parentGroup":"group-1765137939186","zIndex":188},"measured":{"width":140,"height":26},"selected":false,"dragging":false,"parentId":"group-1765137939186","extent":"parent","expandParent":true},{"id":"node-1765137817394","type":"mindmapNode","position":{"x":315,"y":120},"data":{"label":"test","color":"#34d399","parentGroup":"group-1765137939186","zIndex":189},"measured":{"width":140,"height":26},"selected":false,"dragging":false,"parentId":"group-1765137939186","extent":"parent","expandParent":true},{"id":"node-1765139584762","type":"mindmapNode","position":{"x":315,"y":270},"data":{"label":"New Node","color":"#10b981","parentGroup":"group-1765137939186"},"measured":{"width":140,"height":26},"selected":false,"dragging":false,"parentId":"group-1765137939186","extent":"parent","expandParent":true}],"edges":[{"source":"node-1765132012297","target":"root","type":"smoothstep","animated":true,"id":"xy-edge__node-1765132012297-root"},{"source":"node-1765137817394","target":"root","type":"smoothstep","animated":true,"id":"xy-edge__node-1765137817394-root"},{"source":"node-1765139584762","target":"root","targetHandle":"left","type":"smoothstep","animated":true,"id":"xy-edge__node-1765139584762-rootleft"}],"name":"jegerdeg","description":""}', '2025-12-07 17:26:52', '2025-12-15 07:01:34'),
	(2345, 1, 'quick_notes_node', 'note_1765033316129', '{"nodeId":"node-1765355266481"}', '2025-12-08 07:09:41', '2025-12-10 08:28:00'),
	(2350, 1, 'quick_notes_node', 'note_1765177806837', '{"nodeId":"node-1765271105213"}', '2025-12-08 07:10:13', '2025-12-09 09:05:55'),
	(2367, 1, 'whiteboard', 'whiteboard-1765177854872', '{"nodes":[],"edges":[],"selectedColor":"#000000","strokeWidth":2,"name":"test","description":""}', '2025-12-08 07:36:12', '2025-12-08 07:36:23'),
	(2409, 1, 'calendar', 'default', '{"events":[],"categories":[{"id":"work","name":"Work","color":"#3b82f6"},{"id":"personal","name":"Personal","color":"#22c55e"},{"id":"school","name":"School","color":"#f97316"},{"id":"meeting","name":"Meeting","color":"#8b5cf6"}]}', '2025-12-08 17:38:17', '2025-12-08 17:38:21'),
	(2520, 1, 'mindmap', 'mindmap-1765225679419', '{"nodes":[],"edges":[],"name":"","description":""}', '2025-12-08 20:28:04', '2025-12-08 20:28:04'),
	(2550, 1, 'mindmap', 'mindmap-1765268023878', '{"nodes":[],"edges":[],"name":"","description":""}', '2025-12-09 08:13:45', '2025-12-09 08:13:45'),
	(2695, 1, 'quick_notes_node', 'note_1765033724303', '{"nodeId":"node-1765355266481"}', '2025-12-10 08:28:12', '2025-12-10 08:28:12'),
	(2759, 4, 'fileexplorer', 'default', '{"files":[{"id":"system-mindmaps","name":"\\ud83e\\udde0 Mindmaps","type":"folder","parentId":null,"createdAt":"2025-12-15T09:13:23.226Z","updatedAt":"2025-12-15T09:13:23.226Z","isSystemFolder":true,"moduleType":"mindmap","isLocked":true},{"id":"system-notes","name":"\\ud83d\\udcdd Notes","type":"folder","parentId":null,"createdAt":"2025-12-15T09:13:23.226Z","updatedAt":"2025-12-15T09:13:23.226Z","isSystemFolder":true,"moduleType":"note","isLocked":true},{"id":"system-documents","name":"\\ud83d\\udcc4 Documents","type":"folder","parentId":null,"createdAt":"2025-12-15T09:13:23.226Z","updatedAt":"2025-12-15T09:13:23.226Z","isSystemFolder":true,"moduleType":"document","isLocked":true},{"id":"system-writing","name":"\\u270d\\ufe0f Writing","type":"folder","parentId":null,"createdAt":"2025-12-15T09:13:23.226Z","updatedAt":"2025-12-15T09:13:23.226Z","isSystemFolder":true,"moduleType":"writing","isLocked":true},{"id":"system-calendar","name":"\\ud83d\\udcc5 Calendar","type":"folder","parentId":null,"createdAt":"2025-12-15T09:13:23.226Z","updatedAt":"2025-12-15T09:13:23.226Z","isSystemFolder":true,"moduleType":"calendar","isLocked":true},{"id":"system-flashcards","name":"\\ud83c\\udfb4 Flashcards","type":"folder","parentId":null,"createdAt":"2025-12-15T09:13:23.226Z","updatedAt":"2025-12-15T09:13:23.226Z","isSystemFolder":true,"moduleType":"flashcard","isLocked":true},{"id":"system-quizzes","name":"\\u2753 Quiz","type":"folder","parentId":null,"createdAt":"2025-12-15T09:13:23.226Z","updatedAt":"2025-12-15T09:13:23.226Z","isSystemFolder":true,"moduleType":"quiz","isLocked":true},{"id":"system-code","name":"\\ud83d\\udcbb Code","type":"folder","parentId":null,"createdAt":"2025-12-15T09:13:23.226Z","updatedAt":"2025-12-15T09:13:23.226Z","isSystemFolder":true,"moduleType":"code","isLocked":true},{"id":"system-whiteboard","name":"\\ud83c\\udfa8 Whiteboard","type":"folder","parentId":null,"createdAt":"2025-12-15T09:13:23.226Z","updatedAt":"2025-12-15T09:13:23.226Z","isSystemFolder":true,"moduleType":"whiteboard","isLocked":true},{"id":"file-1765790035877-uqpvhfqw6","name":"Uten tittel","type":"file","parentId":"system-whiteboard","createdAt":"2025-12-15T09:13:55.877Z","updatedAt":"2025-12-15T09:13:55.903Z","moduleType":"whiteboard","moduleItemId":"whiteboard-1765789977534","description":"0 elementer","metadata":{"elementCount":0},"mimeType":"application\\/x-thvs-whiteboard"},{"id":"file-1765790036160-wzh1zby59","name":"Min Kalender","type":"file","parentId":"system-calendar","createdAt":"2025-12-15T09:13:56.160Z","updatedAt":"2025-12-15T09:13:56.168Z","moduleType":"calendar","moduleItemId":"calendar-main","description":"0 hendelser totalt, 0 denne m\\u00e5neden","mimeType":"application\\/x-thvs-calendar"},{"id":"file-1765790567573-3kaf6vw7l","name":"test quiz","type":"file","parentId":"system-quizzes","createdAt":"2025-12-15T09:22:47.573Z","updatedAt":"2025-12-15T09:22:47.589Z","moduleType":"quiz","moduleItemId":"quiz-1764872198-bf754414","metadata":{"quizCount":20,"quizMinutes":9,"quizSubject":"Norsk"},"mimeType":"application\\/x-thvs-quiz"},{"id":"file-1765790567573-4oyoo2wzu","name":"test","type":"file","parentId":"system-quizzes","createdAt":"2025-12-15T09:22:47.573Z","updatedAt":"2025-12-15T09:22:47.589Z","moduleType":"quiz","moduleItemId":"quiz-1765302081-6c1a5471","description":"test","metadata":{"quizCount":1,"quizMinutes":0,"quizSubject":"Matematikk"},"mimeType":"application\\/x-thvs-quiz"}],"sortBy":"name","sortOrder":"asc","viewMode":"grid","deletedModuleIds":[]}', '2025-12-15 09:13:24', '2025-12-15 09:22:48'),
	(2761, 5, 'fileexplorer', 'default', '{"files":[{"id":"system-mindmaps","name":"\\ud83e\\udde0 Mindmaps","type":"folder","parentId":null,"createdAt":"2025-12-15T09:20:15.253Z","updatedAt":"2025-12-15T09:20:15.253Z","isSystemFolder":true,"moduleType":"mindmap","isLocked":true},{"id":"system-notes","name":"\\ud83d\\udcdd Notes","type":"folder","parentId":null,"createdAt":"2025-12-15T09:20:15.253Z","updatedAt":"2025-12-15T09:20:15.253Z","isSystemFolder":true,"moduleType":"note","isLocked":true},{"id":"system-documents","name":"\\ud83d\\udcc4 Documents","type":"folder","parentId":null,"createdAt":"2025-12-15T09:20:15.253Z","updatedAt":"2025-12-15T09:20:15.253Z","isSystemFolder":true,"moduleType":"document","isLocked":true},{"id":"system-writing","name":"\\u270d\\ufe0f Writing","type":"folder","parentId":null,"createdAt":"2025-12-15T09:20:15.253Z","updatedAt":"2025-12-15T09:20:15.253Z","isSystemFolder":true,"moduleType":"writing","isLocked":true},{"id":"system-calendar","name":"\\ud83d\\udcc5 Calendar","type":"folder","parentId":null,"createdAt":"2025-12-15T09:20:15.253Z","updatedAt":"2025-12-15T09:20:15.253Z","isSystemFolder":true,"moduleType":"calendar","isLocked":true},{"id":"system-flashcards","name":"\\ud83c\\udfb4 Flashcards","type":"folder","parentId":null,"createdAt":"2025-12-15T09:20:15.253Z","updatedAt":"2025-12-15T09:20:15.253Z","isSystemFolder":true,"moduleType":"flashcard","isLocked":true},{"id":"system-quizzes","name":"\\u2753 Quiz","type":"folder","parentId":null,"createdAt":"2025-12-15T09:20:15.253Z","updatedAt":"2025-12-15T09:20:15.253Z","isSystemFolder":true,"moduleType":"quiz","isLocked":true},{"id":"system-code","name":"\\ud83d\\udcbb Code","type":"folder","parentId":null,"createdAt":"2025-12-15T09:20:15.253Z","updatedAt":"2025-12-15T09:20:15.253Z","isSystemFolder":true,"moduleType":"code","isLocked":true},{"id":"system-whiteboard","name":"\\ud83c\\udfa8 Whiteboard","type":"folder","parentId":null,"createdAt":"2025-12-15T09:20:15.253Z","updatedAt":"2025-12-15T09:20:15.253Z","isSystemFolder":true,"moduleType":"whiteboard","isLocked":true},{"id":"file-1765790532647-l6yxkz4d7","name":"test quiz","type":"file","parentId":"system-quizzes","createdAt":"2025-12-15T09:22:12.646Z","updatedAt":"2025-12-15T10:18:30.079Z","moduleType":"quiz","moduleItemId":"quiz-1764872198-bf754414","metadata":{"quizCount":20,"quizMinutes":9,"quizSubject":"Norsk"},"mimeType":"application\\/x-thvs-quiz"},{"id":"file-1765790532647-n8vk9g0in","name":"test","type":"file","parentId":"system-quizzes","createdAt":"2025-12-15T09:22:12.647Z","updatedAt":"2025-12-15T10:18:30.079Z","moduleType":"quiz","moduleItemId":"quiz-1765302081-6c1a5471","description":"test","metadata":{"quizCount":1,"quizMinutes":0,"quizSubject":"Matematikk"},"mimeType":"application\\/x-thvs-quiz"},{"id":"file-1765790548818-npxebxysj","name":"main.js","type":"file","parentId":"system-code","createdAt":"2025-12-15T09:22:28.818Z","updatedAt":"2025-12-15T09:22:28.835Z","moduleType":"code","moduleItemId":"1","description":"JavaScript fil","mimeType":"application\\/x-thvs-code"},{"id":"file-1765790865112-0xgutzgnr","name":"Untitled board","type":"file","parentId":"system-whiteboard","createdAt":"2025-12-15T09:27:45.112Z","updatedAt":"2025-12-15T09:27:45.131Z","moduleType":"whiteboard","moduleItemId":"whiteboard-1765790439543","description":"0 items","metadata":{"elementCount":0},"mimeType":"application\\/x-thvs-whiteboard"},{"id":"file-1765790868101-x3ucl8k5t","name":"Min Kalender","type":"file","parentId":"system-calendar","createdAt":"2025-12-15T09:27:48.101Z","updatedAt":"2025-12-15T09:27:48.118Z","moduleType":"calendar","moduleItemId":"calendar-main","description":"0 hendelser totalt, 0 denne m\\u00e5neden","mimeType":"application\\/x-thvs-calendar"},{"id":"file-1765793910079-4b8jwl9s2","name":"HeyTek","type":"file","parentId":"system-quizzes","createdAt":"2025-12-15T10:18:30.079Z","updatedAt":"2025-12-15T10:18:30.079Z","moduleType":"quiz","moduleItemId":"quiz-1765793909-ee166fce","metadata":{"quizCount":3,"quizMinutes":2,"quizSubject":"Norwegian"},"mimeType":"application\\/x-thvs-quiz"}],"sortBy":"name","sortOrder":"asc","viewMode":"grid","deletedModuleIds":[]}', '2025-12-15 09:20:16', '2025-12-15 10:18:31');

-- Dumping data for table thvs_mindmap.writing_documents: ~0 rows (approximately)

-- Dumping data for table vorpcore_0cfb9f.bank_users: ~4 rows (approximately)
INSERT INTO `bank_users` (`id`, `name`, `identifier`, `charidentifier`, `money`, `gold`, `items`, `invspace`, `invweight`) VALUES
	(3, 'Valentine', 'steam:110000100aba649', 7, 0.00, 0.00, '[]', 10, NULL),
	(4, 'Valentine', 'steam:1100001019ec551', 9, 0.00, 0.00, '[]', 10, NULL),
	(5, 'Valentine', 'steam:1100001019ec551', 12, 0.00, 0.00, '[]', 10, NULL),
	(6, 'Blackwater', 'steam:1100001019ec551', 12, 0.00, 0.00, '[]', 10, NULL);

-- Dumping data for table vorpcore_0cfb9f.brevdue_addresses: ~0 rows (approximately)
INSERT INTO `brevdue_addresses` (`id`, `owner_charid`, `target_charid`, `name`, `created_at`) VALUES
	(10, '12', '7', 'hans fredriksen', '2025-12-14 20:32:51'),
	(12, '12', '6', 'Rip Jonsen', '2026-01-13 19:17:08');

-- Dumping data for table vorpcore_0cfb9f.brevdue_entries: ~50 rows (approximately)
INSERT INTO `brevdue_entries` (`id`, `entry_type`, `owner_charid`, `target_charid`, `sender_charid`, `sender_identifier`, `receiver_identifier`, `sender_name`, `receiver_name`, `message`, `name`, `stamps`, `sent_at`, `deliver_at`, `delivered`, `read_flag`, `created_at`) VALUES
	(68, 'message', NULL, 3, 5, 'steam:110000100aba649', 'steam:1100001019ec551', 'Leif Juster', 'Frida testesen', 'hehehehe', NULL, NULL, '2025-11-20 12:09:17', '2025-11-20 12:10:50', 1, 1, '2025-11-20 12:09:17'),
	(92, '', 3, NULL, NULL, NULL, NULL, NULL, NULL, '1766248651', NULL, NULL, '2025-11-20 16:37:32', NULL, 0, 0, '2025-11-20 16:37:32'),
	(93, '', 3, NULL, NULL, NULL, NULL, NULL, NULL, '1766248651', NULL, NULL, '2025-11-20 16:37:32', NULL, 0, 0, '2025-11-20 16:37:32'),
	(94, '', 3, NULL, NULL, NULL, NULL, NULL, NULL, '1766248651', NULL, NULL, '2025-11-20 16:37:32', NULL, 0, 0, '2025-11-20 16:37:32'),
	(95, '', 3, NULL, NULL, NULL, NULL, NULL, NULL, '1766248651', NULL, NULL, '2025-11-20 16:37:32', NULL, 0, 0, '2025-11-20 16:37:32'),
	(96, '', 3, NULL, NULL, NULL, NULL, NULL, NULL, '1766248651', NULL, NULL, '2025-11-20 16:37:32', NULL, 0, 0, '2025-11-20 16:37:32'),
	(97, '', 3, NULL, NULL, NULL, NULL, NULL, NULL, '1766248651', NULL, NULL, '2025-11-20 16:37:32', NULL, 0, 0, '2025-11-20 16:37:32'),
	(98, '', 3, NULL, NULL, NULL, NULL, NULL, NULL, '1766248651', NULL, NULL, '2025-11-20 16:37:32', NULL, 0, 0, '2025-11-20 16:37:32'),
	(99, '', 3, NULL, NULL, NULL, NULL, NULL, NULL, '1766248651', NULL, NULL, '2025-11-20 16:37:32', NULL, 0, 0, '2025-11-20 16:37:32'),
	(100, '', 3, NULL, NULL, NULL, NULL, NULL, NULL, '1766248651', NULL, NULL, '2025-11-20 16:37:32', NULL, 0, 0, '2025-11-20 16:37:32'),
	(101, '', 3, NULL, NULL, NULL, NULL, NULL, NULL, '1766248651', NULL, NULL, '2025-11-20 16:37:32', NULL, 0, 0, '2025-11-20 16:37:32'),
	(102, '', 3, NULL, NULL, NULL, NULL, NULL, NULL, '1766248684', NULL, NULL, '2025-11-20 16:38:04', NULL, 0, 0, '2025-11-20 16:38:04'),
	(103, '', 3, NULL, NULL, NULL, NULL, NULL, NULL, '1766248684', NULL, NULL, '2025-11-20 16:38:04', NULL, 0, 0, '2025-11-20 16:38:04'),
	(104, '', 3, NULL, NULL, NULL, NULL, NULL, NULL, '1766248684', NULL, NULL, '2025-11-20 16:38:04', NULL, 0, 0, '2025-11-20 16:38:04'),
	(105, '', 3, NULL, NULL, NULL, NULL, NULL, NULL, '1766248684', NULL, NULL, '2025-11-20 16:38:04', NULL, 0, 0, '2025-11-20 16:38:04'),
	(106, '', 3, NULL, NULL, NULL, NULL, NULL, NULL, '1766248684', NULL, NULL, '2025-11-20 16:38:04', NULL, 0, 0, '2025-11-20 16:38:04'),
	(107, '', 3, NULL, NULL, NULL, NULL, NULL, NULL, '1766248684', NULL, NULL, '2025-11-20 16:38:04', NULL, 0, 0, '2025-11-20 16:38:04'),
	(108, '', 3, NULL, NULL, NULL, NULL, NULL, NULL, '1766248684', NULL, NULL, '2025-11-20 16:38:04', NULL, 0, 0, '2025-11-20 16:38:04'),
	(109, '', 3, NULL, NULL, NULL, NULL, NULL, NULL, '1766248684', NULL, NULL, '2025-11-20 16:38:04', NULL, 0, 0, '2025-11-20 16:38:04'),
	(110, '', 3, NULL, NULL, NULL, NULL, NULL, NULL, '1766248684', NULL, NULL, '2025-11-20 16:38:04', NULL, 0, 0, '2025-11-20 16:38:04'),
	(111, '', 3, NULL, NULL, NULL, NULL, NULL, NULL, '1766248684', NULL, NULL, '2025-11-20 16:38:04', NULL, 0, 0, '2025-11-20 16:38:04'),
	(115, '', 6, NULL, NULL, NULL, NULL, NULL, NULL, '', NULL, NULL, '2025-11-21 22:01:50', NULL, 0, 0, '2025-11-21 22:01:50'),
	(116, '', 6, NULL, NULL, NULL, NULL, NULL, NULL, '', NULL, NULL, '2025-11-21 22:01:50', NULL, 0, 0, '2025-11-21 22:01:50'),
	(117, '', 6, NULL, NULL, NULL, NULL, NULL, NULL, '', NULL, NULL, '2025-11-21 22:01:50', NULL, 0, 0, '2025-11-21 22:01:50'),
	(118, '', 6, NULL, NULL, NULL, NULL, NULL, NULL, '', NULL, NULL, '2025-11-21 22:01:50', NULL, 0, 0, '2025-11-21 22:01:50'),
	(119, '', 6, NULL, NULL, NULL, NULL, NULL, NULL, '', NULL, NULL, '2025-11-21 22:01:50', NULL, 0, 0, '2025-11-21 22:01:50'),
	(120, '', 6, NULL, NULL, NULL, NULL, NULL, NULL, '', NULL, NULL, '2025-11-21 22:01:50', NULL, 0, 0, '2025-11-21 22:01:50'),
	(121, '', 6, NULL, NULL, NULL, NULL, NULL, NULL, '', NULL, NULL, '2025-11-21 22:01:50', NULL, 0, 0, '2025-11-21 22:01:50'),
	(122, '', 6, NULL, NULL, NULL, NULL, NULL, NULL, '', NULL, NULL, '2025-11-21 22:01:50', NULL, 0, 0, '2025-11-21 22:01:50'),
	(123, '', 6, NULL, NULL, NULL, NULL, NULL, NULL, '', NULL, NULL, '2025-11-21 22:01:50', NULL, 0, 0, '2025-11-21 22:01:50'),
	(124, '', 6, NULL, NULL, NULL, NULL, NULL, NULL, '', NULL, NULL, '2025-11-21 22:01:50', NULL, 0, 0, '2025-11-21 22:01:50'),
	(128, '', 7, NULL, NULL, NULL, NULL, NULL, NULL, '', NULL, NULL, '2025-11-22 17:55:45', NULL, 0, 0, '2025-11-22 17:55:45'),
	(130, '', 8, NULL, NULL, NULL, NULL, NULL, NULL, '', NULL, NULL, '2025-11-26 13:42:07', NULL, 0, 0, '2025-11-26 13:42:07'),
	(131, '', 8, NULL, NULL, NULL, NULL, NULL, NULL, '', NULL, NULL, '2025-11-26 13:42:07', NULL, 0, 0, '2025-11-26 13:42:07'),
	(132, '', 8, NULL, NULL, NULL, NULL, NULL, NULL, '', NULL, NULL, '2025-11-26 13:42:07', NULL, 0, 0, '2025-11-26 13:42:07'),
	(133, '', 8, NULL, NULL, NULL, NULL, NULL, NULL, '', NULL, NULL, '2025-11-26 13:42:07', NULL, 0, 0, '2025-11-26 13:42:07'),
	(134, '', 8, NULL, NULL, NULL, NULL, NULL, NULL, '', NULL, NULL, '2025-11-26 13:42:07', NULL, 0, 0, '2025-11-26 13:42:07'),
	(135, '', 8, NULL, NULL, NULL, NULL, NULL, NULL, '', NULL, NULL, '2025-11-26 13:42:32', NULL, 0, 0, '2025-11-26 13:42:32'),
	(136, '', 9, NULL, NULL, NULL, NULL, NULL, NULL, '', NULL, NULL, '2025-12-01 21:49:56', NULL, 0, 0, '2025-12-01 21:49:56'),
	(137, '', 9, NULL, NULL, NULL, NULL, NULL, NULL, '', NULL, NULL, '2025-12-01 21:49:56', NULL, 0, 0, '2025-12-01 21:49:56'),
	(138, '', 9, NULL, NULL, NULL, NULL, NULL, NULL, '', NULL, NULL, '2025-12-01 21:49:56', NULL, 0, 0, '2025-12-01 21:49:56'),
	(139, '', 9, NULL, NULL, NULL, NULL, NULL, NULL, '', NULL, NULL, '2025-12-02 07:36:27', NULL, 0, 0, '2025-12-02 07:36:27'),
	(140, '', 12, NULL, NULL, NULL, NULL, NULL, NULL, '', NULL, NULL, '2025-12-04 18:30:43', NULL, 0, 0, '2025-12-04 18:30:43'),
	(141, '', 12, NULL, NULL, NULL, NULL, NULL, NULL, '', NULL, NULL, '2025-12-12 09:30:32', NULL, 0, 0, '2025-12-12 09:30:32'),
	(142, '', 12, NULL, NULL, NULL, NULL, NULL, NULL, '', NULL, NULL, '2025-12-12 09:30:51', NULL, 0, 0, '2025-12-12 09:30:51'),
	(143, '', 12, NULL, NULL, NULL, NULL, NULL, NULL, '', NULL, NULL, '2025-12-12 09:41:38', NULL, 0, 0, '2025-12-12 09:41:38'),
	(144, '', 12, NULL, NULL, NULL, NULL, NULL, NULL, '', NULL, NULL, '2025-12-12 09:52:28', NULL, 0, 0, '2025-12-12 09:52:28'),
	(145, '', 12, NULL, NULL, NULL, NULL, NULL, NULL, '', NULL, NULL, '2025-12-12 17:23:40', NULL, 0, 0, '2025-12-12 17:23:40'),
	(146, '', 12, NULL, NULL, NULL, NULL, NULL, NULL, '', NULL, NULL, '2025-12-13 00:35:21', NULL, 0, 0, '2025-12-13 00:35:21'),
	(147, '', 12, NULL, NULL, NULL, NULL, NULL, NULL, '', NULL, NULL, '2025-12-14 18:54:49', NULL, 0, 0, '2025-12-14 18:54:49'),
	(148, '', 12, NULL, NULL, NULL, NULL, NULL, NULL, '', NULL, NULL, '2025-12-14 19:46:27', NULL, 0, 0, '2025-12-14 19:46:27'),
	(149, '', 12, NULL, NULL, NULL, NULL, NULL, NULL, '', NULL, NULL, '2025-12-14 19:52:15', NULL, 0, 0, '2025-12-14 19:52:15'),
	(150, '', 12, NULL, NULL, NULL, NULL, NULL, NULL, '', NULL, NULL, '2025-12-14 19:55:05', NULL, 0, 0, '2025-12-14 19:55:05'),
	(151, '', 12, NULL, NULL, NULL, NULL, NULL, NULL, '', NULL, NULL, '2025-12-14 19:55:13', NULL, 0, 0, '2025-12-14 19:55:13'),
	(152, '', 12, NULL, NULL, NULL, NULL, NULL, NULL, '', NULL, NULL, '2025-12-14 19:55:15', NULL, 0, 0, '2025-12-14 19:55:15'),
	(153, '', 12, NULL, NULL, NULL, NULL, NULL, NULL, '', NULL, NULL, '2025-12-14 19:55:17', NULL, 0, 0, '2025-12-14 19:55:17'),
	(154, '', 12, NULL, NULL, NULL, NULL, NULL, NULL, '', NULL, NULL, '2025-12-14 19:57:04', NULL, 0, 0, '2025-12-14 19:57:04'),
	(155, '', 12, NULL, NULL, NULL, NULL, NULL, NULL, '', NULL, NULL, '2025-12-14 19:57:36', NULL, 0, 0, '2025-12-14 19:57:36'),
	(156, '', 12, NULL, NULL, NULL, NULL, NULL, NULL, '', NULL, NULL, '2025-12-14 20:04:14', NULL, 0, 0, '2025-12-14 20:04:14'),
	(157, '', 12, NULL, NULL, NULL, NULL, NULL, NULL, '', NULL, NULL, '2025-12-14 20:25:46', NULL, 0, 0, '2025-12-14 20:25:46'),
	(158, '', 12, NULL, NULL, NULL, NULL, NULL, NULL, '', NULL, NULL, '2025-12-14 20:27:48', NULL, 0, 0, '2025-12-14 20:27:48'),
	(159, '', 12, NULL, NULL, NULL, NULL, NULL, NULL, '', NULL, NULL, '2025-12-14 20:30:43', NULL, 0, 0, '2025-12-14 20:30:43'),
	(160, '', 12, NULL, NULL, NULL, NULL, NULL, NULL, '', NULL, NULL, '2025-12-14 20:32:23', NULL, 0, 0, '2025-12-14 20:32:23'),
	(161, '', 12, NULL, NULL, NULL, NULL, NULL, NULL, '', NULL, NULL, '2025-12-14 20:33:53', NULL, 0, 0, '2025-12-14 20:33:53'),
	(162, '', 12, NULL, NULL, NULL, NULL, NULL, NULL, '', NULL, NULL, '2025-12-14 20:34:45', NULL, 0, 0, '2025-12-14 20:34:45'),
	(163, '', 12, NULL, NULL, NULL, NULL, NULL, NULL, '', NULL, NULL, '2025-12-14 20:35:23', NULL, 0, 0, '2025-12-14 20:35:23'),
	(164, '', 12, NULL, NULL, NULL, NULL, NULL, NULL, '', NULL, NULL, '2025-12-15 10:38:22', NULL, 0, 0, '2025-12-15 10:38:22'),
	(165, 'message', NULL, 7, 12, 'steam:1100001019ec551', 'steam:110000100aba649', 'thalessa hansen', 'hans fredriksen', 'test', NULL, NULL, '2025-12-15 10:52:34', '2025-12-15 10:54:27', 1, 1, '2025-12-15 10:52:34'),
	(166, 'message', NULL, 7, 12, 'steam:1100001019ec551', 'steam:110000100aba649', 'thalessa hansen', 'hans fredriksen', 'test', NULL, NULL, '2025-12-15 11:07:21', '2025-12-15 11:08:36', 1, 1, '2025-12-15 11:07:21'),
	(167, '', 12, NULL, NULL, NULL, NULL, NULL, NULL, '', NULL, NULL, '2025-12-15 11:45:55', NULL, 0, 0, '2025-12-15 11:45:55'),
	(168, '', 12, NULL, NULL, NULL, NULL, NULL, NULL, '', NULL, NULL, '2025-12-15 11:46:01', NULL, 0, 0, '2025-12-15 11:46:01'),
	(169, '', 12, NULL, NULL, NULL, NULL, NULL, NULL, '', NULL, NULL, '2025-12-15 11:47:03', NULL, 0, 0, '2025-12-15 11:47:03'),
	(170, 'message', NULL, 7, 12, 'steam:1100001019ec551', 'steam:110000100aba649', 'thalessa hansen', 'hans fredriksen', 'test', NULL, NULL, '2025-12-15 11:50:42', '2025-12-15 11:52:32', 1, 1, '2025-12-15 11:50:42'),
	(171, 'message', NULL, 7, 12, 'steam:1100001019ec551', 'steam:110000100aba649', 'thalessa hansen', 'hans fredriksen', 'test', NULL, NULL, '2025-12-15 11:51:03', '2025-12-15 11:52:34', 1, 1, '2025-12-15 11:51:03'),
	(172, 'message', NULL, 7, 12, 'steam:1100001019ec551', 'steam:110000100aba649', 'thalessa hansen', 'hans fredriksen', 'test2', NULL, NULL, '2025-12-15 11:51:18', '2025-12-15 11:53:11', 1, 1, '2025-12-15 11:51:18'),
	(173, 'message', NULL, 7, 12, 'steam:1100001019ec551', 'steam:110000100aba649', 'thalessa hansen', 'hans fredriksen', 'test', NULL, NULL, '2025-12-15 11:51:39', '2025-12-15 11:53:11', 1, 1, '2025-12-15 11:51:39'),
	(174, '', 12, NULL, NULL, NULL, NULL, NULL, NULL, '', NULL, NULL, '2025-12-16 10:38:08', NULL, 0, 0, '2025-12-16 10:38:08'),
	(175, '', 12, NULL, NULL, NULL, NULL, NULL, NULL, '', NULL, NULL, '2025-12-16 10:38:18', NULL, 0, 0, '2025-12-16 10:38:18'),
	(176, 'message', NULL, 7, 12, 'steam:1100001019ec551', 'steam:110000100aba649', 'thalessa hansen', 'hans fredriksen', 'dette er en test', NULL, NULL, '2025-12-16 10:38:35', '2025-12-16 10:40:03', 1, 1, '2025-12-16 10:38:35'),
	(177, 'message', NULL, 6, 12, 'steam:1100001019ec551', 'steam:110000101efe2ae', 'thalessa hansen', 'Rip Jonsen', 'Dette er en test', NULL, NULL, '2026-01-13 18:17:47', '2026-01-13 18:18:59', 1, 0, '2026-01-13 18:17:47'),
	(178, 'message', NULL, 6, 12, 'steam:1100001019ec551', 'steam:110000101efe2ae', 'thalessa hansen', 'Rip Jonsen', 'test', NULL, NULL, '2026-01-13 18:18:18', '2026-01-13 18:19:35', 1, 0, '2026-01-13 18:18:18'),
	(179, 'message', NULL, 6, 12, 'steam:1100001019ec551', 'steam:110000101efe2ae', 'thalessa hansen', 'Rip Jonsen', 'dette er en test', NULL, NULL, '2026-01-13 18:23:16', '2026-01-13 18:24:28', 1, 0, '2026-01-13 18:23:16'),
	(180, 'message', NULL, 6, 12, 'steam:1100001019ec551', 'steam:110000101efe2ae', 'thalessa hansen', 'Rip Jonsen', 'test2', NULL, NULL, '2026-01-13 18:25:54', '2026-01-13 18:27:40', 1, 0, '2026-01-13 18:25:54'),
	(181, 'message', NULL, 6, 12, 'steam:1100001019ec551', 'steam:110000101efe2ae', 'thalessa hansen', 'Rip Jonsen', 'test', NULL, NULL, '2026-01-13 18:26:42', '2026-01-13 18:28:12', 1, 0, '2026-01-13 18:26:42'),
	(182, '', 12, NULL, NULL, NULL, NULL, NULL, NULL, '', NULL, NULL, '2026-01-13 18:31:07', NULL, 0, 0, '2026-01-13 18:31:07'),
	(183, '', 12, NULL, NULL, NULL, NULL, NULL, NULL, '', NULL, NULL, '2026-01-13 18:31:07', NULL, 0, 0, '2026-01-13 18:31:07'),
	(184, '', 12, NULL, NULL, NULL, NULL, NULL, NULL, '', NULL, NULL, '2026-01-13 18:31:07', NULL, 0, 0, '2026-01-13 18:31:07'),
	(185, '', 12, NULL, NULL, NULL, NULL, NULL, NULL, '', NULL, NULL, '2026-01-13 18:31:07', NULL, 0, 0, '2026-01-13 18:31:07'),
	(186, '', 12, NULL, NULL, NULL, NULL, NULL, NULL, '', NULL, NULL, '2026-01-13 18:31:07', NULL, 0, 0, '2026-01-13 18:31:07'),
	(187, '', 12, NULL, NULL, NULL, NULL, NULL, NULL, '', NULL, NULL, '2026-01-13 18:31:07', NULL, 0, 0, '2026-01-13 18:31:07'),
	(188, '', 12, NULL, NULL, NULL, NULL, NULL, NULL, '', NULL, NULL, '2026-01-13 18:31:07', NULL, 0, 0, '2026-01-13 18:31:07'),
	(189, '', 12, NULL, NULL, NULL, NULL, NULL, NULL, '', NULL, NULL, '2026-01-13 18:31:07', NULL, 0, 0, '2026-01-13 18:31:07'),
	(190, '', 12, NULL, NULL, NULL, NULL, NULL, NULL, '', NULL, NULL, '2026-01-13 18:31:07', NULL, 0, 0, '2026-01-13 18:31:07'),
	(191, '', 12, NULL, NULL, NULL, NULL, NULL, NULL, '', NULL, NULL, '2026-01-13 18:31:07', NULL, 0, 0, '2026-01-13 18:31:07'),
	(192, 'message', NULL, 6, 12, 'steam:1100001019ec551', 'steam:110000101efe2ae', 'thalessa hansen', 'Rip Jonsen', 'tttt', NULL, NULL, '2026-01-13 18:31:27', '2026-01-13 18:32:48', 1, 0, '2026-01-13 18:31:27'),
	(193, 'message', NULL, 6, 12, 'steam:1100001019ec551', 'steam:110000101efe2ae', 'thalessa hansen', 'Rip Jonsen', 'tttt', NULL, NULL, '2026-01-13 18:33:59', '2026-01-13 18:35:41', 1, 0, '2026-01-13 18:33:59'),
	(194, 'message', NULL, 6, 12, 'steam:1100001019ec551', 'steam:110000101efe2ae', 'thalessa hansen', 'Rip Jonsen', 'ttttt', NULL, NULL, '2026-01-13 18:34:14', '2026-01-13 18:35:38', 1, 0, '2026-01-13 18:34:14'),
	(195, 'message', NULL, 6, 12, 'steam:1100001019ec551', 'steam:110000101efe2ae', 'thalessa hansen', 'Rip Jonsen', 'ttttttt', NULL, NULL, '2026-01-13 18:34:54', '2026-01-13 18:36:25', 1, 0, '2026-01-13 18:34:54'),
	(196, 'message', NULL, 7, 12, 'steam:1100001019ec551', 'steam:110000100aba649', 'thalessa hansen', 'hans fredriksen', 'test', NULL, NULL, '2026-01-13 20:13:14', '2026-01-13 20:15:06', 1, 1, '2026-01-13 20:13:14'),
	(197, 'message', NULL, 12, 7, 'steam:110000100aba649', 'steam:1100001019ec551', 'hans fredriksen', 'thalessa hansen', 'test', NULL, NULL, '2026-01-14 04:37:23', '2026-01-14 04:39:23', 1, 0, '2026-01-14 04:37:23'),
	(198, 'message', NULL, 12, 7, 'steam:110000100aba649', 'steam:1100001019ec551', 'hans fredriksen', 'thalessa hansen', '5555test', NULL, NULL, '2026-01-14 04:37:55', '2026-01-14 04:39:48', 1, 0, '2026-01-14 04:37:55'),
	(199, 'message', NULL, 6, 12, 'steam:1100001019ec551', 'steam:110000101efe2ae', 'thalessa hansen', 'Rip Jonsen', 'test', NULL, NULL, '2026-01-14 21:01:07', '2026-01-14 21:03:07', 1, 0, '2026-01-14 21:01:07'),
	(200, '', 12, NULL, NULL, NULL, NULL, NULL, NULL, '', NULL, NULL, '2026-01-14 21:01:50', NULL, 0, 0, '2026-01-14 21:01:50'),
	(201, '', 12, NULL, NULL, NULL, NULL, NULL, NULL, '', NULL, NULL, '2026-01-14 21:01:50', NULL, 0, 0, '2026-01-14 21:01:50'),
	(202, '', 12, NULL, NULL, NULL, NULL, NULL, NULL, '', NULL, NULL, '2026-01-14 21:01:50', NULL, 0, 0, '2026-01-14 21:01:50'),
	(203, '', 12, NULL, NULL, NULL, NULL, NULL, NULL, '', NULL, NULL, '2026-01-14 21:01:50', NULL, 0, 0, '2026-01-14 21:01:50'),
	(204, '', 12, NULL, NULL, NULL, NULL, NULL, NULL, '', NULL, NULL, '2026-01-14 21:01:50', NULL, 0, 0, '2026-01-14 21:01:50'),
	(205, '', 12, NULL, NULL, NULL, NULL, NULL, NULL, '', NULL, NULL, '2026-01-14 21:01:50', NULL, 0, 0, '2026-01-14 21:01:50'),
	(206, '', 12, NULL, NULL, NULL, NULL, NULL, NULL, '', NULL, NULL, '2026-01-14 21:01:50', NULL, 0, 0, '2026-01-14 21:01:50'),
	(207, '', 12, NULL, NULL, NULL, NULL, NULL, NULL, '', NULL, NULL, '2026-01-14 21:01:50', NULL, 0, 0, '2026-01-14 21:01:50'),
	(208, '', 12, NULL, NULL, NULL, NULL, NULL, NULL, '', NULL, NULL, '2026-01-14 21:01:50', NULL, 0, 0, '2026-01-14 21:01:50'),
	(209, '', 12, NULL, NULL, NULL, NULL, NULL, NULL, '', NULL, NULL, '2026-01-14 21:01:50', NULL, 0, 0, '2026-01-14 21:01:50'),
	(210, 'message', NULL, 6, 12, 'steam:1100001019ec551', 'steam:110000101efe2ae', 'thalessa hansen', 'Rip Jonsen', 'test', NULL, NULL, '2026-01-14 21:04:57', '2026-01-14 21:06:24', 1, 0, '2026-01-14 21:04:57'),
	(211, 'message', NULL, 6, 12, 'steam:1100001019ec551', 'steam:110000101efe2ae', 'thalessa hansen', 'Rip Jonsen', 'test', NULL, NULL, '2026-01-14 21:06:03', '2026-01-14 21:07:55', 1, 0, '2026-01-14 21:06:03'),
	(212, 'message', NULL, 6, 12, 'steam:1100001019ec551', 'steam:110000101efe2ae', 'thalessa hansen', 'Rip Jonsen', 'tttt', NULL, NULL, '2026-01-14 21:08:38', '2026-01-14 21:09:55', 1, 0, '2026-01-14 21:08:38'),
	(213, 'message', NULL, 6, 12, 'steam:1100001019ec551', 'steam:110000101efe2ae', 'thalessa hansen', 'Rip Jonsen', 'test', NULL, NULL, '2026-01-14 21:11:24', '2026-01-14 21:12:51', 1, 0, '2026-01-14 21:11:24'),
	(214, 'message', NULL, 7, 12, 'steam:1100001019ec551', 'steam:110000100aba649', 'thalessa hansen', 'hans fredriksen', 'test', NULL, NULL, '2026-01-14 21:12:17', '2026-01-14 21:14:13', 1, 0, '2026-01-14 21:12:17'),
	(215, 'message', NULL, 6, 12, 'steam:1100001019ec551', 'steam:110000101efe2ae', 'thalessa hansen', 'Rip Jonsen', 'test', NULL, NULL, '2026-01-14 21:13:58', '2026-01-14 21:15:24', 1, 0, '2026-01-14 21:13:58'),
	(216, 'message', NULL, 7, 12, 'steam:1100001019ec551', 'steam:110000100aba649', 'thalessa hansen', 'hans fredriksen', 'test', NULL, NULL, '2026-01-14 21:18:23', '2026-01-14 21:20:13', 1, 0, '2026-01-14 21:18:23'),
	(217, 'message', NULL, 7, 12, 'steam:1100001019ec551', 'steam:110000100aba649', 'thalessa hansen', 'hans fredriksen', 'tttt', NULL, NULL, '2026-01-14 21:20:36', '2026-01-14 21:21:55', 1, 0, '2026-01-14 21:20:36'),
	(218, 'message', NULL, 7, 12, 'steam:1100001019ec551', 'steam:110000100aba649', 'thalessa hansen', 'hans fredriksen', 'test2', NULL, NULL, '2026-01-14 21:22:27', '2026-01-14 21:23:37', 1, 0, '2026-01-14 21:22:27'),
	(219, '', 12, NULL, NULL, NULL, NULL, NULL, NULL, '', NULL, NULL, '2026-01-14 21:23:50', NULL, 0, 0, '2026-01-14 21:23:50'),
	(220, '', 12, NULL, NULL, NULL, NULL, NULL, NULL, '', NULL, NULL, '2026-01-14 21:23:50', NULL, 0, 0, '2026-01-14 21:23:50'),
	(221, '', 12, NULL, NULL, NULL, NULL, NULL, NULL, '', NULL, NULL, '2026-01-14 21:23:50', NULL, 0, 0, '2026-01-14 21:23:50'),
	(222, '', 12, NULL, NULL, NULL, NULL, NULL, NULL, '', NULL, NULL, '2026-01-14 21:23:50', NULL, 0, 0, '2026-01-14 21:23:50'),
	(223, '', 12, NULL, NULL, NULL, NULL, NULL, NULL, '', NULL, NULL, '2026-01-14 21:23:50', NULL, 0, 0, '2026-01-14 21:23:50'),
	(224, 'message', NULL, 7, 12, 'steam:1100001019ec551', 'steam:110000100aba649', 'thalessa hansen', 'hans fredriksen', 'test', NULL, NULL, '2026-01-14 21:24:27', '2026-01-14 21:25:37', 1, 0, '2026-01-14 21:24:27'),
	(225, 'message', NULL, 7, 12, 'steam:1100001019ec551', 'steam:110000100aba649', 'thalessa hansen', 'hans fredriksen', 'test', NULL, NULL, '2026-01-14 21:26:38', '2026-01-14 21:28:03', 1, 0, '2026-01-14 21:26:38'),
	(226, 'message', NULL, 7, 12, 'steam:1100001019ec551', 'steam:110000100aba649', 'thalessa hansen', 'hans fredriksen', 'test2', NULL, NULL, '2026-01-14 21:28:32', '2026-01-14 21:30:30', 1, 0, '2026-01-14 21:28:32'),
	(227, 'message', NULL, 7, 12, 'steam:1100001019ec551', 'steam:110000100aba649', 'thalessa hansen', 'hans fredriksen', 'test23', NULL, NULL, '2026-01-14 21:32:49', '2026-01-14 21:34:33', 1, 0, '2026-01-14 21:32:49'),
	(228, 'message', NULL, 7, 12, 'steam:1100001019ec551', 'steam:110000100aba649', 'thalessa hansen', 'hans fredriksen', 'tttt', NULL, NULL, '2026-01-14 21:34:31', '2026-01-14 21:36:16', 1, 0, '2026-01-14 21:34:31'),
	(229, 'message', NULL, 7, 12, 'steam:1100001019ec551', 'steam:110000100aba649', 'thalessa hansen', 'hans fredriksen', 'tttttt', NULL, NULL, '2026-01-14 21:35:17', '2026-01-14 21:37:01', 1, 0, '2026-01-14 21:35:17'),
	(230, '', 12, NULL, NULL, NULL, NULL, NULL, NULL, '', NULL, NULL, '2026-01-15 08:43:58', NULL, 0, 0, '2026-01-15 08:43:58'),
	(231, '', 12, NULL, NULL, NULL, NULL, NULL, NULL, '', NULL, NULL, '2026-01-15 08:43:58', NULL, 0, 0, '2026-01-15 08:43:58'),
	(232, '', 12, NULL, NULL, NULL, NULL, NULL, NULL, '', NULL, NULL, '2026-01-15 08:43:58', NULL, 0, 0, '2026-01-15 08:43:58'),
	(233, '', 12, NULL, NULL, NULL, NULL, NULL, NULL, '', NULL, NULL, '2026-01-15 08:43:58', NULL, 0, 0, '2026-01-15 08:43:58'),
	(234, '', 12, NULL, NULL, NULL, NULL, NULL, NULL, '', NULL, NULL, '2026-01-15 08:43:58', NULL, 0, 0, '2026-01-15 08:43:58'),
	(235, '', 12, NULL, NULL, NULL, NULL, NULL, NULL, '', NULL, NULL, '2026-01-15 08:43:58', NULL, 0, 0, '2026-01-15 08:43:58'),
	(236, '', 12, NULL, NULL, NULL, NULL, NULL, NULL, '', NULL, NULL, '2026-01-15 08:43:58', NULL, 0, 0, '2026-01-15 08:43:58'),
	(237, '', 12, NULL, NULL, NULL, NULL, NULL, NULL, '', NULL, NULL, '2026-01-15 08:43:58', NULL, 0, 0, '2026-01-15 08:43:58'),
	(238, '', 12, NULL, NULL, NULL, NULL, NULL, NULL, '', NULL, NULL, '2026-01-15 08:43:58', NULL, 0, 0, '2026-01-15 08:43:58'),
	(239, '', 12, NULL, NULL, NULL, NULL, NULL, NULL, '', NULL, NULL, '2026-01-15 08:43:58', NULL, 0, 0, '2026-01-15 08:43:58'),
	(240, 'message', NULL, 6, 12, 'steam:1100001019ec551', 'steam:110000101efe2ae', 'thalessa hansen', 'Rip Jonsen', 'test', NULL, NULL, '2026-01-15 08:45:00', '2026-01-15 08:46:42', 1, 0, '2026-01-15 08:45:00'),
	(241, 'message', NULL, 6, 12, 'steam:1100001019ec551', 'steam:110000101efe2ae', 'thalessa hansen', 'Rip Jonsen', 'test', NULL, NULL, '2026-01-15 08:45:48', '2026-01-15 08:47:24', 1, 0, '2026-01-15 08:45:48'),
	(242, 'message', NULL, 6, 12, 'steam:1100001019ec551', 'steam:110000101efe2ae', 'thalessa hansen', 'Rip Jonsen', 'test', NULL, NULL, '2026-01-15 08:47:18', '2026-01-15 08:49:17', 1, 0, '2026-01-15 08:47:18');

-- Dumping data for table vorpcore_0cfb9f.brevdue_postnumbers: ~3 rows (approximately)
INSERT INTO `brevdue_postnumbers` (`id`, `identifier`, `post_number`, `created_at`) VALUES
	(1, 'steam:110000101efe2ae', 8482, '2025-11-19 11:13:38'),
	(2, 'steam:1100001019ec551', 8416, '2025-11-19 12:09:17'),
	(3, 'steam:110000100aba649', 6357, '2025-11-20 10:58:30');

-- Dumping data for table vorpcore_0cfb9f.brevdue_stamps: ~2 rows (approximately)
INSERT INTO `brevdue_stamps` (`owner_charid`, `stamps`) VALUES
	('3', 35),
	('4', 3);

-- Dumping data for table vorpcore_0cfb9f.business_accounts: ~4 rows (approximately)
INSERT INTO `business_accounts` (`id`, `job`, `label`, `balance`) VALUES
	(1, 'gunsmith', 'Våpensmed', 5000),
	(2, 'blacksmith', 'Smed', 5000),
	(3, 'cook', 'Kokk', 5000),
	(4, 'doctor', 'Doktor', 5000);

-- Dumping data for table vorpcore_0cfb9f.business_shop_items: ~2 rows (approximately)
INSERT INTO `business_shop_items` (`id`, `business`, `item`, `label`, `price`, `stock`) VALUES
	(1, 'gunsmith', 'ammorepeatersplitpoint', 'ammorepeatersplitpoint', 10, 100),
	(2, 'gunsmith', 'ammo_pistol', 'Pistol kuler x30', 10, 56);

-- Dumping data for table vorpcore_0cfb9f.character_inventories: ~88 rows (approximately)
INSERT INTO `character_inventories` (`character_id`, `inventory_type`, `item_crafted_id`, `item_name`, `amount`, `created_at`, `degradation`, `percentage`) VALUES
	(1, 'default', 1, 'consumable_raspberrywater', 2, '2025-11-06 20:14:32', NULL, NULL),
	(1, 'default', 2, 'ammorevolvernormal', 1, '2025-11-06 20:14:32', NULL, NULL),
	(2, 'default', 4, 'ammorevolvernormal', 1, '2025-11-06 21:17:09', NULL, NULL),
	(2, 'default', 14, 'consumable_bluegil', 3, '2025-11-08 03:47:58', NULL, NULL),
	(2, 'default', 15, 'consumable_raspberrywater', 7, '2025-11-08 03:48:32', NULL, NULL),
	(2, 'default', 16, 'handcuffs', 1, '2025-11-08 04:21:30', NULL, NULL),
	(2, 'default', 17, 'handcuffkey', 1, '2025-11-08 04:21:56', NULL, NULL),
	(4, 'default', 25, 'ammoarrownormal', 1, '2025-11-18 20:51:51', NULL, NULL),
	(3, 'default', 32, 'stamp', 20, '2025-11-19 21:24:36', NULL, NULL),
	(4, 'default', 33, 'stamp', 4, '2025-11-19 21:26:19', NULL, NULL),
	(4, 'default', 34, 'blueberry', 2, '2025-11-19 21:29:00', NULL, NULL),
	(5, 'default', 49, 'stamp', 40, '2025-11-20 10:58:49', NULL, NULL),
	(5, 'default', 53, 'ammoriflenormal', 8, '2025-11-20 11:31:09', NULL, NULL),
	(5, 'default', 60, 'water', 12, '2025-11-20 12:15:54', NULL, NULL),
	(5, 'default', 61, 'ammoshotgunslug', 5, '2025-11-20 12:17:26', NULL, NULL),
	(5, 'default', 75, 'consumable_breakfast', 5, '2025-11-20 14:06:11', NULL, NULL),
	(5, 'default', 77, 'consumable_raspberrywater', 6, '2025-11-20 14:06:41', NULL, NULL),
	(5, 'default', 78, 'pidgeon', 1, '2025-11-20 14:19:02', NULL, NULL),
	(3, 'default', 89, 'pidgeon', 7, '2025-11-20 16:37:31', NULL, NULL),
	(3, 'default', 94, 'water', 1, '2025-11-21 19:37:31', NULL, NULL),
	(6, 'default', 98, 'Crows_Garlic', 1, '2025-11-21 21:05:06', NULL, NULL),
	(6, 'default', 99, 'ammorevolversplitpoint', 1, '2025-11-21 21:13:37', NULL, NULL),
	(3, 'default', 100, 'empty_bottle', 2, '2025-11-21 21:31:20', NULL, NULL),
	(6, 'default', 102, 'pidgeon', 9, '2025-11-21 22:01:50', NULL, NULL),
	(6, 'default', 103, 'hk_1', 1, '2025-11-21 22:08:58', NULL, NULL),
	(6, 'default', 105, 'stamp', 24, '2025-11-21 22:42:09', NULL, NULL),
	(6, 'default', 106, 'Red_Sage', 1, '2025-11-21 22:42:56', NULL, NULL),
	(6, 'default', 107, 'Oregano', 5, '2025-11-21 22:43:16', NULL, NULL),
	(7, 'default', 111, 'pidgeon', 1, '2025-11-22 17:55:45', NULL, NULL),
	(7, 'default', 112, 'stamp', 27, '2025-11-22 17:55:58', NULL, NULL),
	(3, 'default', 116, 'td_notebook_book', 1, '2025-11-22 20:52:31', NULL, NULL),
	(6, 'default', 117, 'td_notebook_book', 1, '2025-11-22 21:05:53', NULL, NULL),
	(3, 'default', 121, 'td_document', 1, '2025-11-22 22:16:58', NULL, NULL),
	(3, 'default', 122, 'ammoriflesplitpoint', 10, '2025-11-22 22:32:43', NULL, NULL),
	(8, 'default', 126, 'td_notebook_book', 1, '2025-11-22 22:59:10', NULL, NULL),
	(7, 'default', 133, 'td_notebook_book', 1, '2025-11-23 19:06:07', NULL, NULL),
	(6, 'default', 135, 'td_document', 1, '2025-11-24 02:21:16', NULL, NULL),
	(8, 'default', 138, 'ammoriflenormal', 2, '2025-11-25 12:50:50', NULL, NULL),
	(8, 'default', 156, 'bcc_empty_bottle', 10, '2025-11-26 13:16:38', NULL, NULL),
	(8, 'default', 157, 'stamp', 5, '2025-11-26 13:42:03', NULL, NULL),
	(8, 'default', 158, 'pidgeon', 1, '2025-11-26 13:43:01', NULL, NULL),
	(8, 'default', 159, 'td_document', 1, '2025-11-26 13:45:27', NULL, NULL),
	(9, 'default', 161, 'consumable_raspberrywater', 1, '2025-11-26 22:37:19', NULL, NULL),
	(7, 'default', 175, 'pipe', 1, '2025-11-27 13:30:08', NULL, NULL),
	(7, 'default', 179, 'pocket_watch', 1, '2025-11-27 13:57:55', NULL, NULL),
	(7, 'default', 183, 'Indian_Tobbaco', 1, '2025-11-27 14:00:41', NULL, NULL),
	(7, 'default', 184, 'cigar', 1, '2025-11-27 14:01:44', NULL, NULL),
	(9, 'default', 187, 'lead_ore', 21, '2025-11-27 14:15:55', NULL, NULL),
	(9, 'default', 188, 'smith_hammer', 1, '2025-11-27 14:17:11', NULL, NULL),
	(7, 'default', 206, 'canteen', 1, '2025-12-01 11:20:45', NULL, NULL),
	(7, 'default', 209, 'consumable_donut', 1, '2025-12-01 11:44:13', NULL, NULL),
	(7, 'default', 210, 'whisky', 3, '2025-12-01 11:44:57', NULL, NULL),
	(7, 'default', 211, 'consumable_raspberrywater', 4, '2025-12-01 11:44:57', NULL, NULL),
	(9, 'default', 212, 'ammobolla', 10, '2025-12-01 11:45:18', NULL, NULL),
	(9, 'default', 215, 'td_notebook_book', 1, '2025-12-01 13:03:52', NULL, NULL),
	(9, 'default', 218, 'brass', 21, '2025-12-01 17:58:26', NULL, NULL),
	(9, 'default', 227, 'stamp', 5, '2025-12-02 07:36:09', NULL, NULL),
	(9, 'default', 228, 'pigeon', 1, '2025-12-02 07:36:27', NULL, NULL),
	(9, 'default', 231, 'gunpowder', 2, '2025-12-02 09:08:28', NULL, NULL),
	(9, 'default', 233, 'td_document', 1, '2025-12-02 09:48:32', NULL, NULL),
	(9, 'default', 239, 'ammovarmint', 8, '2025-12-02 18:35:48', NULL, NULL),
	(10, 'default', 240, 'consumable_raspberrywater', 2, '2025-12-02 20:09:38', NULL, NULL),
	(10, 'default', 241, 'ammorevolvernormal', 1, '2025-12-02 20:09:38', NULL, NULL),
	(11, 'default', 242, 'ammorevolvernormal', 1, '2025-12-02 20:39:57', NULL, NULL),
	(11, 'default', 243, 'consumable_raspberrywater', 2, '2025-12-02 20:39:57', NULL, NULL),
	(11, 'default', 244, 'ammovarmint', 9, '2025-12-02 20:45:17', NULL, NULL),
	(12, 'default', 245, 'consumable_raspberrywater', 2, '2025-12-02 22:31:26', NULL, NULL),
	(7, 'default', 250, 'ammobolla', 1, '2025-12-03 08:46:56', NULL, NULL),
	(7, 'default', 269, 'ammodynamite', 5, '2025-12-03 11:25:21', NULL, NULL),
	(12, 'default', 272, 'brass', 15, '2025-12-03 12:05:08', NULL, NULL),
	(12, 'default', 274, 'smith_hammer', 1, '2025-12-03 12:05:58', NULL, NULL),
	(12, 'default', 276, 'gunpowder', 7, '2025-12-03 12:16:54', NULL, NULL),
	(12, 'default', 278, 'td_notebook_book', 1, '2025-12-04 18:27:59', NULL, NULL),
	(7, 'default', 284, 'bird', 1, '2025-12-05 15:06:37', NULL, NULL),
	(7, 'default', 285, 'turkeyf', 1, '2025-12-05 15:06:37', NULL, NULL),
	(7, 'default', 286, 'turkeyb', 1, '2025-12-05 15:06:37', NULL, NULL),
	(7, 'default', 287, 'td_document', 1, '2025-12-07 13:58:38', NULL, NULL),
	(12, 'default', 289, 'pocket_watch_silver', 1, '2025-12-12 08:59:56', NULL, NULL),
	(12, 'default', 296, 'pigeon', 1, '2025-12-12 17:23:40', NULL, NULL),
	(12, 'default', 298, 'bandage', 3, '2025-12-12 17:38:34', NULL, NULL),
	(12, 'default', 299, 'lead_ore', 14, '2025-12-12 19:55:36', NULL, NULL),
	(12, 'default', 307, 'td_drawing', 1, '2025-12-13 00:22:49', NULL, NULL),
	(12, 'default', 323, 'ammorepeatersplitpoint', 10, '2025-12-16 10:30:19', NULL, NULL),
	(12, 'default', 325, 'stamp', 14, '2025-12-16 10:38:15', NULL, NULL),
	(12, 'default', 327, 'Oregano', 2, '2025-12-20 19:59:17', NULL, NULL),
	(7, 'default', 332, 'pigeon', 5, '2026-01-13 20:17:32', NULL, NULL),
	(7, 'default', 334, 'bandage', 12, '2026-01-13 20:47:26', NULL, NULL),
	(12, 'default', 337, 'pigeon', 10, '2026-01-15 08:43:57', NULL, NULL);

-- Dumping data for table vorpcore_0cfb9f.characters: ~3 rows (approximately)
INSERT INTO `characters` (`identifier`, `steamname`, `charidentifier`, `group`, `money`, `gold`, `rol`, `xp`, `healthouter`, `healthinner`, `staminaouter`, `staminainner`, `hours`, `LastLogin`, `inventory`, `slots`, `job`, `joblabel`, `multijobs`, `meta`, `firstname`, `lastname`, `character_desc`, `gender`, `age`, `nickname`, `skinPlayer`, `compPlayer`, `compTints`, `jobgrade`, `coords`, `status`, `isdead`, `skills`, `walk`, `gunsmith`, `ammo`, `discordid`, `lastjoined`) VALUES
	('steam:110000100aba649', 'Zycronix', 7, 'admin', 175786.83, 4995.00, 0.00, 5, 500, 100, 500, 100, 0, '2026-01-14', '{}', 95.0, 'unemployed', 'Unemployed', '[]', '{}', 'hans', 'fredriksen', 'jadda', 'Male', 30, 'Driper', '{"Body":-162963160,"acne_tx_id":0,"lipsticks_opacity":0,"acne_opacity":0,"NoseAng":0.0,"NoseW":0.0,"EyeLidW":0.0,"EarsW":0.0,"HipsS":0.0,"MouthCRW":0.0,"FaceD":0.0,"paintedmasks_palette_id":0,"scars_opacity":0,"complex_opacity":0,"lipsticks_tx_id":0,"moles_visibility":0,"EyeDis":0.0,"ageing_visibility":0,"albedo":317354806,"eyebrows_visibility":1,"HeadSize":0.0,"MouthX":0.0,"eyeliner_palette_id":0,"EyeBrowW":0.0,"blush_palette_color_primary":0,"lipsticks_visibility":0,"ShouldersS":0.0,"scars_visibility":0,"Torso":0,"Hair":2112480140,"FaceW":0.0,"beardstabble_color_primary":0,"MouthCLW":0.0,"NoseC":0.0,"foundation_palette_color_tertiary":0,"NoseS":0.0,"BodyType":-162963160,"hair_opacity":0,"WaistW":0.0,"grime_tx_id":0,"Eyes":612262189,"shadows_palette_color_primary":0,"NeckW":0.0,"EyeBrowH":0.0,"CheekBonesW":0.0,"NoseH":0.0,"moles_tx_id":0,"CalvesS":0.0,"shadows_visibility":0,"lipsticks_palette_color_primary":0,"eyebrows_tx_id":1,"EyeBrowD":0.0,"JawD":0.0,"freckles_visibility":0,"foundation_tx_id":0,"CheekBonesD":0.0,"ULiphW":0.0,"Beard":0,"LegsS":0.0,"ULiphH":0.0,"freckles_opacity":0,"MouthCRH":0.0,"ChinH":0.0,"beardstabble_opacity":0,"HeadType":-2064391035,"LegsType":174153218,"Scale":0.0,"blush_opacity":0,"NoseDis":0.0,"MouthCRD":0.0,"MouthCRLD":0.0,"ShouldersM":0.0,"spots_tx_id":0,"hair_tx_id":0,"EyeLidH":0.0,"FaceS":0.0,"EyeLidR":0.0,"LLiphD":0.0,"shadows_tx_id":0,"hair_color_primary":0,"EyeLidL":0.0,"paintedmasks_opacity":0,"paintedmasks_palette_color_primary":0,"acne_visibility":0,"paintedmasks_palette_color_secondary":0,"ULiphD":0.0,"foundation_palette_color_secondary":0,"lipsticks_palette_color_tertiary":0,"paintedmasks_palette_color_tertiary":0,"paintedmasks_visibility":0,"foundation_palette_id":0,"paintedmasks_tx_id":0,"lipsticks_palette_id":0,"ageing_tx_id":0,"EyeH":0.0,"foundation_palette_color_primary":0,"foundation_visibility":0,"ageing_opacity":0,"JawW":0.0,"MouthY":0.0,"blush_palette_id":0,"eyeliner_color_primary":0,"ChinW":0.0,"EarsD":0.0,"blush_visibility":0,"sex":"mp_male","disc_opacity":0,"disc_visibility":0,"beardstabble_visibility":0,"blush_tx_id":0,"MouthCLLD":0.0,"beardstabble_tx_id":0,"grime_visibility":0,"MouthD":0.0,"lipsticks_palette_color_secondary":0,"eyeliner_tx_id":0,"eyeliner_opacity":0,"shadows_palette_color_secondary":0,"shadows_opacity":0,"shadows_palette_color_tertiary":0,"shadows_palette_id":0,"MouthCLD":0.0,"foundation_opacity":0,"EarsA":0.0,"MouthCLH":0.0,"grime_opacity":0,"eyeliner_visibility":0,"spots_opacity":0,"freckles_tx_id":0,"complex_tx_id":0,"disc_tx_id":0,"complex_visibility":0,"moles_opacity":0,"EarsH":0.0,"ShouldersT":0.0,"scars_tx_id":0,"eyebrows_color":1064202495,"eyebrows_opacity":1.0,"Waist":0,"JawH":0.0,"hair_visibility":0,"LLiphW":0.0,"ChinD":0.0,"CheekBonesH":0.0,"LLiphH":0.0,"spots_visibility":0,"ChestS":0.0,"NeckD":0.0,"EyeAng":0.0,"EyeD":0.0,"MouthW":0.0,"ArmsS":0.0}', '{"NeckTies":-1,"Mask":-1,"RingLh":-1,"Cloak":-1,"CoatClosed":-1,"Poncho":-1,"Teeth":712446626,"Bracelet":-1,"Bow":-1,"Vest":-1,"EyeWear":-1,"Buckle":-1,"Belt":-1,"Pant":1939930032,"Chap":-1,"Skirt":-1,"Badge":-1,"Gauntlets":-1,"RingRh":-1,"Spurs":-1,"Coat":-1,"Holster":-1,"Suspender":-1,"Spats":-1,"Dress":-1,"GunbeltAccs":-1,"Accessories":-1,"Satchels":-1,"Gunbelt":795591403,"Hat":-1,"Glove":-1,"NeckWear":-1,"Boots":-218859683,"Loadouts":-1,"Shirt":-1665588256,"Armor":-1}', '{"Boots":{"-218859683":{"tint2":0,"tint1":0,"palette":0,"tint0":0}},"Pant":{"1939930032":{"tint2":0,"tint1":0,"palette":0,"tint0":0}},"Shirt":{"-1665588256":{"tint2":0,"tint1":0,"palette":0,"tint0":0}}}', 0, '{"x":-346.5626220703125,"heading":215.43309020996095,"z":115.87109375,"y":784.3516235351563}', '{"Thirst":412,"Metabolism":-10000,"Hunger":703}', 0, '{"Crafting":{"Label":"Beginner","MaxLevel":5,"NextLevel":100,"Exp":0,"Level":1},"Mining":{"Label":"Beginner","MaxLevel":5,"NextLevel":100,"Exp":0,"Level":1},"Hunting":{"Label":"Beginner","MaxLevel":5,"NextLevel":100,"Exp":0,"Level":1},"Fishing":{"Label":"Beginner","MaxLevel":5,"NextLevel":100,"Exp":0,"Level":1}}', 'noanim', 0.00, '{"AMMO_PISTOL_EXPRESS":0,"AMMO_SHOTGUN_SLUG":60,"AMMO_RIFLE_ELEPHANT":2,"AMMO_PISTOL":59,"AMMO_BOLAS":2,"AMMO_ARROW_SMALL_GAME":0,"AMMO_DYNAMITE":0,"AMMO_RIFLE_SPLIT_POINT":0,"AMMO_RIFLE_HIGH_VELOCITY":3,"AMMO_PISTOL_SPLIT_POINT":13,"AMMO_ARROW":9}', '413016205545177097', '[]'),
	('steam:1100001019ec551', 'Asarayja', 12, 'admin', 296517.28, 4995.00, 0.00, 0, 500, 100, 500, 100, 0, '2026-01-15', '{}', 95.0, 'gunsmith', 'Våpensmed', '[]', '{}', 'thalessa', 'hansen', 'none', 'Female', 36, 'none', '{"WaistW":0.0,"shadows_visibility":0,"eyeliner_color_primary":0,"EyeLidL":0.0,"eyebrows_visibility":1,"Hair":-407105952,"shadows_palette_id":0,"EyeLidW":0.0,"shadows_palette_color_secondary":0,"MouthW":0.0,"disc_tx_id":0,"ageing_opacity":0,"ShouldersM":0.0,"eyeliner_opacity":0,"FaceS":0.0,"shadows_tx_id":0,"paintedmasks_palette_color_primary":0,"shadows_palette_color_tertiary":0,"EyeDis":0.0,"scars_visibility":0,"EarsA":0.0,"scars_opacity":0,"ULiphD":0.0,"MouthCRW":0.0,"MouthCLD":0.0,"shadows_opacity":0,"LLiphD":0.0,"HeadType":-1658511610,"lipsticks_palette_id":0,"ChestS":0.0,"JawH":0.0,"CheekBonesH":0.0,"freckles_opacity":0,"foundation_palette_color_tertiary":0,"scars_tx_id":0,"ULiphW":0.0,"MouthY":0.0,"HeadSize":0.0,"EyeBrowD":0.0,"NeckD":0.0,"beardstabble_visibility":0,"ChinW":0.0,"CheekBonesW":0.0,"grime_visibility":0,"complex_opacity":0,"beardstabble_color_primary":0,"CheekBonesD":0.0,"shadows_palette_color_primary":0,"MouthCLW":0.0,"MouthCRLD":0.0,"FaceD":0.0,"Scale":0.0,"freckles_tx_id":0,"Beard":0,"NoseAng":0.0,"MouthCRD":0.0,"foundation_palette_color_secondary":0,"complex_visibility":0,"acne_visibility":0,"lipsticks_palette_color_tertiary":0,"paintedmasks_palette_color_secondary":0,"blush_palette_id":0,"grime_tx_id":0,"MouthX":0.0,"MouthCRH":0.0,"Waist":0,"albedo":-1532879544,"LegsS":0.0,"paintedmasks_palette_color_tertiary":0,"ShouldersS":0.0,"MouthCLLD":0.0,"lipsticks_visibility":0,"EyeH":0.0,"sex":"mp_female","Torso":0,"LLiphW":0.0,"ShouldersT":0.0,"paintedmasks_opacity":0,"paintedmasks_palette_id":0,"ArmsS":0.0,"paintedmasks_visibility":0,"paintedmasks_tx_id":0,"ChinD":0.0,"lipsticks_opacity":0,"foundation_opacity":0,"acne_tx_id":0,"foundation_palette_color_primary":0,"ChinH":0.0,"foundation_palette_id":0,"EyeBrowW":0.0,"foundation_visibility":0,"foundation_tx_id":0,"acne_opacity":0,"hair_color_primary":0,"beardstabble_tx_id":0,"NeckW":0.0,"EyeLidR":0.0,"NoseDis":0.0,"EarsD":0.0,"hair_tx_id":0,"blush_opacity":0,"NoseS":0.0,"hair_opacity":0,"blush_tx_id":0,"MouthCLH":0.0,"blush_visibility":0,"BodyType":-1836208829,"EarsW":0.0,"EarsH":0.0,"disc_visibility":0,"NoseW":0.0,"eyeliner_visibility":0,"eyeliner_tx_id":0,"EyeBrowH":0.0,"beardstabble_opacity":0,"CalvesS":0.0,"ageing_tx_id":0,"LegsType":-254962964,"lipsticks_palette_color_secondary":0,"Eyes":-1843665053,"lipsticks_tx_id":0,"grime_opacity":0,"moles_opacity":0,"HipsS":0.0,"spots_opacity":0,"moles_tx_id":0,"moles_visibility":0,"Body":-1836208829,"ageing_visibility":0,"FaceW":0.0,"MouthD":0.0,"freckles_visibility":0,"blush_palette_color_primary":0,"complex_tx_id":0,"eyeliner_palette_id":0,"disc_opacity":0,"EyeD":0.0,"ULiphH":0.0,"EyeAng":0.0,"spots_tx_id":0,"spots_visibility":0,"eyebrows_color":1064202495,"eyebrows_opacity":1.0,"eyebrows_tx_id":1,"lipsticks_palette_color_primary":0,"JawD":0.0,"JawW":0.0,"NoseH":0.0,"hair_visibility":0,"NoseC":0.0,"LLiphH":0.0,"EyeLidH":0.0}', '{"RingLh":-1,"Cloak":-1,"CoatClosed":-1,"Buckle":-1,"Holster":-1,"Coat":-1,"Hat":-1,"Pant":1803504493,"Satchels":-1,"NeckWear":-1,"Loadouts":-1,"Spats":-1,"Poncho":-1,"Skirt":-1,"Accessories":-1,"Belt":-1,"Gunbelt":1511461630,"Armor":-1,"RingRh":-1,"NeckTies":-1,"GunbeltAccs":-1,"Glove":-1,"Suspender":-1,"Mask":-1,"Shirt":-599669674,"Dress":-1,"Teeth":959712255,"Bracelet":-1,"Boots":-571902733,"Bow":-1,"Spurs":-1,"EyeWear":-1,"Vest":-1,"Chap":-1,"Gauntlets":-1,"Badge":-1}', '{"Pant":{"1803504493":{"tint1":0,"tint2":0,"tint0":0,"palette":0}},"Shirt":{"-599669674":{"tint1":0,"tint2":0,"tint0":0,"palette":0}},"Boots":{"-571902733":{"tint1":0,"tint2":0,"tint0":0,"palette":0}}}', 1, '{"x":-192.05274963378907,"heading":102.04724884033203,"z":113.3267822265625,"y":638.1890258789063}', '{"Hunger":570,"Metabolism":-10000,"Thirst":148}', 0, '{"Fishing":{"Level":1,"Label":"Beginner","NextLevel":100,"Exp":0,"MaxLevel":5},"Hunting":{"Level":1,"Label":"Beginner","NextLevel":100,"Exp":0,"MaxLevel":5},"Crafting":{"Level":1,"Label":"Beginner","NextLevel":100,"Exp":0,"MaxLevel":5},"Mining":{"Level":1,"Label":"Beginner","NextLevel":100,"Exp":0,"MaxLevel":5}}', 'noanim', 0.00, '{"AMMO_22":0,"AMMO_DYNAMITE":0,"AMMO_SHOTGUN_SLUG":60,"AMMO_SHOTGUN":3}', '224929835875696640', '[]'),
	('steam:110000101efe2ae', 'Turboduden', 6, 'admin', 297719.03, 5000.00, 0.00, 0, 500, 100, 500, 100, 0, '2025-11-24', '{}', 95.0, 'police', '2 ', '[]', '{}', 'Rip', 'Jonsen', 'none', 'Male', 45, 'none', '{"lipsticks_palette_color_primary":0,"LLiphD":0.0,"scars_tx_id":0,"foundation_visibility":0,"ULiphD":0.0,"acne_opacity":0,"NoseDis":0.0,"hair_tx_id":0,"paintedmasks_palette_color_primary":0,"foundation_palette_color_tertiary":0,"eyeliner_color_primary":0,"paintedmasks_visibility":0,"paintedmasks_opacity":0,"MouthCRH":0.0,"LegsS":0.0,"scars_visibility":0,"moles_tx_id":0,"EyeBrowD":0.0,"lipsticks_palette_id":0,"paintedmasks_tx_id":0,"CalvesS":0.0,"sex":"mp_male","eyebrows_opacity":1.0,"FaceW":0.0,"ChinH":0.0,"moles_opacity":0,"acne_visibility":0,"spots_tx_id":0,"Hair":1181206804,"EyeBrowW":0.0,"beardstabble_color_primary":1734720533,"NoseAng":0.0,"JawH":0.0,"Scale":0.0,"shadows_visibility":0,"Body":-162963160,"scars_opacity":0,"eyebrows_tx_id":5,"MouthCRD":0.0,"MouthCRLD":0.0,"blush_palette_color_primary":0,"eyeliner_opacity":0,"LLiphH":0.0,"ShouldersM":0.0,"MouthCLD":0.0,"hair_visibility":0,"moles_visibility":0,"NeckW":0.0,"ULiphH":0.0,"shadows_palette_color_secondary":0,"paintedmasks_palette_color_secondary":0,"disc_tx_id":0,"ageing_tx_id":0,"EyeDis":0.0,"spots_opacity":0,"spots_visibility":0,"EyeAng":0.0,"ChinD":0.0,"EarsH":0.0,"beardstabble_tx_id":1,"ArmsS":0.0,"ShouldersT":0.0,"lipsticks_palette_color_tertiary":0,"blush_visibility":0,"lipsticks_visibility":0,"HipsS":0.0,"Eyes":612262189,"JawW":0.0,"foundation_opacity":0,"hair_color_primary":0,"MouthX":0.0,"EarsW":0.0,"LegsType":174153218,"hair_opacity":0,"Waist":0,"MouthCLLD":0.0,"EyeH":0.0,"complex_visibility":0,"NoseC":0.0,"grime_visibility":0,"ChestS":0.0,"ageing_opacity":0,"beardstabble_visibility":1,"EyeD":0.0,"paintedmasks_palette_color_tertiary":0,"CheekBonesW":0.0,"blush_opacity":0,"blush_palette_id":0,"Beard":2587879296,"paintedmasks_palette_id":0,"FaceD":0.0,"shadows_opacity":0,"beardstabble_opacity":0,"complex_tx_id":0,"eyebrows_color":-1952348042,"JawD":0.0,"NoseS":0.0,"eyeliner_tx_id":0,"EyeLidW":0.0,"lipsticks_opacity":0,"NeckD":0.0,"disc_visibility":0,"EarsA":0.0,"NoseH":0.0,"blush_tx_id":0,"ageing_visibility":0,"foundation_palette_color_primary":0,"MouthY":0.0,"shadows_palette_color_tertiary":0,"complex_opacity":0,"freckles_visibility":0,"CheekBonesH":0.0,"NoseW":0.0,"ChinW":0.0,"foundation_tx_id":0,"FaceS":0.0,"MouthCLH":0.0,"MouthD":0.0,"EyeLidL":0.0,"shadows_tx_id":0,"foundation_palette_id":0,"HeadSize":0.0,"HeadType":-2064391035,"foundation_palette_color_secondary":0,"MouthW":0.0,"MouthCLW":0.0,"LLiphW":0.0,"shadows_palette_id":0,"freckles_opacity":0,"freckles_tx_id":0,"lipsticks_tx_id":0,"grime_opacity":0,"disc_opacity":0,"ShouldersS":0.0,"EyeLidR":0.0,"ULiphW":0.0,"Torso":-162963160,"WaistW":0.0,"EarsD":0.0,"albedo":317354806,"eyeliner_palette_id":0,"lipsticks_palette_color_secondary":0,"MouthCRW":0.0,"EyeLidH":0.0,"eyeliner_visibility":0,"shadows_palette_color_primary":0,"acne_tx_id":0,"BodyType":-162963160,"CheekBonesD":0.0,"eyebrows_visibility":1,"EyeBrowH":0.0,"grime_tx_id":0}', '{"Bow":-1,"Mask":-1,"Shirt":-1665588256,"NeckWear":-1,"Vest":-1,"Poncho":-1,"Chap":-1,"Armor":-1,"Dress":-1,"Satchels":-1,"Teeth":712446626,"Badge":-1,"Cloak":-1,"EyeWear":-1,"Suspender":-1,"RingRh":-1,"Boots":-218859683,"Belt":-1,"Loadouts":-1,"Glove":-1,"CoatClosed":-1,"Skirt":-1,"Spurs":-1,"Coat":-1,"Accessories":-1,"RingLh":-1,"Gauntlets":-1,"Spats":-1,"Holster":-1,"Hat":-1,"Gunbelt":795591403,"NeckTies":-1,"GunbeltAccs":-1,"Bracelet":-1,"Buckle":-1,"Pant":1939930032}', '{"Pant":{"1939930032":{"tint0":0,"tint2":0,"tint1":0,"palette":0}},"Boots":{"-218859683":{"tint0":0,"tint2":0,"tint1":0,"palette":0}},"Shirt":{"-1665588256":{"tint0":0,"tint2":0,"tint1":0,"palette":0}}}', 4, '{"z":117.6571044921875,"y":796.5626220703125,"x":-315.79779052734377,"heading":201.2598419189453}', '{"Metabolism":-3598,"Thirst":336,"Hunger":660}', 0, '{"Crafting":{"Level":1,"MaxLevel":5,"NextLevel":100,"Label":"Beginner","Exp":0},"Hunting":{"Level":1,"MaxLevel":5,"NextLevel":100,"Label":"Beginner","Exp":0},"Fishing":{"Level":1,"MaxLevel":5,"NextLevel":100,"Label":"Beginner","Exp":0},"Mining":{"Level":1,"MaxLevel":5,"NextLevel":100,"Label":"Beginner","Exp":0}}', 'noanim', 0.00, '{"AMMO_REVOLVER":16,"AMMO_REVOLVER_SPLIT_POINT":74}', '426836101420941332', '[]');

-- Dumping data for table vorpcore_0cfb9f.companions: ~1 rows (approximately)
INSERT INTO `companions` (`identifier`, `charidentifier`, `dog`, `skin`, `xp`) VALUES
	('steam:110000100aba649', 7, 'A_C_DogAmericanFoxhound_01', 2, 0);

-- Dumping data for table vorpcore_0cfb9f.contacts: ~0 rows (approximately)

-- Dumping data for table vorpcore_0cfb9f.custom_job_salaries: ~5 rows (approximately)
INSERT INTO `custom_job_salaries` (`id`, `job`, `grade`, `salary`) VALUES
	(1, 'gunsmith', 0, 8),
	(2, 'gunsmith', 1, 8),
	(4, 'blacksmith', 0, 8),
	(5, 'cook', 0, 8),
	(6, 'doctor', 0, 8);

-- Dumping data for table vorpcore_0cfb9f.gs_doorlocks: ~0 rows (approximately)

-- Dumping data for table vorpcore_0cfb9f.herbalists: ~0 rows (approximately)

-- Dumping data for table vorpcore_0cfb9f.horse_complements: ~11 rows (approximately)
INSERT INTO `horse_complements` (`identifier`, `charidentifier`, `complements`) VALUES
	('1', 1, '[]'),
	('2', 2, '[]'),
	('3', 3, '[]'),
	('4', 4, '[]'),
	('5', 5, '[691935155,387267141,1943099316]'),
	('6', 6, '[]'),
	('7', 7, '[1486158628,2089424026,3218117906,3012940229]'),
	('8', 8, '[2105105778,491707272]'),
	('9', 9, '[]'),
	('10', 10, '[]'),
	('11', 11, '[]'),
	('12', 12, '[]');

-- Dumping data for table vorpcore_0cfb9f.housing: ~0 rows (approximately)

-- Dumping data for table vorpcore_0cfb9f.item_group: ~11 rows (approximately)
INSERT INTO `item_group` (`id`, `description`) VALUES
	(1, 'default'),
	(2, 'medical'),
	(3, 'foods'),
	(4, 'tools'),
	(5, 'weapons'),
	(6, 'ammo'),
	(7, 'documents'),
	(8, 'animals'),
	(9, 'valuables'),
	(10, 'horse'),
	(11, 'herbs');



-- Dumping data for table vorpcore_0cfb9f.items_crafted: ~88 rows (approximately)
INSERT INTO `items_crafted` (`id`, `character_id`, `item_id`, `item_name`, `updated_at`, `metadata`) VALUES
	(1, 1, 209, 'consumable_raspberrywater', '2025-11-06 20:14:32', '[]'),
	(2, 1, 39, 'ammorevolvernormal', '2025-11-06 20:14:32', '[]'),
	(4, 2, 39, 'ammorevolvernormal', '2025-11-06 21:17:09', '[]'),
	(14, 2, 190, 'consumable_bluegil', '2025-11-08 03:47:58', '[]'),
	(15, 2, 209, 'consumable_raspberrywater', '2025-11-08 03:48:32', '[]'),
	(16, 2, 332, 'handcuffs', '2025-11-08 04:21:30', '[]'),
	(17, 2, 959, 'handcuffkey', '2025-11-08 04:21:56', '[]'),
	(25, 4, 12, 'ammoarrownormal', '2025-11-18 20:51:51', '[]'),
	(32, 3, 998, 'stamp', '2025-11-19 21:24:36', '[]'),
	(33, 4, 998, 'stamp', '2025-11-19 21:26:19', '[]'),
	(34, 4, 125, 'blueberry', '2025-11-19 21:29:00', '[]'),
	(49, 5, 998, 'stamp', '2025-11-20 10:58:49', '[]'),
	(53, 5, 44, 'ammoriflenormal', '2025-11-20 11:31:09', '[]'),
	(60, 5, 691, 'water', '2025-11-20 12:15:54', '[]'),
	(61, 5, 50, 'ammoshotgunslug', '2025-11-20 12:17:26', '[]'),
	(75, 5, 191, 'consumable_breakfast', '2025-11-20 14:06:11', '[]'),
	(77, 5, 209, 'consumable_raspberrywater', '2025-11-20 14:06:41', '[]'),
	(78, 5, 999, 'pidgeon', '2025-11-20 14:19:02', '{"brevdue_granted_at":1763636327,"brevdue_expires_at":1766228327}'),
	(89, 3, 999, 'pidgeon', '2025-11-20 16:37:31', '{"brevdue_granted_at":1763656651,"brevdue_expires_at":1766248651}'),
	(94, 3, 691, 'water', '2025-11-21 19:37:31', '[]'),
	(98, 6, 238, 'Crows_Garlic', '2025-11-21 21:05:06', '[]'),
	(99, 6, 40, 'ammorevolversplitpoint', '2025-11-21 21:13:37', '[]'),
	(100, 3, 271, 'empty_bottle', '2025-11-21 21:31:20', '[]'),
	(102, 6, 999, 'pidgeon', '2025-11-21 22:01:50', '{"brevdue_granted_at":1763762510}'),
	(103, 6, 961, 'hk_1', '2025-11-21 22:08:58', '[]'),
	(105, 6, 998, 'stamp', '2025-11-21 22:42:09', '[]'),
	(106, 6, 565, 'Red_Sage', '2025-11-21 22:42:56', '[]'),
	(107, 6, 499, 'Oregano', '2025-11-21 22:43:16', '[]'),
	(111, 7, 999, 'pidgeon', '2025-11-22 17:55:45', '{"brevdue_granted_at":1763834145}'),
	(112, 7, 998, 'stamp', '2025-11-22 17:55:58', '[]'),
	(116, 3, 1001, 'td_notebook_book', '2025-11-22 20:52:31', '{"pages":"[\\"\\"]"}'),
	(117, 6, 1001, 'td_notebook_book', '2025-11-22 21:05:53', '{"pages":"[\\"fdfhdfgbdfvgdstertwefsdcvszdfv\\\\n\\\\n\\\\n\\\\nwefsfsdf\\\\nefsaefsef\\\\n\\\\n\\\\n\\"]"}'),
	(121, 3, 1002, 'td_document', '2025-11-22 22:16:58', '{"pages":"[\\"<span style=\\\\\\"color: rgb(141, 17, 17);\\\\\\"><span style=\\\\\\"color: rgb(172, 21, 21);\\\\\\"><span style=\\\\\\"color: rgb(177, 22, 22);\\\\\\"><span style=\\\\\\"color: rgb(193, 21, 21);\\\\\\"><span style=\\\\\\"color: rgb(194, 20, 20);\\\\\\"><span style=\\\\\\"color: rgb(200, 20, 20);\\\\\\"><span style=\\\\\\"color: rgb(206, 18, 18);\\\\\\"><span style=\\\\\\"color: rgb(213, 16, 16);\\\\\\"><span style=\\\\\\"color: rgb(216, 14, 14);\\\\\\"><span style=\\\\\\"color: rgb(222, 13, 13);\\\\\\"><span style=\\\\\\"color: rgb(231, 4, 4);\\\\\\">dette er en test</span></span></span></span></span></span></span></span></span></span></span>\\"]"}'),
	(122, 3, 45, 'ammoriflesplitpoint', '2025-11-22 22:32:43', '[]'),
	(126, 8, 1001, 'td_notebook_book', '2025-11-22 22:59:10', '{"pages":"[\\"<div style=\\\\\\"text-align: left;\\\\\\"><span style=\\\\\\"background-color: transparent; font-weight: bold;\\\\\\">dette er en <span style=\\\\\\"color: rgb(164, 65, 65);\\\\\\"><span style=\\\\\\"color: rgb(167, 68, 68);\\\\\\"><span style=\\\\\\"color: rgb(180, 65, 65);\\\\\\"><span style=\\\\\\"color: rgb(189, 61, 61);\\\\\\"><span style=\\\\\\"color: rgb(228, 33, 33);\\\\\\"><span style=\\\\\\"color: rgb(255, 0, 0);\\\\\\"><span style=\\\\\\"color: rgb(247, 2, 2);\\\\\\"><span style=\\\\\\"color: rgb(242, 13, 13);\\\\\\"><span style=\\\\\\"color: rgb(228, 17, 17);\\\\\\"><span style=\\\\\\"color: rgb(222, 23, 23);\\\\\\"><span style=\\\\\\"color: rgb(215, 25, 25);\\\\\\"><span style=\\\\\\"color: rgb(213, 26, 26);\\\\\\"><span style=\\\\\\"color: rgb(218, 27, 27);\\\\\\"><span style=\\\\\\"color: rgb(222, 27, 27);\\\\\\"><span style=\\\\\\"color: rgb(224, 26, 26);\\\\\\"><span style=\\\\\\"color: rgb(226, 24, 24);\\\\\\"><span style=\\\\\\"color: rgb(236, 19, 19);\\\\\\"><span style=\\\\\\"color: rgb(243, 18, 18);\\\\\\"><span style=\\\\\\"color: rgb(248, 13, 13);\\\\\\"><span style=\\\\\\"color: rgb(249, 11, 11);\\\\\\"><span style=\\\\\\"color: rgb(251, 4, 4);\\\\\\"><span style=\\\\\\"color: rgb(255, 0, 0);\\\\\\">test</span></span></span></span></span></sp\\"]"}'),
	(133, 7, 1001, 'td_notebook_book', '2025-11-23 19:06:07', '{"pages":"[\\"\\",\\"\\",\\"\\",\\"\\",\\"\\",\\"\\",\\"\\",\\"\\",\\"\\",\\"\\",\\"\\",\\"\\",\\"\\",\\"\\",\\"\\",\\"\\",\\"\\"]"}'),
	(135, 6, 1002, 'td_document', '2025-11-24 02:21:16', '{"pages":"[\\"fdfhdfgbdfvgdstertwefsdcvszdfv\\\\n\\\\n\\\\n\\\\nwefsfsdf\\\\nefsaefsef\\\\n\\\\n\\\\n<div><br></div><div><br></div><div><br></div><div style=\\\\\\"text-align: center;\\\\\\">tfrgdfghdgdg</div>\\"]"}'),
	(138, 8, 44, 'ammoriflenormal', '2025-11-25 12:50:50', '[]'),
	(156, 8, 10007, 'bcc_empty_bottle', '2025-11-26 13:16:38', '[]'),
	(157, 8, 998, 'stamp', '2025-11-26 13:42:03', '[]'),
	(158, 8, 999, 'pidgeon', '2025-11-26 13:43:01', '[]'),
	(159, 8, 1002, 'td_document', '2025-11-26 13:45:27', '{"pages":"[\\"<div style=\\\\\\"text-align: left;\\\\\\"><span style=\\\\\\"background-color: transparent; font-weight: bold;\\\\\\">dette er en <span style=\\\\\\"color: rgb(164, 65, 65);\\\\\\"><span style=\\\\\\"color: rgb(167, 68, 68);\\\\\\"><span style=\\\\\\"color: rgb(180, 65, 65);\\\\\\"><span style=\\\\\\"color: rgb(189, 61, 61);\\\\\\"><span style=\\\\\\"color: rgb(228, 33, 33);\\\\\\"><span style=\\\\\\"color: rgb(255, 0, 0);\\\\\\"><span style=\\\\\\"color: rgb(247, 2, 2);\\\\\\"><span style=\\\\\\"color: rgb(242, 13, 13);\\\\\\"><span style=\\\\\\"color: rgb(228, 17, 17);\\\\\\"><span style=\\\\\\"color: rgb(222, 23, 23);\\\\\\"><span style=\\\\\\"color: rgb(215, 25, 25);\\\\\\"><span style=\\\\\\"color: rgb(213, 26, 26);\\\\\\"><span style=\\\\\\"color: rgb(218, 27, 27);\\\\\\"><span style=\\\\\\"color: rgb(222, 27, 27);\\\\\\"><span style=\\\\\\"color: rgb(224, 26, 26);\\\\\\"><span style=\\\\\\"color: rgb(226, 24, 24);\\\\\\"><span style=\\\\\\"color: rgb(236, 19, 19);\\\\\\"><span style=\\\\\\"color: rgb(243, 18, 18);\\\\\\"><span style=\\\\\\"color: rgb(248, 13, 13);\\\\\\"><span style=\\\\\\"color: rgb(249, 11, 11);\\\\\\"><span style=\\\\\\"color: rgb(251, 4, 4);\\\\\\"><span style=\\\\\\"color: rgb(255, 0, 0);\\\\\\">test</span></span></span></span></span></sp\\"]"}'),
	(161, 9, 209, 'consumable_raspberrywater', '2025-11-26 22:37:19', '[]'),
	(175, 7, 525, 'pipe', '2025-11-27 13:30:08', '[]'),
	(179, 7, 527, 'pocket_watch', '2025-11-27 13:57:55', '[]'),
	(183, 7, 356, 'Indian_Tobbaco', '2025-11-27 14:00:41', '[]'),
	(184, 7, 171, 'cigar', '2025-11-27 14:01:44', '[]'),
	(187, 9, 11328, 'lead_ore', '2025-11-27 14:15:55', '[]'),
	(188, 9, 11370, 'smith_hammer', '2025-11-27 14:17:11', '[]'),
	(206, 7, 10003, 'canteen', '2025-12-01 11:20:45', '[]'),
	(209, 7, 771, 'consumable_donut', '2025-12-01 11:44:13', '[]'),
	(210, 7, 698, 'whisky', '2025-12-01 11:44:57', '[]'),
	(211, 7, 209, 'consumable_raspberrywater', '2025-12-01 11:44:57', '[]'),
	(212, 9, 21, 'ammobolla', '2025-12-01 11:45:18', '[]'),
	(215, 9, 1001, 'td_notebook_book', '2025-12-01 13:03:52', '{"pages":"[\\"\\",\\"\\",\\"\\",\\"\\",\\"\\",\\"\\",\\"\\",\\"\\",\\"\\",\\"\\",\\"\\",\\"\\"]"}'),
	(218, 9, 11327, 'brass', '2025-12-01 17:58:26', '[]'),
	(227, 9, 998, 'stamp', '2025-12-02 07:36:09', '[]'),
	(228, 9, 1065, 'pigeon', '2025-12-02 07:36:27', '{"brevdue_granted_at":1764660987}'),
	(231, 9, 11326, 'gunpowder', '2025-12-02 09:08:28', '[]'),
	(233, 9, 1002, 'td_document', '2025-12-02 09:48:32', '{"pages":"[\\"<div style=\\\\\\"text-align: center;\\\\\\"><span style=\\\\\\"background-color: transparent;\\\\\\"><span style=\\\\\\"color: rgb(223, 98, 98);\\\\\\"><span style=\\\\\\"color: rgb(252, 59, 59);\\\\\\"><span style=\\\\\\"color: rgb(251, 19, 19);\\\\\\"><span style=\\\\\\"color: rgb(253, 13, 13);\\\\\\"><span style=\\\\\\"color: rgb(225, 25, 25);\\\\\\"><span style=\\\\\\"color: rgb(235, 15, 15);\\\\\\"><span style=\\\\\\"color: rgb(240, 0, 0);\\\\\\"><span style=\\\\\\"color: rgb(239, 1, 1);\\\\\\"><span style=\\\\\\"color: rgb(237, 2, 2);\\\\\\"><span style=\\\\\\"color: rgb(234, 6, 6);\\\\\\"><span style=\\\\\\"color: rgb(237, 7, 7);\\\\\\"><span style=\\\\\\"color: rgb(244, 6, 6);\\\\\\"><span style=\\\\\\"color: rgb(245, 5, 5);\\\\\\"><span style=\\\\\\"color: rgb(247, 2, 2);\\\\\\"><span style=\\\\\\"color: rgb(250, 0, 0);\\\\\\"><span style=\\\\\\"color: rgb(255, 0, 0); font-weight: bold;\\\\\\">test</span></span></span></span></span></span></span></span></span></span></span></span></span></span></span></span></span></div>\\"]"}'),
	(239, 9, 52, 'ammovarmint', '2025-12-02 18:35:48', '[]'),
	(240, 10, 209, 'consumable_raspberrywater', '2025-12-02 20:09:38', '[]'),
	(241, 10, 39, 'ammorevolvernormal', '2025-12-02 20:09:38', '[]'),
	(242, 11, 39, 'ammorevolvernormal', '2025-12-02 20:39:57', '[]'),
	(243, 11, 209, 'consumable_raspberrywater', '2025-12-02 20:39:57', '[]'),
	(244, 11, 52, 'ammovarmint', '2025-12-02 20:45:17', '[]'),
	(245, 12, 209, 'consumable_raspberrywater', '2025-12-02 22:31:26', '[]'),
	(250, 7, 21, 'ammobolla', '2025-12-03 08:46:56', '[]'),
	(269, 7, 22, 'ammodynamite', '2025-12-03 11:25:21', '[]'),
	(272, 12, 11327, 'brass', '2025-12-03 12:05:08', '[]'),
	(274, 12, 11370, 'smith_hammer', '2025-12-03 12:05:58', '[]'),
	(276, 12, 11326, 'gunpowder', '2025-12-03 12:16:54', '[]'),
	(278, 12, 1001, 'td_notebook_book', '2025-12-04 18:27:59', '{"pages":"[{\\"content\\":\\"data:image/png;base64,[encoded data, 23516 characters]\\",\\"type\\":\\"drawing\\"},{\\"content\\":\\"\\",\\"type\\":\\"text\\"},{\\"content\\":\\"\\",\\"type\\":\\"text\\"},{\\"content\\":\\"\\",\\"type\\":\\"text\\"},{\\"content\\":\\"\\",\\"type\\":\\"text\\"},{\\"content\\":\\"\\",\\"type\\":\\"text\\"},{\\"content\\":\\"\\",\\"type\\":\\"text\\"},{\\"content\\":\\"\\",\\"type\\":\\"text\\"},{\\"content\\":\\"\\",\\"type\\":\\"text\\"},{\\"content\\":\\"\\",\\"type\\":\\"text\\"},{\\"content\\":\\"\\",\\"type\\":\\"text\\"},{\\"content\\":\\"\\",\\"type\\":\\"text\\"},{\\"content\\":\\"\\",\\"type\\":\\"text\\"},{\\"content\\":\\"\\",\\"type\\":\\"text\\"},{\\"content\\":\\"\\",\\"type\\":\\"text\\"},{\\"content\\":\\"\\",\\"type\\":\\"text\\"},{\\"content\\":\\"\\",\\"type\\":\\"text\\"},{\\"content\\":\\"\\",\\"type\\":\\"text\\"},{\\"content\\":\\"\\",\\"type\\":\\"text\\"},{\\"content\\":\\"\\",\\"type\\":\\"text\\"},{\\"content\\":\\"\\",\\"type\\":\\"text\\"},{\\"content\\":\\"\\",\\"type\\":\\"text\\"}]"}'),
	(284, 7, 111, 'bird', '2025-12-05 15:06:37', '[]'),
	(285, 7, 674, 'turkeyf', '2025-12-05 15:06:37', '[]'),
	(286, 7, 673, 'turkeyb', '2025-12-05 15:06:37', '[]'),
	(287, 7, 1002, 'td_document', '2025-12-07 13:58:38', '{"pages":"[\\"<div style=\\\\\\"text-align: center;\\\\\\"><span style=\\\\\\"color: rgb(177, 165, 165); background-color: transparent;\\\\\\">dgsdgsgsd</span></div>\\"]"}'),
	(289, 12, 11391, 'pocket_watch_silver', '2025-12-12 08:59:56', '[]'),
	(296, 12, 1065, 'pigeon', '2025-12-12 17:23:40', '{"brevdue_granted_at":1765560220}'),
	(298, 12, 88, 'bandage', '2025-12-12 17:38:34', '[]'),
	(299, 12, 11328, 'lead_ore', '2025-12-12 19:55:36', '[]'),
	(307, 12, 11399, 'td_drawing', '2025-12-13 00:22:49', '{"imageData":"data:image/png;base64,[encoded data, 28600 characters]"}'),
	(323, 12, 35, 'ammorepeatersplitpoint', '2025-12-16 10:30:19', '[]'),
	(325, 12, 998, 'stamp', '2025-12-16 10:38:15', '[]'),
	(327, 12, 499, 'Oregano', '2025-12-20 19:59:17', '[]'),
	(332, 7, 523, 'pigeon', '2026-01-13 20:17:32', '{"brevdue_granted_at":1768329067}'),
	(334, 7, 88, 'bandage', '2026-01-13 20:47:26', '[]'),
	(337, 12, 523, 'pigeon', '2026-01-15 08:43:57', '{"brevdue_granted_at":1768466637}');

-- Dumping data for table vorpcore_0cfb9f.loadout: ~46 rows (approximately)
INSERT INTO `loadout` (`id`, `identifier`, `charidentifier`, `name`, `ammo`, `components`, `dirtlevel`, `mudlevel`, `conditionlevel`, `rustlevel`, `used`, `used2`, `dropped`, `comps`, `label`, `curr_inv`, `serial_number`, `custom_label`, `custom_desc`) VALUES
	(1, 'steam:11000010c3d728e', 1, 'WEAPON_MELEE_KNIFE', '[]', '[]', 0, 0, 0, 0, 0, 0, 0, '[]', 'Knife', 'default', '', 'Knife', NULL),
	(2, 'steam:11000010c3d728e', 2, 'WEAPON_MELEE_KNIFE', '[]', '[]', 0, 0, 0, 0, 1, 0, 0, '[]', 'Knife', 'default', '', 'Knife', NULL),
	(4, 'steam:110000101efe2ae', 4, 'WEAPON_MELEE_KNIFE', '[]', '[]', 0, 0, 0, 0, 1, 0, 0, '[]', 'Knife', 'default', '', 'Knife', NULL),
	(5, 'steam:110000101efe2ae', 4, 'WEAPON_REVOLVER_SCHOFIELD', '[]', '[]', 0, 0, 0, 0, 1, 0, 0, '[]', 'Revolver Schofield', 'default', '1763498742-3705', 'Revolver Schofield', NULL),
	(6, 'steam:110000101efe2ae', 4, 'WEAPON_LASSO_REINFORCED', '[]', '[]', 0, 0, 0, 0, 0, 0, 0, '[]', 'Reinforced Lasso', 'default', '', 'Reinforced Lasso', NULL),
	(7, 'steam:110000101efe2ae', 4, 'WEAPON_BOW', '[]', '[]', 0, 0, 0, 0, 1, 0, 0, '[]', 'Bow', 'default', '', 'Bow', NULL),
	(11, 'steam:110000100aba649', 5, 'WEAPON_REVOLVER_CATTLEMAN', '[]', '[]', 0, 0, 0, 0, 1, 0, 0, '[]', 'Revolver Cattleman', 'default', '1763637017-7575', 'Revolver Cattleman', NULL),
	(12, 'steam:110000100aba649', 5, 'WEAPON_REVOLVER_CATTLEMAN', '[]', '[]', 0, 0, 0, 0, 1, 1, 0, '[]', 'Revolver Cattleman', 'default', '1763637017-7236', 'Revolver Cattleman', NULL),
	(13, 'steam:110000100aba649', 5, 'WEAPON_SNIPERRIFLE_ROLLINGBLOCK', '[]', '[]', 0, 0, 0, 0, 1, 0, 0, '[]', 'Rolling Block Rifle', 'default', '1763638350-2863', 'Rolling Block Rifle', NULL),
	(16, 'steam:110000100aba649', 5, 'WEAPON_LASSO', '[]', '[]', 0, 0, 0, 0, 1, 0, 0, '[]', 'Lasso', 'default', '', 'Lasso', NULL),
	(17, 'steam:110000100aba649', 5, 'WEAPON_SHOTGUN_DOUBLEBARREL', '[]', '[]', 0, 0, 0, 0, 1, 0, 0, '[]', 'Double Barrel Shotgun', 'default', '1763641022-6352', 'Double Barrel Shotgun', NULL),
	(18, 'steam:110000100aba649', 5, 'WEAPON_MELEE_KNIFE', '[]', '[]', 0, 0, 0, 0, 1, 0, 0, '[]', 'Knife', 'default', '', 'Knife', NULL),
	(20, 'steam:110000100aba649', 5, 'WEAPON_RIFLE_ELEPHANT', '{"nothing":0}', '["nothing"]', 0, 0, 0, 0, 0, 0, 0, '[]', 'Elephant Rifle', 'default', '1763636971-7169', 'Elephant Rifle', NULL),
	(21, 'steam:1100001019ec551', 3, 'WEAPON_SHOTGUN_REPEATING', '[]', '[]', 0, 0, 0, 0, 0, 0, 0, '[]', 'Repeating Shotgun', 'default', '1763645556-6221', 'Repeating Shotgun', NULL),
	(23, 'steam:1100001019ec551', 3, 'WEAPON_LASSO', '[]', '[]', 0, 0, 0, 0, 1, 0, 0, '[]', 'Lasso', 'default', '', 'Lasso', NULL),
	(24, 'steam:110000101efe2ae', 6, 'WEAPON_MELEE_KNIFE', '[]', '[]', 0, 0, 0, 0, 1, 0, 0, '[]', 'Knife', 'default', '', 'Knife', NULL),
	(25, 'steam:110000101efe2ae', 6, 'WEAPON_REVOLVER_SCHOFIELD', '[]', '[]', 0, 0, 0, 0, 1, 0, 0, '[]', 'Revolver Schofield', 'default', '1763759566-5015', 'Revolver Schofield', NULL),
	(26, 'steam:110000101efe2ae', 6, 'WEAPON_REVOLVER_SCHOFIELD', '[]', '[]', 0, 0, 0, 0, 1, 1, 0, '[]', 'Revolver Schofield', 'default', '1763759566-5223', 'Revolver Schofield', NULL),
	(27, 'steam:110000101efe2ae', 6, 'WEAPON_LASSO_REINFORCED', '[]', '[]', 0, 0, 0, 0, 1, 0, 0, '[]', 'Reinforced Lasso', 'default', '', 'Reinforced Lasso', NULL),
	(28, 'steam:110000100aba649', 7, 'WEAPON_MELEE_KNIFE', '[]', '[]', 0, 0, 0, 0, 1, 0, 0, '[]', 'Knife', 'default', '', 'Knife', NULL),
	(31, 'steam:110000100aba649', 7, 'WEAPON_THROWN_BOLAS', '[]', '[]', 0, 0, 0, 0, 1, 0, 0, '[]', 'Bolas', 'default', '1763834276-1443', 'Bolas', NULL),
	(32, 'steam:110000100aba649', 7, 'WEAPON_SNIPERRIFLE_CARCANO', '[]', '[]', 0, 0, 0, 0, 1, 0, 0, '[]', 'Carcano Rifle', 'default', '1763834277-8587', 'Carcano Rifle', NULL),
	(33, 'steam:1100001019ec551', 3, 'WEAPON_MELEE_MACHETE', '[]', '[]', 0, 0, 0, 0, 0, 0, 0, '[]', 'Machete', 'default', '', 'Machete', NULL),
	(34, 'steam:1100001019ec551', 3, 'WEAPON_THROWN_POISONBOTTLE', '[]', '[]', 0, 0, 0, 0, 1, 0, 0, '[]', 'Poison Bottle', 'default', '1763850826-4217', 'Poison Bottle', NULL),
	(35, 'steam:1100001019ec551', 3, 'WEAPON_SNIPERRIFLE_ROLLINGBLOCK', '[]', '[]', 0, 0, 0, 0, 1, 0, 0, '[]', 'Rolling Block Rifle', 'default', '1763850827-1806', 'Rolling Block Rifle', NULL),
	(36, 'steam:1100001019ec551', 8, 'WEAPON_MELEE_KNIFE', '[]', '[]', 0, 0, 0, 0, 1, 0, 0, '[]', 'Knife', 'default', '', 'Knife', NULL),
	(38, 'steam:1100001019ec551', 8, 'WEAPON_LASSO', '[]', '[]', 0, 0, 0, 0, 1, 0, 0, '[]', 'Lasso', 'default', '', 'Lasso', NULL),
	(39, 'steam:1100001019ec551', 8, 'WEAPON_RIFLE_BOLTACTION', '[]', '[]', 0, 0, 0, 0, 1, 0, 0, '[]', 'BoltAction Rifle', 'default', '1763917638-4655', 'BoltAction Rifle', NULL),
	(40, 'steam:1100001019ec551', 9, 'WEAPON_MELEE_KNIFE', '[]', '[]', 0, 0, 0, 0, 1, 0, 0, '[]', 'Knife', 'default', '', 'Knife', NULL),
	(42, 'steam:1100001019ec551', 9, 'WEAPON_RIFLE_VARMINT', '[]', '[]', 0, 0, 0, 0, 1, 0, 0, '[]', 'Varmint Rifle', 'default', '1764230481-6545', 'Varmint Rifle', NULL),
	(43, 'steam:1100001019ec551', 9, 'WEAPON_LASSO', '[]', '[]', 0, 0, 0, 0, 1, 0, 0, '[]', 'Lasso', 'default', '', 'Lasso', NULL),
	(44, 'steam:1100001019ec551', 9, 'WEAPON_LASSO_REINFORCED', '[]', '[]', 0, 0, 0, 0, 1, 0, 0, '[]', 'Reinforced Lasso', 'default', '', 'Reinforced Lasso', NULL),
	(46, 'steam:1100001019ec551', 9, 'WEAPON_THROWN_BOLAS', '[]', '[]', 0, 0, 0, 0, 0, 0, 0, '[]', 'Bolas', 'default', '1764588445-9579', 'Bolas', NULL),
	(47, 'steam:110000100aba649', 7, 'WEAPON_LASSO', '[]', '[]', 0, 0, 0, 0, 1, 0, 0, '[]', 'Lasso', 'default', '', 'Lasso', NULL),
	(48, 'steam:1100001019ec551', 10, 'WEAPON_MELEE_KNIFE', '[]', '[]', 0, 0, 0, 0, 0, 0, 0, '[]', 'Knife', 'default', '', 'Knife', NULL),
	(49, 'steam:1100001019ec551', 11, 'WEAPON_MELEE_KNIFE', '[]', '[]', 0, 0, 0, 0, 0, 0, 0, '[]', 'Knife', 'default', '', 'Knife', NULL),
	(50, 'steam:1100001019ec551', 11, 'WEAPON_RIFLE_VARMINT', '[]', '[]', 0, 0, 0, 0, 1, 0, 0, '[]', 'Varmint Rifle', 'default', '1764708281-3707', 'Varmint Rifle', NULL),
	(51, 'steam:1100001019ec551', 11, 'WEAPON_LASSO', '[]', '[]', 0, 0, 0, 0, 1, 0, 0, '[]', 'Lasso', 'default', '', 'Lasso', NULL),
	(52, 'steam:1100001019ec551', 12, 'WEAPON_MELEE_KNIFE', '[]', '[]', 0, 0, 0, 0, 1, 0, 0, '[]', 'Knife', 'default', '', 'Knife', NULL),
	(54, 'steam:1100001019ec551', 12, 'WEAPON_RIFLE_VARMINT', '[]', '[]', 0, 0, 0, 0, 1, 0, 0, '[]', 'Varmint Rifle', 'default', '1764750799-2704', 'Varmint Rifle', NULL),
	(55, 'steam:1100001019ec551', 12, 'WEAPON_LASSO_REINFORCED', '[]', '[]', 0, 0, 0, 0, 1, 0, 0, '[]', 'Reinforced Lasso', 'default', '', 'Reinforced Lasso', NULL),
	(57, 'steam:110000100aba649', 7, 'WEAPON_THROWN_DYNAMITE', '[]', '[]', 0, 0, 0, 0, 1, 0, 0, '[]', 'Dynamite', 'default', '1764757554-8517', 'Dynamite', NULL),
	(58, 'steam:110000100aba649', 7, 'WEAPON_BOW_IMPROVED', '[]', '[]', 0, 0, 0, 0, 1, 0, 0, '[]', 'Improved Bow', 'default', '', 'Improved Bow', NULL),
	(59, 'steam:1100001019ec551', 12, 'WEAPON_THROWN_DYNAMITE', '[]', '[]', 0, 0, 0, 0, 1, 0, 0, '[]', 'Dynamite', 'default', '1764758503-1540', 'Dynamite', NULL);

-- Dumping data for table vorpcore_0cfb9f.mailbox_mails: ~0 rows (approximately)

-- Dumping data for table vorpcore_0cfb9f.mailboxes: ~0 rows (approximately)

-- Dumping data for table vorpcore_0cfb9f.mdt_arrests: ~0 rows (approximately)

-- Dumping data for table vorpcore_0cfb9f.mdt_injuries: ~0 rows (approximately)

-- Dumping data for table vorpcore_0cfb9f.mdt_logs: ~0 rows (approximately)
INSERT INTO `mdt_logs` (`id`, `identifier`, `name`, `steam`, `action`, `details`, `time`) VALUES
	(1, 'steam:1100001019ec551', 'Frida Fredrikson', 'steam:1100001019ec551', 'search_person', '', '2025-11-23 00:03:51');

-- Dumping data for table vorpcore_0cfb9f.mdt_medical_notes: ~0 rows (approximately)

-- Dumping data for table vorpcore_0cfb9f.mdt_person_notes: ~0 rows (approximately)

-- Dumping data for table vorpcore_0cfb9f.mdt_warrants: ~0 rows (approximately)

-- Dumping data for table vorpcore_0cfb9f.mms_backpack: ~0 rows (approximately)

-- Dumping data for table vorpcore_0cfb9f.outfits: ~0 rows (approximately)

-- Dumping data for table vorpcore_0cfb9f.resource_migrations: ~0 rows (approximately)
INSERT INTO `resource_migrations` (`resource`, `version`) VALUES
	('bcc-water', 1);

-- Dumping data for table vorpcore_0cfb9f.stables: ~6 rows (approximately)
INSERT INTO `stables` (`id`, `identifier`, `charidentifier`, `name`, `modelname`, `type`, `status`, `xp`, `injured`, `gear`, `isDefault`, `inventory`) VALUES
	(1, 'steam:', 5, 'bølla', 'A_C_HorseMule_01', 'horse', NULL, 0, 4, '{"Saddles":387267141,"Saddlebags":691935155,"Bedrolls":1943099316}', 1, NULL),
	(2, 'steam:', 8, 'Luna', 'A_C_Horse_AmericanStandardbred_Black', 'horse', NULL, 0, 0, '{"Saddles":2105105778,"Saddlebags":491707272}', 1, NULL),
	(3, 'steam:', 7, 'gogo', 'coach2', 'cart', NULL, 0, 0, NULL, 1, NULL),
	(4, 'steam:', 7, 'pikk', 'A_C_Horse_Shire_DarkBay', 'horse', NULL, 0, 0, '{"Blankets":1486158628,"Saddles":3218117906,"Bedrolls":2089424026,"Masks":3012940229}', 1, NULL),
	(5, 'steam:', 7, 'pakk', 'A_C_Horse_Shire_DarkBay', 'horse', NULL, 0, 0, NULL, 0, NULL),
	(6, 'steam:', 7, 'fitte', 'A_C_Horse_Shire_DarkBay', 'horse', NULL, 0, 0, NULL, 0, NULL);

-- Dumping data for table vorpcore_0cfb9f.wagons: ~0 rows (approximately)

-- Dumping data for table vorpcore_0cfb9f.whitelist: ~0 rows (approximately)

